-- Table structure for table `goshipping_tblestimate_request_forms`
--

CREATE TABLE `goshipping_tblestimate_request_forms` (
  `id` int unsigned NOT NULL AUTO_INCREMENT,
  `form_key` varchar(32) CHARACTER SET utf8mb4 COLLATE utf8mb4_unicode_ci NOT NULL,
  `type` varchar(100) CHARACTER SET utf8mb4 COLLATE utf8mb4_unicode_ci NOT NULL,
  `name` varchar(191) CHARACTER SET utf8mb4 COLLATE utf8mb4_unicode_ci NOT NULL,
  `form_data` longtext CHARACTER SET utf8mb4 COLLATE utf8mb4_unicode_ci,
  `recaptcha` int DEFAULT NULL,
  `status` int NOT NULL,
  `submit_btn_name` varchar(100) CHARACTER SET utf8mb4 COLLATE utf8mb4_unicode_ci DEFAULT NULL,
  `submit_btn_bg_color` varchar(10) CHARACTER SET utf8mb4 COLLATE utf8mb4_unicode_ci DEFAULT '#84c529',
  `submit_btn_text_color` varchar(10) CHARACTER SET utf8mb4 COLLATE utf8mb4_unicode_ci DEFAULT '#ffffff',
  `success_submit_msg` mediumtext CHARACTER SET utf8mb4 COLLATE utf8mb4_unicode_ci,
  `submit_action` int DEFAULT '0',
  `submit_redirect_url` longtext CHARACTER SET utf8mb4 COLLATE utf8mb4_unicode_ci,
  `language` varchar(100) CHARACTER SET utf8mb4 COLLATE utf8mb4_unicode_ci DEFAULT NULL,
  `dateadded` datetime DEFAULT NULL,
  `notify_type` varchar(100) CHARACTER SET utf8mb4 COLLATE utf8mb4_unicode_ci DEFAULT NULL,
  `notify_ids` longtext CHARACTER SET utf8mb4 COLLATE utf8mb4_unicode_ci,
  `responsible` int DEFAULT NULL,
  `notify_request_submitted` int NOT NULL DEFAULT '0',
  PRIMARY KEY (`id`)
) ENGINE=InnoDB DEFAULT CHARSET=utf8mb4 COLLATE=utf8mb4_unicode_ci;

--
-- Dumping data for table `goshipping_tblestimate_request_forms`
--


--
-- Table structure for table `goshipping_tblestimate_request_status`
--

CREATE TABLE `goshipping_tblestimate_request_status` (
  `id` int unsigned NOT NULL AUTO_INCREMENT,
  `name` varchar(50) CHARACTER SET utf8mb4 COLLATE utf8mb4_unicode_ci NOT NULL,
  `statusorder` int DEFAULT NULL,
  `color` varchar(10) CHARACTER SET utf8mb4 COLLATE utf8mb4_unicode_ci DEFAULT NULL,
  `flag` varchar(30) CHARACTER SET utf8mb4 COLLATE utf8mb4_unicode_ci DEFAULT NULL,
  PRIMARY KEY (`id`)
) ENGINE=InnoDB AUTO_INCREMENT=4 DEFAULT CHARSET=utf8mb4 COLLATE=utf8mb4_unicode_ci;

--
-- Dumping data for table `goshipping_tblestimate_request_status`
--

INSERT INTO `goshipping_tblestimate_request_status` VALUES (1,'Cancelled',1,'#808080','cancelled'),(2,'Processing',2,'#007bff','processing'),(3,'Completed',3,'#28a745','completed');

--
-- Table structure for table `goshipping_tblestimate_requests`
--

CREATE TABLE `goshipping_tblestimate_requests` (
  `id` int unsigned NOT NULL AUTO_INCREMENT,
  `email` varchar(100) CHARACTER SET utf8mb4 COLLATE utf8mb4_unicode_ci NOT NULL,
  `submission` longtext CHARACTER SET utf8mb4 COLLATE utf8mb4_unicode_ci NOT NULL,
  `last_status_change` datetime DEFAULT NULL,
  `date_estimated` datetime DEFAULT NULL,
  `from_form_id` int DEFAULT NULL,
  `assigned` int DEFAULT NULL,
  `status` int DEFAULT NULL,
  `default_language` int NOT NULL,
  `date_added` datetime NOT NULL,
  PRIMARY KEY (`id`)
) ENGINE=InnoDB DEFAULT CHARSET=utf8mb4 COLLATE=utf8mb4_unicode_ci;

--
-- Dumping data for table `goshipping_tblestimate_requests`
--


--
-- Table structure for table `goshipping_tblestimates`
--

CREATE TABLE `goshipping_tblestimates` (
  `id` int NOT NULL AUTO_INCREMENT,
  `sent` tinyint(1) NOT NULL DEFAULT '0',
  `datesend` datetime DEFAULT NULL,
  `clientid` int NOT NULL,
  `deleted_customer_name` varchar(100) CHARACTER SET utf8mb4 COLLATE utf8mb4_unicode_ci DEFAULT NULL,
  `project_id` int NOT NULL DEFAULT '0',
  `number` int NOT NULL,
  `prefix` varchar(50) CHARACTER SET utf8mb4 COLLATE utf8mb4_unicode_ci DEFAULT NULL,
  `number_format` int NOT NULL DEFAULT '0',
  `formatted_number` varchar(100) CHARACTER SET utf8mb4 COLLATE utf8mb4_unicode_ci DEFAULT NULL,
  `hash` varchar(32) CHARACTER SET utf8mb4 COLLATE utf8mb4_unicode_ci DEFAULT NULL,
  `datecreated` datetime NOT NULL,
  `date` date NOT NULL,
  `expirydate` date DEFAULT NULL,
  `currency` int NOT NULL,
  `subtotal` decimal(15,2) NOT NULL,
  `total_tax` decimal(15,2) NOT NULL DEFAULT '0.00',
  `total` decimal(15,2) NOT NULL,
  `adjustment` decimal(15,2) DEFAULT NULL,
  `addedfrom` int NOT NULL,
  `status` int NOT NULL DEFAULT '1',
  `clientnote` mediumtext CHARACTER SET utf8mb4 COLLATE utf8mb4_unicode_ci,
  `adminnote` mediumtext CHARACTER SET utf8mb4 COLLATE utf8mb4_unicode_ci,
  `discount_percent` decimal(15,2) DEFAULT '0.00',
  `discount_total` decimal(15,2) DEFAULT '0.00',
  `discount_type` varchar(30) CHARACTER SET utf8mb4 COLLATE utf8mb4_unicode_ci DEFAULT NULL,
  `invoiceid` int DEFAULT NULL,
  `invoiced_date` datetime DEFAULT NULL,
  `terms` mediumtext CHARACTER SET utf8mb4 COLLATE utf8mb4_unicode_ci,
  `reference_no` varchar(100) CHARACTER SET utf8mb4 COLLATE utf8mb4_unicode_ci DEFAULT NULL,
  `sale_agent` int NOT NULL DEFAULT '0',
  `billing_street` varchar(200) CHARACTER SET utf8mb4 COLLATE utf8mb4_unicode_ci DEFAULT NULL,
  `billing_city` varchar(100) CHARACTER SET utf8mb4 COLLATE utf8mb4_unicode_ci DEFAULT NULL,
  `billing_state` varchar(100) CHARACTER SET utf8mb4 COLLATE utf8mb4_unicode_ci DEFAULT NULL,
  `billing_zip` varchar(100) CHARACTER SET utf8mb4 COLLATE utf8mb4_unicode_ci DEFAULT NULL,
  `billing_country` int DEFAULT NULL,
  `shipping_street` varchar(200) CHARACTER SET utf8mb4 COLLATE utf8mb4_unicode_ci DEFAULT NULL,
  `shipping_city` varchar(100) CHARACTER SET utf8mb4 COLLATE utf8mb4_unicode_ci DEFAULT NULL,
  `shipping_state` varchar(100) CHARACTER SET utf8mb4 COLLATE utf8mb4_unicode_ci DEFAULT NULL,
  `shipping_zip` varchar(100) CHARACTER SET utf8mb4 COLLATE utf8mb4_unicode_ci DEFAULT NULL,
  `shipping_country` int DEFAULT NULL,
  `include_shipping` tinyint(1) NOT NULL,
  `show_shipping_on_estimate` tinyint(1) NOT NULL DEFAULT '1',
  `show_quantity_as` int NOT NULL DEFAULT '1',
  `pipeline_order` int DEFAULT '1',
  `is_expiry_notified` int NOT NULL DEFAULT '0',
  `acceptance_firstname` varchar(50) CHARACTER SET utf8mb4 COLLATE utf8mb4_unicode_ci DEFAULT NULL,
  `acceptance_lastname` varchar(50) CHARACTER SET utf8mb4 COLLATE utf8mb4_unicode_ci DEFAULT NULL,
  `acceptance_email` varchar(100) CHARACTER SET utf8mb4 COLLATE utf8mb4_unicode_ci DEFAULT NULL,
  `acceptance_date` datetime DEFAULT NULL,
  `acceptance_ip` varchar(40) CHARACTER SET utf8mb4 COLLATE utf8mb4_unicode_ci DEFAULT NULL,
  `signature` varchar(40) CHARACTER SET utf8mb4 COLLATE utf8mb4_unicode_ci DEFAULT NULL,
  `short_link` varchar(100) CHARACTER SET utf8mb4 COLLATE utf8mb4_unicode_ci DEFAULT NULL,
  PRIMARY KEY (`id`),
  KEY `clientid` (`clientid`),
  KEY `currency` (`currency`),
  KEY `project_id` (`project_id`),
  KEY `sale_agent` (`sale_agent`),
  KEY `status` (`status`),
  KEY `formatted_number` (`formatted_number`)
) ENGINE=InnoDB DEFAULT CHARSET=utf8mb4 COLLATE=utf8mb4_unicode_ci;

--
-- Dumping data for table `goshipping_tblestimates`
--


--
-- Table structure for table `goshipping_tblevent_attendance_sheets`
--

CREATE TABLE `goshipping_tblevent_attendance_sheets` (
  `id` int NOT NULL AUTO_INCREMENT,
  `event_id` int NOT NULL,
  `location` varchar(255) NOT NULL,
  `venue` varchar(255) NOT NULL,
  `attendance_url` text NOT NULL,
  `created_at` timestamp NULL DEFAULT CURRENT_TIMESTAMP,
  `start_date` date DEFAULT NULL,
  `end_date` date DEFAULT NULL,
  PRIMARY KEY (`id`)
) ENGINE=InnoDB DEFAULT CHARSET=utf8mb4 COLLATE=utf8mb4_0900_ai_ci;

--
-- Dumping data for table `goshipping_tblevent_attendance_sheets`
--


--
-- Table structure for table `goshipping_tblevent_unique_codes`
--

CREATE TABLE `goshipping_tblevent_unique_codes` (
  `id` int NOT NULL AUTO_INCREMENT,
  `event_id` int NOT NULL,
  `event_unique_code` varchar(100) NOT NULL,
  `location` varchar(255) NOT NULL,
  `venue` varchar(255) NOT NULL,
  `start_date` date NOT NULL,
  `end_date` date NOT NULL,
  `created_at` timestamp NULL DEFAULT CURRENT_TIMESTAMP,
  PRIMARY KEY (`id`)
) ENGINE=InnoDB DEFAULT CHARSET=utf8mb4 COLLATE=utf8mb4_0900_ai_ci;

--
-- Dumping data for table `goshipping_tblevent_unique_codes`
--


--
-- Table structure for table `goshipping_tblevents`
--

CREATE TABLE `goshipping_tblevents` (
  `eventid` int NOT NULL AUTO_INCREMENT,
  `title` longtext CHARACTER SET utf8mb4 COLLATE utf8mb4_unicode_ci NOT NULL,
  `description` mediumtext CHARACTER SET utf8mb4 COLLATE utf8mb4_unicode_ci,
  `userid` int NOT NULL,
  `start` datetime NOT NULL,
  `end` datetime DEFAULT NULL,
  `public` int NOT NULL DEFAULT '0',
  `color` varchar(10) CHARACTER SET utf8mb4 COLLATE utf8mb4_unicode_ci DEFAULT NULL,
  `isstartnotified` tinyint(1) NOT NULL DEFAULT '0',
  `reminder_before` int NOT NULL DEFAULT '0',
  `reminder_before_type` varchar(10) CHARACTER SET utf8mb4 COLLATE utf8mb4_unicode_ci DEFAULT NULL,
  PRIMARY KEY (`eventid`)
) ENGINE=InnoDB DEFAULT CHARSET=utf8mb4 COLLATE=utf8mb4_unicode_ci;

--
-- Dumping data for table `goshipping_tblevents`
--


--
-- Table structure for table `goshipping_tblevents_due_locations`
--

CREATE TABLE `goshipping_tblevents_due_locations` (
  `id` int NOT NULL AUTO_INCREMENT,
  `name` varchar(255) NOT NULL,
  `created_at` timestamp NULL DEFAULT CURRENT_TIMESTAMP,
  `updated_at` timestamp NULL DEFAULT CURRENT_TIMESTAMP ON UPDATE CURRENT_TIMESTAMP,
  PRIMARY KEY (`id`)
) ENGINE=InnoDB AUTO_INCREMENT=13 DEFAULT CHARSET=utf8mb4 COLLATE=utf8mb4_0900_ai_ci;

--
-- Dumping data for table `goshipping_tblevents_due_locations`
--

INSERT INTO `goshipping_tblevents_due_locations` VALUES (1,'Diani','2025-04-19 16:19:45','2025-04-19 16:19:45'),(2,'Mombasa','2025-04-19 16:19:45','2025-04-19 16:19:45'),(3,'Machakos','2025-04-19 16:19:45','2025-04-19 16:19:45'),(4,'Nakuru','2025-04-19 16:19:45','2025-04-19 16:19:45'),(5,'Naivasha','2025-04-19 16:19:45','2025-04-19 16:19:45'),(6,'Kisumu','2025-04-19 16:19:45','2025-04-19 16:19:45'),(7,'Thika','2025-04-19 16:19:45','2025-04-19 16:19:45'),(8,'Eldoret','2025-04-19 16:19:45','2025-04-19 16:19:45'),(9,'Dubai','2025-04-19 16:19:45','2025-04-19 16:19:45'),(10,'Arusha','2025-04-19 16:19:45','2025-04-19 16:19:45'),(11,'Malaysia','2025-04-19 16:19:45','2025-04-19 16:19:45'),(12,'Singapore','2025-04-19 16:19:45','2025-04-19 16:19:45');

--
-- Table structure for table `goshipping_tblevents_due_registrations`
--

CREATE TABLE `goshipping_tblevents_due_registrations` (
  `id` int NOT NULL AUTO_INCREMENT,
  `status` enum('Pending','Confirmed','Canceled') NOT NULL DEFAULT 'Pending',
  `payment_status` enum('Pending','Paid') NOT NULL DEFAULT 'Pending',
  `invoice_sent` tinyint(1) NOT NULL DEFAULT '0',
  `created_at` timestamp NULL DEFAULT CURRENT_TIMESTAMP,
  `updated_at` timestamp NULL DEFAULT CURRENT_TIMESTAMP ON UPDATE CURRENT_TIMESTAMP,
  PRIMARY KEY (`id`)
) ENGINE=InnoDB DEFAULT CHARSET=utf8mb4 COLLATE=utf8mb4_0900_ai_ci;

--
-- Dumping data for table `goshipping_tblevents_due_registrations`
--


--
-- Table structure for table `goshipping_tblevents_due_venues`
--

CREATE TABLE `goshipping_tblevents_due_venues` (
  `id` int NOT NULL AUTO_INCREMENT,
  `name` varchar(255) NOT NULL,
  `location_id` int NOT NULL,
  `created_at` timestamp NULL DEFAULT CURRENT_TIMESTAMP,
  `updated_at` timestamp NULL DEFAULT CURRENT_TIMESTAMP ON UPDATE CURRENT_TIMESTAMP,
  PRIMARY KEY (`id`)
) ENGINE=InnoDB AUTO_INCREMENT=14 DEFAULT CHARSET=utf8mb4 COLLATE=utf8mb4_0900_ai_ci;

--
-- Dumping data for table `goshipping_tblevents_due_venues`
--

INSERT INTO `goshipping_tblevents_due_venues` VALUES (1,'Sarova Hotel',2,'2025-04-19 16:19:45','2025-04-19 16:19:45'),(2,'Voyager Hotel',2,'2025-04-19 16:19:45','2025-04-19 16:19:45'),(3,'Baobab Hotel',1,'2025-04-19 16:19:45','2025-04-19 16:19:45'),(4,'Seo Hotel',3,'2025-04-19 16:19:45','2025-04-19 16:19:45'),(5,'Maanzoni Lodge',3,'2025-04-19 16:19:45','2025-04-19 16:19:45'),(6,'Blooming Suites Hotel',5,'2025-04-19 16:19:45','2025-04-19 16:19:45'),(7,'Eseriani Hotel',5,'2025-04-19 16:19:45','2025-04-19 16:19:45'),(8,'Sarova Woodlands Hotel',4,'2025-04-19 16:19:45','2025-04-19 16:19:45'),(9,'Ole Ken Hotel',4,'2025-04-19 16:19:45','2025-04-19 16:19:45'),(10,'Sarova Imperial',6,'2025-04-19 16:19:45','2025-04-19 16:19:45'),(11,'The Luke Hotel',7,'2025-04-19 16:19:45','2025-04-19 16:19:45'),(12,'Mt. Meru Hotel',10,'2025-04-19 16:19:45','2025-04-19 16:19:45'),(13,'Ibis Bencoolen',12,'2025-04-19 16:19:45','2025-04-19 16:19:45');

--
-- Table structure for table `goshipping_tblexpenses`
--

CREATE TABLE `goshipping_tblexpenses` (
  `id` int NOT NULL AUTO_INCREMENT,
  `category` int NOT NULL,
  `currency` int NOT NULL,
  `amount` decimal(15,2) NOT NULL,
  `tax` int DEFAULT NULL,
  `tax2` int NOT NULL DEFAULT '0',
  `reference_no` varchar(100) CHARACTER SET utf8mb4 COLLATE utf8mb4_unicode_ci DEFAULT NULL,
  `note` mediumtext CHARACTER SET utf8mb4 COLLATE utf8mb4_unicode_ci,
  `expense_name` varchar(191) CHARACTER SET utf8mb4 COLLATE utf8mb4_unicode_ci DEFAULT NULL,
  `clientid` int NOT NULL,
  `project_id` int NOT NULL DEFAULT '0',
  `billable` int DEFAULT '0',
  `invoiceid` int DEFAULT NULL,
  `paymentmode` varchar(50) CHARACTER SET utf8mb4 COLLATE utf8mb4_unicode_ci DEFAULT NULL,
  `date` date NOT NULL,
  `recurring_type` varchar(10) CHARACTER SET utf8mb4 COLLATE utf8mb4_unicode_ci DEFAULT NULL,
  `repeat_every` int DEFAULT NULL,
  `recurring` int NOT NULL DEFAULT '0',
  `cycles` int NOT NULL DEFAULT '0',
  `total_cycles` int NOT NULL DEFAULT '0',
  `custom_recurring` int NOT NULL DEFAULT '0',
  `last_recurring_date` date DEFAULT NULL,
  `create_invoice_billable` tinyint(1) DEFAULT NULL,
  `send_invoice_to_customer` tinyint(1) NOT NULL,
  `recurring_from` int DEFAULT NULL,
  `dateadded` datetime NOT NULL,
  `addedfrom` int NOT NULL,
  `vendor` int DEFAULT NULL,
  `due_date` date DEFAULT NULL,
  `date_paid` date DEFAULT NULL,
  `status` int DEFAULT NULL,
  `is_bill` int NOT NULL DEFAULT '0',
  `reason_for_void` text CHARACTER SET utf8mb4 COLLATE utf8mb4_unicode_ci,
  `voided` int NOT NULL DEFAULT '0',
  `approved` int NOT NULL DEFAULT '0',
  `from_fleet` int NOT NULL DEFAULT '0',
  PRIMARY KEY (`id`),
  KEY `clientid` (`clientid`),
  KEY `project_id` (`project_id`),
  KEY `category` (`category`),
  KEY `currency` (`currency`)
) ENGINE=InnoDB DEFAULT CHARSET=utf8mb4 COLLATE=utf8mb4_unicode_ci;

--
-- Dumping data for table `goshipping_tblexpenses`
--


--
-- Table structure for table `goshipping_tblexpenses_categories`
--

CREATE TABLE `goshipping_tblexpenses_categories` (
  `id` int NOT NULL AUTO_INCREMENT,
  `name` varchar(191) CHARACTER SET utf8mb4 COLLATE utf8mb4_unicode_ci NOT NULL,
  `description` mediumtext CHARACTER SET utf8mb4 COLLATE utf8mb4_unicode_ci,
  PRIMARY KEY (`id`)
) ENGINE=InnoDB AUTO_INCREMENT=12 DEFAULT CHARSET=utf8mb4 COLLATE=utf8mb4_unicode_ci;

--
-- Dumping data for table `goshipping_tblexpenses_categories`
--

INSERT INTO `goshipping_tblexpenses_categories` VALUES (1,'Fleet: Work Order',NULL),(2,'Transport','Transport'),(3,'Printing','Printing'),(4,'Hotel Conferencing','Hotel Conferencing'),(5,'Hotel Accommodation','Hotel Accommodation'),(6,'Airtime Allowance','Airtime Allowance'),(7,'Client Gifts','Client Gifts'),(8,'Speaker Costs','Speaker Costs'),(9,'Miscellaneous','Miscellaneous'),(10,'CPD Allowance','CPD Allowance'),(11,'Additional Funds','Additional Funds');

--
-- Table structure for table `goshipping_tblfiles`
--

CREATE TABLE `goshipping_tblfiles` (
  `id` int NOT NULL AUTO_INCREMENT,
  `rel_id` int NOT NULL,
  `rel_type` varchar(20) CHARACTER SET utf8mb4 COLLATE utf8mb4_unicode_ci NOT NULL,
  `file_name` varchar(191) CHARACTER SET utf8mb4 COLLATE utf8mb4_unicode_ci NOT NULL,
  `filetype` varchar(40) CHARACTER SET utf8mb4 COLLATE utf8mb4_unicode_ci DEFAULT NULL,
  `visible_to_customer` int NOT NULL DEFAULT '0',
  `attachment_key` varchar(32) CHARACTER SET utf8mb4 COLLATE utf8mb4_unicode_ci DEFAULT NULL,
  `external` varchar(40) CHARACTER SET utf8mb4 COLLATE utf8mb4_unicode_ci DEFAULT NULL,
  `external_link` mediumtext CHARACTER SET utf8mb4 COLLATE utf8mb4_unicode_ci,
  `thumbnail_link` mediumtext CHARACTER SET utf8mb4 COLLATE utf8mb4_unicode_ci COMMENT 'For external usage',
  `staffid` int NOT NULL,
  `contact_id` int DEFAULT '0',
  `task_comment_id` int NOT NULL DEFAULT '0',
  `dateadded` datetime NOT NULL,
  PRIMARY KEY (`id`),
  KEY `rel_id` (`rel_id`),
  KEY `rel_type` (`rel_type`)
) ENGINE=InnoDB DEFAULT CHARSET=utf8mb4 COLLATE=utf8mb4_unicode_ci;

--
-- Dumping data for table `goshipping_tblfiles`
--


--
-- Table structure for table `goshipping_tblfilter_defaults`
--

CREATE TABLE `goshipping_tblfilter_defaults` (
  `filter_id` int unsigned NOT NULL,
  `staff_id` int NOT NULL,
  `identifier` varchar(191) CHARACTER SET utf8mb4 COLLATE utf8mb4_unicode_ci NOT NULL,
  `view` varchar(191) CHARACTER SET utf8mb4 COLLATE utf8mb4_unicode_ci NOT NULL,
  KEY `filter_id` (`filter_id`),
  KEY `goshipping_staff_id` (`staff_id`),
  CONSTRAINT `goshipping_tblfilter_defaults_ibfk_1` FOREIGN KEY (`filter_id`) REFERENCES `goshipping_tblfilters` (`id`) ON DELETE CASCADE,
  CONSTRAINT `goshipping_tblfilter_defaults_ibfk_2` FOREIGN KEY (`staff_id`) REFERENCES `goshipping_tblstaff` (`staffid`) ON DELETE CASCADE
) ENGINE=InnoDB DEFAULT CHARSET=utf8mb4 COLLATE=utf8mb4_unicode_ci;

--
-- Dumping data for table `goshipping_tblfilter_defaults`
--


--
-- Table structure for table `goshipping_tblfilters`
--

CREATE TABLE `goshipping_tblfilters` (
  `id` int unsigned NOT NULL AUTO_INCREMENT,
  `name` varchar(191) CHARACTER SET utf8mb4 COLLATE utf8mb4_unicode_ci NOT NULL,
  `builder` mediumtext CHARACTER SET utf8mb4 COLLATE utf8mb4_unicode_ci NOT NULL,
  `staff_id` int unsigned NOT NULL,
  `identifier` varchar(191) CHARACTER SET utf8mb4 COLLATE utf8mb4_unicode_ci NOT NULL,
  `is_shared` tinyint unsigned NOT NULL DEFAULT '0',
  PRIMARY KEY (`id`)
) ENGINE=InnoDB DEFAULT CHARSET=utf8mb4 COLLATE=utf8mb4_unicode_ci;

--
-- Dumping data for table `goshipping_tblfilters`
--


--
-- Table structure for table `goshipping_tblfleet_benefit_and_penalty`
--

CREATE TABLE `goshipping_tblfleet_benefit_and_penalty` (
  `id` int NOT NULL AUTO_INCREMENT,
  `subject` text,
  `criteria_id` int DEFAULT NULL,
  `driver_id` int DEFAULT NULL,
  `type` text,
  `date` date DEFAULT NULL,
  `benefit_formality` text,
  `reward` decimal(15,2) DEFAULT NULL,
  `penalty_formality` text,
  `amount_of_damage` decimal(15,2) DEFAULT NULL,
  `amount_of_compensation` decimal(15,2) DEFAULT NULL,
  `notes` text,
  `addedfrom` int DEFAULT NULL,
  `datecreated` datetime DEFAULT NULL,
  PRIMARY KEY (`id`)
) ENGINE=InnoDB DEFAULT CHARSET=utf8mb4 COLLATE=utf8mb4_0900_ai_ci;

--
-- Dumping data for table `goshipping_tblfleet_benefit_and_penalty`
--


--
-- Table structure for table `goshipping_tblfleet_bookings`
--

CREATE TABLE `goshipping_tblfleet_bookings` (
  `id` int NOT NULL AUTO_INCREMENT,
  `subject` text NOT NULL,
  `contactid` int DEFAULT NULL,
  `userid` int DEFAULT NULL,
  `approved` int NOT NULL DEFAULT '0',
  `status` varchar(45) NOT NULL DEFAULT 'new',
  `delivery_date` date DEFAULT NULL,
  `phone` text NOT NULL,
  `receipt_address` text NOT NULL,
  `delivery_address` text NOT NULL,
  `note` text NOT NULL,
  `invoice_id` int NOT NULL DEFAULT '0',
  `admin_note` text,
  `number` text,
  `amount` decimal(15,2) NOT NULL DEFAULT '0.00',
  `invoice_hash` text,
  `rating` int NOT NULL DEFAULT '0',
  `comments` text,
  PRIMARY KEY (`id`)
) ENGINE=InnoDB DEFAULT CHARSET=utf8mb4 COLLATE=utf8mb4_0900_ai_ci;

--
-- Dumping data for table `goshipping_tblfleet_bookings`
--


--
-- Table structure for table `goshipping_tblfleet_criterias`
--

CREATE TABLE `goshipping_tblfleet_criterias` (
  `id` int NOT NULL AUTO_INCREMENT,
  `name` text NOT NULL,
  `description` text,
  `datecreated` datetime DEFAULT NULL,
  `addedfrom` int DEFAULT NULL,
  PRIMARY KEY (`id`)
) ENGINE=InnoDB DEFAULT CHARSET=utf8mb4 COLLATE=utf8mb4_0900_ai_ci;

--
-- Dumping data for table `goshipping_tblfleet_criterias`
--


--
-- Table structure for table `goshipping_tblfleet_driver_documents`
--

CREATE TABLE `goshipping_tblfleet_driver_documents` (
  `id` int NOT NULL AUTO_INCREMENT,
  `driver_id` int NOT NULL DEFAULT '0',
  `subject` text NOT NULL,
  `description` text,
  `datecreated` datetime DEFAULT NULL,
  `addedfrom` int DEFAULT NULL,
  `type` varchar(45) NOT NULL DEFAULT 'driver',
  `vehicle_id` int NOT NULL DEFAULT '0',
  PRIMARY KEY (`id`)
) ENGINE=InnoDB DEFAULT CHARSET=utf8mb4 COLLATE=utf8mb4_0900_ai_ci;

--
-- Dumping data for table `goshipping_tblfleet_driver_documents`
--


--
-- Table structure for table `goshipping_tblfleet_events`
--

CREATE TABLE `goshipping_tblfleet_events` (
  `id` int NOT NULL AUTO_INCREMENT,
  `subject` text NOT NULL,
  `vehicle_id` int DEFAULT NULL,
  `driver_id` int DEFAULT NULL,
  `event_type` text NOT NULL,
  `event_time` datetime NOT NULL,
  `description` text,
  `datecreated` datetime DEFAULT NULL,
  `addedfrom` int DEFAULT NULL,
  PRIMARY KEY (`id`)
) ENGINE=InnoDB DEFAULT CHARSET=utf8mb4 COLLATE=utf8mb4_0900_ai_ci;

--
-- Dumping data for table `goshipping_tblfleet_events`
--


--
-- Table structure for table `goshipping_tblfleet_fuel_history`
--

CREATE TABLE `goshipping_tblfleet_fuel_history` (
  `id` int NOT NULL AUTO_INCREMENT,
  `vehicle_id` int DEFAULT NULL,
  `vendor_id` int DEFAULT NULL,
  `fuel_time` datetime NOT NULL,
  `odometer` int DEFAULT NULL,
  `gallons` text,
  `price` decimal(15,2) DEFAULT NULL,
  `fuel_type` text,
  `reference` text,
  `notes` text,
  `addedfrom` int DEFAULT NULL,
  `datecreated` datetime DEFAULT NULL,
  PRIMARY KEY (`id`)
) ENGINE=InnoDB DEFAULT CHARSET=utf8mb4 COLLATE=utf8mb4_0900_ai_ci;

--
-- Dumping data for table `goshipping_tblfleet_fuel_history`
--


--
-- Table structure for table `goshipping_tblfleet_garages`
--

CREATE TABLE `goshipping_tblfleet_garages` (
  `id` int NOT NULL AUTO_INCREMENT,
  `name` text NOT NULL,
  `country` int NOT NULL DEFAULT '0',
  `city` varchar(100) DEFAULT NULL,
  `zip` varchar(15) DEFAULT NULL,
  `state` varchar(50) DEFAULT NULL,
  `address` text,
  `notes` text,
  `addedfrom` int DEFAULT NULL,
  PRIMARY KEY (`id`)
) ENGINE=InnoDB DEFAULT CHARSET=utf8mb4 COLLATE=utf8mb4_0900_ai_ci;

--
-- Dumping data for table `goshipping_tblfleet_garages`
--


--
-- Table structure for table `goshipping_tblfleet_inspection_forms`
--

CREATE TABLE `goshipping_tblfleet_inspection_forms` (
  `id` int NOT NULL AUTO_INCREMENT,
  `name` text NOT NULL,
  `color` text,
  `description` text,
  `addedfrom` int DEFAULT NULL,
  `datecreated` datetime DEFAULT NULL,
  `slug` text,
  `hash` text,
  `recurring` int NOT NULL DEFAULT '0',
  `recurring_type` varchar(10) DEFAULT NULL,
  `custom_recurring` tinyint(1) NOT NULL DEFAULT '0',
  `cycles` int NOT NULL DEFAULT '0',
  `total_cycles` int NOT NULL DEFAULT '0',
  PRIMARY KEY (`id`)
) ENGINE=InnoDB DEFAULT CHARSET=utf8mb4 COLLATE=utf8mb4_0900_ai_ci;

--
-- Dumping data for table `goshipping_tblfleet_inspection_forms`
--


--
-- Table structure for table `goshipping_tblfleet_inspection_question_box`
--

CREATE TABLE `goshipping_tblfleet_inspection_question_box` (
  `boxid` int NOT NULL AUTO_INCREMENT,
  `boxtype` varchar(10) NOT NULL,
  `questionid` int NOT NULL,
  PRIMARY KEY (`boxid`)
) ENGINE=InnoDB DEFAULT CHARSET=utf8mb4 COLLATE=utf8mb4_0900_ai_ci;

--
-- Dumping data for table `goshipping_tblfleet_inspection_question_box`
--


--
-- Table structure for table `goshipping_tblfleet_inspection_question_box_description`
--

CREATE TABLE `goshipping_tblfleet_inspection_question_box_description` (
  `questionboxdescriptionid` int NOT NULL AUTO_INCREMENT,
  `description` mediumtext NOT NULL,
  `boxid` mediumtext NOT NULL,
  `questionid` int NOT NULL,
  `is_fail` int NOT NULL DEFAULT '0',
  PRIMARY KEY (`questionboxdescriptionid`)
) ENGINE=InnoDB DEFAULT CHARSET=utf8mb4 COLLATE=utf8mb4_0900_ai_ci;

--
-- Dumping data for table `goshipping_tblfleet_inspection_question_box_description`
--


--
-- Table structure for table `goshipping_tblfleet_inspection_question_forms`
--

CREATE TABLE `goshipping_tblfleet_inspection_question_forms` (
  `questionid` int NOT NULL AUTO_INCREMENT,
  `rel_id` int NOT NULL,
  `rel_type` varchar(20) DEFAULT NULL,
  `question` mediumtext NOT NULL,
  `required` tinyint(1) NOT NULL DEFAULT '0',
  `question_order` int NOT NULL,
  PRIMARY KEY (`questionid`)
) ENGINE=InnoDB DEFAULT CHARSET=utf8mb4 COLLATE=utf8mb4_0900_ai_ci;

--
-- Dumping data for table `goshipping_tblfleet_inspection_question_forms`
--


--
-- Table structure for table `goshipping_tblfleet_inspection_results`
--

CREATE TABLE `goshipping_tblfleet_inspection_results` (
  `id` int NOT NULL AUTO_INCREMENT,
  `inspection_id` int DEFAULT NULL,
  `boxid` int DEFAULT NULL,
  `boxdescriptionid` int DEFAULT NULL,
  `questionid` int DEFAULT NULL,
  `answer` text,
  PRIMARY KEY (`id`)
) ENGINE=InnoDB DEFAULT CHARSET=utf8mb4 COLLATE=utf8mb4_0900_ai_ci;

--
-- Dumping data for table `goshipping_tblfleet_inspection_results`
--


--
-- Table structure for table `goshipping_tblfleet_inspections`
--

CREATE TABLE `goshipping_tblfleet_inspections` (
  `id` int NOT NULL AUTO_INCREMENT,
  `vehicle_id` int DEFAULT NULL,
  `inspection_form_id` int DEFAULT NULL,
  `status` int DEFAULT NULL,
  `addedfrom` int DEFAULT NULL,
  `datecreated` datetime DEFAULT NULL,
  `recurring` int NOT NULL DEFAULT '0',
  `recurring_type` varchar(10) DEFAULT NULL,
  `custom_recurring` tinyint(1) NOT NULL DEFAULT '0',
  `cycles` int NOT NULL DEFAULT '0',
  `total_cycles` int NOT NULL DEFAULT '0',
  `is_recurring_from` int NOT NULL DEFAULT '0',
  `last_recurring_date` date DEFAULT NULL,
  PRIMARY KEY (`id`)
) ENGINE=InnoDB DEFAULT CHARSET=utf8mb4 COLLATE=utf8mb4_0900_ai_ci;

--
-- Dumping data for table `goshipping_tblfleet_inspections`
--


--
-- Table structure for table `goshipping_tblfleet_insurance_categories`
--

CREATE TABLE `goshipping_tblfleet_insurance_categories` (
  `id` int NOT NULL AUTO_INCREMENT,
  `name` text NOT NULL,
  `description` text,
  `datecreated` datetime DEFAULT NULL,
  `addedfrom` int DEFAULT NULL,
  PRIMARY KEY (`id`)
) ENGINE=InnoDB DEFAULT CHARSET=utf8mb4 COLLATE=utf8mb4_0900_ai_ci;

--
-- Dumping data for table `goshipping_tblfleet_insurance_categories`
--


--
-- Table structure for table `goshipping_tblfleet_insurance_company`
--

CREATE TABLE `goshipping_tblfleet_insurance_company` (
  `id` int NOT NULL AUTO_INCREMENT,
  `name` text NOT NULL,
  `description` text,
  `datecreated` datetime DEFAULT NULL,
  `addedfrom` int DEFAULT NULL,
  PRIMARY KEY (`id`)
) ENGINE=InnoDB DEFAULT CHARSET=utf8mb4 COLLATE=utf8mb4_0900_ai_ci;

--
-- Dumping data for table `goshipping_tblfleet_insurance_company`
--


--
-- Table structure for table `goshipping_tblfleet_insurance_status`
--

CREATE TABLE `goshipping_tblfleet_insurance_status` (
  `id` int NOT NULL AUTO_INCREMENT,
  `name` text NOT NULL,
  `description` text,
  `datecreated` datetime DEFAULT NULL,
  `addedfrom` int DEFAULT NULL,
  PRIMARY KEY (`id`)
) ENGINE=InnoDB DEFAULT CHARSET=utf8mb4 COLLATE=utf8mb4_0900_ai_ci;

--
-- Dumping data for table `goshipping_tblfleet_insurance_status`
--


--
-- Table structure for table `goshipping_tblfleet_insurance_types`
--

CREATE TABLE `goshipping_tblfleet_insurance_types` (
  `id` int NOT NULL AUTO_INCREMENT,
  `name` text NOT NULL,
  `description` text,
  `datecreated` datetime DEFAULT NULL,
  `addedfrom` int DEFAULT NULL,
  PRIMARY KEY (`id`)
) ENGINE=InnoDB DEFAULT CHARSET=utf8mb4 COLLATE=utf8mb4_0900_ai_ci;

--
-- Dumping data for table `goshipping_tblfleet_insurance_types`
--


--
-- Table structure for table `goshipping_tblfleet_insurances`
--

CREATE TABLE `goshipping_tblfleet_insurances` (
  `id` int NOT NULL AUTO_INCREMENT,
  `vehicle_id` int DEFAULT NULL,
  `insurance_category_id` int DEFAULT NULL,
  `insurance_type_id` int DEFAULT NULL,
  `name` text,
  `status` text,
  `start_date` date NOT NULL,
  `end_date` date NOT NULL,
  `description` text,
  `amount` decimal(15,2) NOT NULL,
  `insurance_company_id` int NOT NULL DEFAULT '0',
  `insurance_status_id` int NOT NULL DEFAULT '0',
  PRIMARY KEY (`id`)
) ENGINE=InnoDB DEFAULT CHARSET=utf8mb4 COLLATE=utf8mb4_0900_ai_ci;

--
-- Dumping data for table `goshipping_tblfleet_insurances`
--


--
-- Table structure for table `goshipping_tblfleet_logbooks`
--

CREATE TABLE `goshipping_tblfleet_logbooks` (
  `id` int NOT NULL AUTO_INCREMENT,
  `vehicle_id` int DEFAULT NULL,
  `driver_id` int DEFAULT NULL,
  `booking_id` int DEFAULT NULL,
  `odometer` int DEFAULT NULL,
  `status` varchar(45) NOT NULL DEFAULT 'new',
  `date` date DEFAULT NULL,
  `description` text,
  `name` text NOT NULL,
  PRIMARY KEY (`id`)
) ENGINE=InnoDB DEFAULT CHARSET=utf8mb4 COLLATE=utf8mb4_0900_ai_ci;

--
-- Dumping data for table `goshipping_tblfleet_logbooks`
--


--
-- Table structure for table `goshipping_tblfleet_maintenance_teams`
--

CREATE TABLE `goshipping_tblfleet_maintenance_teams` (
  `id` int NOT NULL AUTO_INCREMENT,
  `staffid` int DEFAULT NULL,
  `garage_id` int DEFAULT NULL,
  PRIMARY KEY (`id`)
) ENGINE=InnoDB DEFAULT CHARSET=utf8mb4 COLLATE=utf8mb4_0900_ai_ci;

--
-- Dumping data for table `goshipping_tblfleet_maintenance_teams`
--


--
-- Table structure for table `goshipping_tblfleet_maintenances`
--

CREATE TABLE `goshipping_tblfleet_maintenances` (
  `id` int NOT NULL AUTO_INCREMENT,
  `vehicle_id` int DEFAULT NULL,
  `supplier_id` int DEFAULT NULL,
  `maintenance_type` varchar(30) DEFAULT NULL,
  `title` varchar(250) DEFAULT NULL,
  `warranty_improvement` int NOT NULL DEFAULT '0',
  `start_date` date DEFAULT NULL,
  `completion_date` date DEFAULT NULL,
  `cost` decimal(15,2) DEFAULT NULL,
  `notes` text,
  `date_creator` datetime NOT NULL DEFAULT CURRENT_TIMESTAMP,
  `garage_id` int NOT NULL DEFAULT '0',
  `parts` text,
  PRIMARY KEY (`id`)
) ENGINE=InnoDB DEFAULT CHARSET=utf8mb4 COLLATE=utf8mb4_0900_ai_ci;

--
-- Dumping data for table `goshipping_tblfleet_maintenances`
--


--
-- Table structure for table `goshipping_tblfleet_part_groups`
--

CREATE TABLE `goshipping_tblfleet_part_groups` (
  `id` int NOT NULL AUTO_INCREMENT,
  `name` text NOT NULL,
  `description` text,
  `datecreated` datetime DEFAULT NULL,
  `addedfrom` int DEFAULT NULL,
  PRIMARY KEY (`id`)
) ENGINE=InnoDB DEFAULT CHARSET=utf8mb4 COLLATE=utf8mb4_0900_ai_ci;

--
-- Dumping data for table `goshipping_tblfleet_part_groups`
--


--
-- Table structure for table `goshipping_tblfleet_part_histories`
--

CREATE TABLE `goshipping_tblfleet_part_histories` (
  `id` int NOT NULL AUTO_INCREMENT,
  `part_id` int NOT NULL,
  `type` text NOT NULL,
  `vehicle_id` int DEFAULT NULL,
  `driver_id` int DEFAULT NULL,
  `start_time` text,
  `end_time` text,
  `start_by` int DEFAULT NULL,
  `end_by` int DEFAULT NULL,
  `datecreated` datetime DEFAULT NULL,
  `addedfrom` int DEFAULT NULL,
  PRIMARY KEY (`id`)
) ENGINE=InnoDB DEFAULT CHARSET=utf8mb4 COLLATE=utf8mb4_0900_ai_ci;

--
-- Dumping data for table `goshipping_tblfleet_part_histories`
--


--
-- Table structure for table `goshipping_tblfleet_part_types`
--

CREATE TABLE `goshipping_tblfleet_part_types` (
  `id` int NOT NULL AUTO_INCREMENT,
  `name` text NOT NULL,
  `description` text,
  `datecreated` datetime DEFAULT NULL,
  `addedfrom` int DEFAULT NULL,
  PRIMARY KEY (`id`)
) ENGINE=InnoDB DEFAULT CHARSET=utf8mb4 COLLATE=utf8mb4_0900_ai_ci;

--
-- Dumping data for table `goshipping_tblfleet_part_types`
--


--
-- Table structure for table `goshipping_tblfleet_parts`
--

CREATE TABLE `goshipping_tblfleet_parts` (
  `id` int NOT NULL AUTO_INCREMENT,
  `name` text NOT NULL,
  `part_type_id` int DEFAULT NULL,
  `brand` text,
  `model` text,
  `serial_number` text,
  `vehicle_id` int NOT NULL DEFAULT '0',
  `driver_id` int NOT NULL DEFAULT '0',
  `part_group_id` int DEFAULT NULL,
  `status` text,
  `purchase_vendor` int DEFAULT NULL,
  `purchase_date` date DEFAULT NULL,
  `purchase_price` decimal(15,2) DEFAULT NULL,
  `warranty_expiration_date` date DEFAULT NULL,
  `purchase_comments` text,
  `in_service_date` date DEFAULT NULL,
  `estimated_service_life_in_months` int DEFAULT NULL,
  `estimated_resale_value` decimal(15,2) DEFAULT NULL,
  `out_of_service_date` date DEFAULT NULL,
  `datecreated` datetime DEFAULT NULL,
  `addedfrom` int DEFAULT NULL,
  PRIMARY KEY (`id`)
) ENGINE=InnoDB DEFAULT CHARSET=utf8mb4 COLLATE=utf8mb4_0900_ai_ci;

--
-- Dumping data for table `goshipping_tblfleet_parts`
--


--
-- Table structure for table `goshipping_tblfleet_time_cards`
--

CREATE TABLE `goshipping_tblfleet_time_cards` (
  `id` int NOT NULL AUTO_INCREMENT,
  `logbook_id` int DEFAULT NULL,
  `driver_id` int DEFAULT NULL,
  `start_time` text NOT NULL,
  `end_time` text NOT NULL,
  `notes` text,
  PRIMARY KEY (`id`)
) ENGINE=InnoDB DEFAULT CHARSET=utf8mb4 COLLATE=utf8mb4_0900_ai_ci;

--
-- Dumping data for table `goshipping_tblfleet_time_cards`
--


--
-- Table structure for table `goshipping_tblfleet_vehicle_assignments`
--

CREATE TABLE `goshipping_tblfleet_vehicle_assignments` (
  `id` int NOT NULL AUTO_INCREMENT,
  `driver_id` int NOT NULL,
  `vehicle_id` int NOT NULL,
  `start_time` datetime DEFAULT NULL,
  `starting_odometer` float DEFAULT NULL,
  `end_time` datetime DEFAULT NULL,
  `ending_odometer` float DEFAULT NULL,
  `addedfrom` int DEFAULT NULL,
  PRIMARY KEY (`id`)
) ENGINE=InnoDB DEFAULT CHARSET=utf8mb4 COLLATE=utf8mb4_0900_ai_ci;

--
-- Dumping data for table `goshipping_tblfleet_vehicle_assignments`
--


--
-- Table structure for table `goshipping_tblfleet_vehicle_groups`
--

CREATE TABLE `goshipping_tblfleet_vehicle_groups` (
  `id` int NOT NULL AUTO_INCREMENT,
  `name` text NOT NULL,
  `description` text,
  `datecreated` datetime DEFAULT NULL,
  `addedfrom` int DEFAULT NULL,
  PRIMARY KEY (`id`)
) ENGINE=InnoDB DEFAULT CHARSET=utf8mb4 COLLATE=utf8mb4_0900_ai_ci;

--
-- Dumping data for table `goshipping_tblfleet_vehicle_groups`
--


--
-- Table structure for table `goshipping_tblfleet_vehicle_histories`
--

CREATE TABLE `goshipping_tblfleet_vehicle_histories` (
  `id` int NOT NULL AUTO_INCREMENT,
  `vehicle_id` int NOT NULL,
  `type` text NOT NULL,
  `from_value` text,
  `to_value` text,
  `datecreated` datetime DEFAULT NULL,
  `addedfrom` int DEFAULT NULL,
  PRIMARY KEY (`id`)
) ENGINE=InnoDB DEFAULT CHARSET=utf8mb4 COLLATE=utf8mb4_0900_ai_ci;

--
-- Dumping data for table `goshipping_tblfleet_vehicle_histories`
--


--
-- Table structure for table `goshipping_tblfleet_vehicle_types`
--

CREATE TABLE `goshipping_tblfleet_vehicle_types` (
  `id` int NOT NULL AUTO_INCREMENT,
  `name` text NOT NULL,
  `description` text,
  `datecreated` datetime DEFAULT NULL,
  `addedfrom` int DEFAULT NULL,
  PRIMARY KEY (`id`)
) ENGINE=InnoDB DEFAULT CHARSET=utf8mb4 COLLATE=utf8mb4_0900_ai_ci;

--
-- Dumping data for table `goshipping_tblfleet_vehicle_types`
--


--
-- Table structure for table `goshipping_tblfleet_vehicles`
--

CREATE TABLE `goshipping_tblfleet_vehicles` (
  `id` int NOT NULL AUTO_INCREMENT,
  `name` text NOT NULL,
  `vehicle_type_id` int DEFAULT NULL,
  `vehicle_group_id` int DEFAULT NULL,
  `status` text,
  `description` text,
  `datecreated` datetime DEFAULT NULL,
  `addedfrom` int DEFAULT NULL,
  `model` text,
  `year` text,
  `width` text,
  `height` text,
  `length` text,
  `interior_volume` text,
  `passenger_volume` text,
  `cargo_volume` text,
  `ground_clearance` text,
  `bed_length` text,
  `curb_weight` text,
  `gross_vehicle_weight_rating` text,
  `towing_capacity` text,
  `max_payload` text,
  `epa_city` text,
  `epa_highway` text,
  `epa_combined` text,
  `oil_capacity` text,
  `in_service_date` date DEFAULT NULL,
  `in_service_odometer` int DEFAULT NULL,
  `estimated_service_life_in_months` text,
  `estimated_service_life_in_meter` text,
  `estimated_resale_value` text,
  `out_of_service_date` date DEFAULT NULL,
  `out_of_service_odometer` int DEFAULT NULL,
  `vin` text,
  `license_plate` text,
  `make` text,
  `trim` text,
  `registration_state` text,
  `ownership` text,
  `color` text,
  `body_type` text,
  `body_subtype` text,
  `msrp` text,
  `purchase_vendor` int DEFAULT NULL,
  `purchase_date` date DEFAULT NULL,
  `purchase_price` decimal(15,2) DEFAULT NULL,
  `odometer` int DEFAULT NULL,
  `notes` text,
  `expiration_date` date DEFAULT NULL,
  `max_meter_value` text,
  `engine_summary` text,
  `engine_brand` text,
  `aspiration` text,
  `block_type` text,
  `bore` text,
  `cam_type` text,
  `compression` text,
  `cylinders` text,
  `displacement` text,
  `fuel_induction` text,
  `max_hp` text,
  `max_torque` text,
  `redline_rpm` text,
  `stroke` text,
  `valves` text,
  `transmission_summary` text,
  `transmission_brand` text,
  `transmission_type` text,
  `transmission_gears` text,
  `drive_type` text,
  `brake_system` text,
  `front_track_width` text,
  `rear_track_width` text,
  `wheelbase` text,
  `front_wheel_diameter` text,
  `rear_wheel_diameter` text,
  `rear_axle` text,
  `front_tire_type` text,
  `front_tire_psi` text,
  `rear_tire_type` text,
  `rear_tire_psi` text,
  `fuel_type` text,
  `fuel_quality` text,
  `fuel_tank_1_capacity` text,
  `fuel_tank_2_capacity` text,
  PRIMARY KEY (`id`)
) ENGINE=InnoDB DEFAULT CHARSET=utf8mb4 COLLATE=utf8mb4_0900_ai_ci;

--
-- Dumping data for table `goshipping_tblfleet_vehicles`
--


--
-- Table structure for table `goshipping_tblfleet_work_order_details`
--

CREATE TABLE `goshipping_tblfleet_work_order_details` (
  `id` int NOT NULL AUTO_INCREMENT,
  `work_order_id` int DEFAULT NULL,
  `part_id` int DEFAULT NULL,
  `item_name` text,
  `qty` int DEFAULT NULL,
  `price` decimal(15,2) DEFAULT NULL,
  `total` decimal(15,2) DEFAULT NULL,
  `description` text,
  PRIMARY KEY (`id`)
) ENGINE=InnoDB DEFAULT CHARSET=utf8mb4 COLLATE=utf8mb4_0900_ai_ci;

--
-- Dumping data for table `goshipping_tblfleet_work_order_details`
--


--
-- Table structure for table `goshipping_tblfleet_work_orders`
--

CREATE TABLE `goshipping_tblfleet_work_orders` (
  `id` int NOT NULL AUTO_INCREMENT,
  `subject` text NOT NULL,
  `number` text,
  `vehicle_id` int DEFAULT NULL,
  `driver_id` int DEFAULT NULL,
  `vendor_id` int DEFAULT NULL,
  `invoice_id` int DEFAULT NULL,
  `purchase_order_id` int DEFAULT NULL,
  `status` varchar(45) NOT NULL DEFAULT 'open',
  `issue_date` date DEFAULT NULL,
  `start_date` date DEFAULT NULL,
  `complete_date` date DEFAULT NULL,
  `odometer_in` int DEFAULT NULL,
  `odometer_out` int DEFAULT NULL,
  `total` decimal(15,2) DEFAULT NULL,
  `work_requested` text,
  `notes` text,
  `datecreated` datetime DEFAULT NULL,
  `addedfrom` int DEFAULT NULL,
  `expense_id` int NOT NULL DEFAULT '0',
  `parts` text,
  PRIMARY KEY (`id`)
) ENGINE=InnoDB DEFAULT CHARSET=utf8mb4 COLLATE=utf8mb4_0900_ai_ci;

--
-- Dumping data for table `goshipping_tblfleet_work_orders`
--


--
-- Table structure for table `goshipping_tblflexcategories`
--

CREATE TABLE `goshipping_tblflexcategories` (
  `id` int NOT NULL AUTO_INCREMENT,
  `name` mediumtext NOT NULL,
  `slug` mediumtext NOT NULL,
  PRIMARY KEY (`id`)
) ENGINE=InnoDB DEFAULT CHARSET=utf8mb4 COLLATE=utf8mb4_0900_ai_ci;

--
-- Dumping data for table `goshipping_tblflexcategories`
--


--
-- Table structure for table `goshipping_tblflexemaillists`
--

CREATE TABLE `goshipping_tblflexemaillists` (
  `listid` int NOT NULL AUTO_INCREMENT,
  `name` mediumtext NOT NULL,
  `creator` varchar(100) NOT NULL,
  `datecreated` datetime NOT NULL,
  PRIMARY KEY (`listid`)
) ENGINE=InnoDB DEFAULT CHARSET=utf8mb4 COLLATE=utf8mb4_0900_ai_ci;

--
-- Dumping data for table `goshipping_tblflexemaillists`
--


--
-- Table structure for table `goshipping_tblflexevents`
--

CREATE TABLE `goshipping_tblflexevents` (
  `id` int NOT NULL AUTO_INCREMENT,
  `name` mediumtext NOT NULL,
  `slug` mediumtext NOT NULL,
  `description` text,
  `status` tinyint(1) NOT NULL DEFAULT '1',
  `start_date` datetime NOT NULL,
  `end_date` datetime NOT NULL,
  `create_date` datetime NOT NULL,
  `auto_sync_attendees` tinyint(1) NOT NULL DEFAULT '0',
  `auto_add_to_calendar` tinyint(1) NOT NULL DEFAULT '0',
  `category_id` int NOT NULL,
  `summary` mediumtext,
  `type` mediumtext NOT NULL,
  `location` mediumtext,
  `event_link` mediumtext,
  `password` mediumtext,
  `longitude` double(15,12) DEFAULT NULL,
  `latitude` double(15,12) DEFAULT NULL,
  `privacy` mediumtext NOT NULL,
  `created_by` int NOT NULL,
  `tags` mediumtext,
  PRIMARY KEY (`id`),
  KEY `goshipping_category_event_fk` (`category_id`),
  CONSTRAINT `goshipping_category_event_fk` FOREIGN KEY (`category_id`) REFERENCES `goshipping_tblflexcategories` (`id`) ON DELETE RESTRICT
) ENGINE=InnoDB DEFAULT CHARSET=utf8mb4 COLLATE=utf8mb4_0900_ai_ci;

--
-- Dumping data for table `goshipping_tblflexevents`
--


--
-- Table structure for table `goshipping_tblfleximages`
--

CREATE TABLE `goshipping_tblfleximages` (
  `id` int NOT NULL AUTO_INCREMENT,
  `event_id` int NOT NULL,
  `file_name` mediumtext NOT NULL,
  `original_file_name` mediumtext NOT NULL,
  `filetype` mediumtext NOT NULL,
  `dateadded` datetime NOT NULL,
  `uploaded_by` int NOT NULL,
  `subject` mediumtext NOT NULL,
  PRIMARY KEY (`id`),
  KEY `goshipping_event_image_fk` (`event_id`),
  CONSTRAINT `goshipping_event_image_fk` FOREIGN KEY (`event_id`) REFERENCES `goshipping_tblflexevents` (`id`) ON DELETE RESTRICT
) ENGINE=InnoDB DEFAULT CHARSET=utf8mb4 COLLATE=utf8mb4_0900_ai_ci;

--
-- Dumping data for table `goshipping_tblfleximages`
--


--
-- Table structure for table `goshipping_tblflexinvitationsemailsendcron`
--

CREATE TABLE `goshipping_tblflexinvitationsemailsendcron` (
  `id` int NOT NULL AUTO_INCREMENT,
  `eventid` int NOT NULL,
  `email` varchar(100) NOT NULL,
  `emailid` int DEFAULT NULL,
  `listid` varchar(11) DEFAULT NULL,
  `log_id` int NOT NULL,
  PRIMARY KEY (`id`)
) ENGINE=InnoDB DEFAULT CHARSET=utf8mb4 COLLATE=utf8mb4_0900_ai_ci;

--
-- Dumping data for table `goshipping_tblflexinvitationsemailsendcron`
--


--
-- Table structure for table `goshipping_tblflexinvitationsendlog`
--

CREATE TABLE `goshipping_tblflexinvitationsendlog` (
  `id` int NOT NULL AUTO_INCREMENT,
  `eventid` int NOT NULL,
  `total` int NOT NULL,
  `date` datetime NOT NULL,
  `iscronfinished` int NOT NULL DEFAULT '0',
  `send_to_mail_lists` text,
  PRIMARY KEY (`id`)
) ENGINE=InnoDB DEFAULT CHARSET=utf8mb4 COLLATE=utf8mb4_0900_ai_ci;

--
-- Dumping data for table `goshipping_tblflexinvitationsendlog`
--


--
-- Table structure for table `goshipping_tblflexlistemails`
--

CREATE TABLE `goshipping_tblflexlistemails` (
  `emailid` int NOT NULL AUTO_INCREMENT,
  `listid` int NOT NULL,
  `email` varchar(100) NOT NULL,
  `dateadded` datetime NOT NULL,
  PRIMARY KEY (`emailid`)
) ENGINE=InnoDB DEFAULT CHARSET=utf8mb4 COLLATE=utf8mb4_0900_ai_ci;

--
-- Dumping data for table `goshipping_tblflexlistemails`
--


--
-- Table structure for table `goshipping_tblflexsocialchannels`
--

CREATE TABLE `goshipping_tblflexsocialchannels` (
  `id` int NOT NULL AUTO_INCREMENT,
  `event_id` int NOT NULL,
  `channel_id` mediumtext NOT NULL,
  `url` mediumtext NOT NULL,
  PRIMARY KEY (`id`),
  KEY `goshipping_event_socialchannel_fk` (`event_id`),
  CONSTRAINT `goshipping_event_socialchannel_fk` FOREIGN KEY (`event_id`) REFERENCES `goshipping_tblflexevents` (`id`) ON DELETE RESTRICT
) ENGINE=InnoDB DEFAULT CHARSET=utf8mb4 COLLATE=utf8mb4_0900_ai_ci;

--
-- Dumping data for table `goshipping_tblflexsocialchannels`
--


--
-- Table structure for table `goshipping_tblflexspeakers`
--

CREATE TABLE `goshipping_tblflexspeakers` (
  `id` int NOT NULL AUTO_INCREMENT,
  `event_id` int NOT NULL,
  `name` mediumtext NOT NULL,
  `email` mediumtext NOT NULL,
  `image` mediumtext NOT NULL,
  `show` tinyint(1) DEFAULT '0',
  `bio` text,
  PRIMARY KEY (`id`),
  KEY `goshipping_event_speaker_fk` (`event_id`),
  CONSTRAINT `goshipping_event_speaker_fk` FOREIGN KEY (`event_id`) REFERENCES `goshipping_tblflexevents` (`id`) ON DELETE CASCADE
) ENGINE=InnoDB DEFAULT CHARSET=utf8mb4 COLLATE=utf8mb4_0900_ai_ci;

--
-- Dumping data for table `goshipping_tblflexspeakers`
--


--
-- Table structure for table `goshipping_tblflexticketorders`
--

CREATE TABLE `goshipping_tblflexticketorders` (
  `id` int NOT NULL AUTO_INCREMENT,
  `eventid` int NOT NULL,
  `invoiceid` int DEFAULT NULL,
  `attendee_name` varchar(100) NOT NULL,
  `attendee_email` varchar(100) NOT NULL,
  `attendee_mobile` varchar(100) DEFAULT NULL,
  `attendee_company` varchar(100) DEFAULT NULL,
  `total_amount` double(15,3) NOT NULL DEFAULT '0.000',
  `tickets_sent` tinyint(1) NOT NULL DEFAULT '0',
  `in_leads` tinyint(1) NOT NULL DEFAULT '0',
  PRIMARY KEY (`id`)
) ENGINE=InnoDB DEFAULT CHARSET=utf8mb4 COLLATE=utf8mb4_0900_ai_ci;

--
-- Dumping data for table `goshipping_tblflexticketorders`
--


--
-- Table structure for table `goshipping_tblflextickets`
--

CREATE TABLE `goshipping_tblflextickets` (
  `id` int NOT NULL AUTO_INCREMENT,
  `event_id` int NOT NULL,
  `name` mediumtext NOT NULL,
  `status` mediumtext NOT NULL,
  `quantity` int NOT NULL,
  `paid` tinyint(1) DEFAULT '0',
  `currency` mediumtext,
  `price` double(15,3) DEFAULT NULL,
  `min_buying_limit` int DEFAULT NULL,
  `max_buying_limit` int DEFAULT NULL,
  `sales_start_date` datetime DEFAULT NULL,
  `sales_end_date` datetime DEFAULT NULL,
  `description` text,
  PRIMARY KEY (`id`),
  KEY `goshipping_event_ticket_fk` (`event_id`),
  CONSTRAINT `goshipping_event_ticket_fk` FOREIGN KEY (`event_id`) REFERENCES `goshipping_tblflexevents` (`id`) ON DELETE CASCADE
) ENGINE=InnoDB DEFAULT CHARSET=utf8mb4 COLLATE=utf8mb4_0900_ai_ci;

--
-- Dumping data for table `goshipping_tblflextickets`
--


--
-- Table structure for table `goshipping_tblflexticketsales`
--

CREATE TABLE `goshipping_tblflexticketsales` (
  `id` int NOT NULL AUTO_INCREMENT,
  `ticketorderid` int NOT NULL,
  `eventid` int NOT NULL,
  `ticketid` int NOT NULL,
  `reference_code` varchar(100) NOT NULL,
  `quantity` int NOT NULL,
  `sub_total` double(15,3) DEFAULT NULL,
  `checked_in` int NOT NULL DEFAULT '0',
  PRIMARY KEY (`id`)
) ENGINE=InnoDB DEFAULT CHARSET=utf8mb4 COLLATE=utf8mb4_0900_ai_ci;

--
-- Dumping data for table `goshipping_tblflexticketsales`
--


--
-- Table structure for table `goshipping_tblflexvideos`
--

CREATE TABLE `goshipping_tblflexvideos` (
  `id` int NOT NULL AUTO_INCREMENT,
  `event_id` int NOT NULL,
  `url` mediumtext NOT NULL,
  PRIMARY KEY (`id`),
  KEY `goshipping_event_video_fk` (`event_id`),
  CONSTRAINT `goshipping_event_video_fk` FOREIGN KEY (`event_id`) REFERENCES `goshipping_tblflexevents` (`id`) ON DELETE RESTRICT
) ENGINE=InnoDB DEFAULT CHARSET=utf8mb4 COLLATE=utf8mb4_0900_ai_ci;

--
-- Dumping data for table `goshipping_tblflexvideos`
--


--
-- Table structure for table `goshipping_tblfmlcustomfields`
--

CREATE TABLE `goshipping_tblfmlcustomfields` (
  `customfieldid` int NOT NULL AUTO_INCREMENT,
  `listid` int NOT NULL,
  `fieldname` varchar(150) NOT NULL,
  `fieldslug` varchar(100) NOT NULL,
  PRIMARY KEY (`customfieldid`)
) ENGINE=InnoDB DEFAULT CHARSET=utf8mb4 COLLATE=utf8mb4_0900_ai_ci;

--
-- Dumping data for table `goshipping_tblfmlcustomfields`
--


--
-- Table structure for table `goshipping_tblfmlcustomfieldvalues`
--

CREATE TABLE `goshipping_tblfmlcustomfieldvalues` (
  `customfieldvalueid` int NOT NULL AUTO_INCREMENT,
  `listid` int NOT NULL,
  `customfieldid` int NOT NULL,
  `emailid` int NOT NULL,
  `value` varchar(100) NOT NULL,
  PRIMARY KEY (`customfieldvalueid`),
  KEY `listid` (`listid`),
  KEY `customfieldid` (`customfieldid`)
) ENGINE=InnoDB DEFAULT CHARSET=utf8mb4 COLLATE=utf8mb4_0900_ai_ci;

--
-- Dumping data for table `goshipping_tblfmlcustomfieldvalues`
--


--
-- Table structure for table `goshipping_tblform_question_box`
--

CREATE TABLE `goshipping_tblform_question_box` (
  `boxid` int NOT NULL AUTO_INCREMENT,
  `boxtype` varchar(10) CHARACTER SET utf8mb4 COLLATE utf8mb4_unicode_ci NOT NULL,
  `questionid` int NOT NULL,
  PRIMARY KEY (`boxid`)
) ENGINE=InnoDB DEFAULT CHARSET=utf8mb4 COLLATE=utf8mb4_unicode_ci;

--
-- Dumping data for table `goshipping_tblform_question_box`
--


--
-- Table structure for table `goshipping_tblform_question_box_description`
--

CREATE TABLE `goshipping_tblform_question_box_description` (
  `questionboxdescriptionid` int NOT NULL AUTO_INCREMENT,
  `description` longtext CHARACTER SET utf8mb4 COLLATE utf8mb4_unicode_ci NOT NULL,
  `boxid` longtext CHARACTER SET utf8mb4 COLLATE utf8mb4_unicode_ci NOT NULL,
  `questionid` int NOT NULL,
  PRIMARY KEY (`questionboxdescriptionid`)
) ENGINE=InnoDB DEFAULT CHARSET=utf8mb4 COLLATE=utf8mb4_unicode_ci;

--
-- Dumping data for table `goshipping_tblform_question_box_description`
--


--
-- Table structure for table `goshipping_tblform_questions`
--

CREATE TABLE `goshipping_tblform_questions` (
  `questionid` int NOT NULL AUTO_INCREMENT,
  `rel_id` int NOT NULL,
  `rel_type` varchar(20) CHARACTER SET utf8mb4 COLLATE utf8mb4_unicode_ci DEFAULT NULL,
  `question` longtext CHARACTER SET utf8mb4 COLLATE utf8mb4_unicode_ci NOT NULL,
  `required` tinyint(1) NOT NULL DEFAULT '0',
  `question_order` int NOT NULL,
  PRIMARY KEY (`questionid`)
) ENGINE=InnoDB DEFAULT CHARSET=utf8mb4 COLLATE=utf8mb4_unicode_ci;

--
-- Dumping data for table `goshipping_tblform_questions`
--


--
-- Table structure for table `goshipping_tblform_results`
--

CREATE TABLE `goshipping_tblform_results` (
  `resultid` int NOT NULL AUTO_INCREMENT,
  `boxid` int NOT NULL,
  `boxdescriptionid` int DEFAULT NULL,
  `rel_id` int NOT NULL,
  `rel_type` varchar(20) CHARACTER SET utf8mb4 COLLATE utf8mb4_unicode_ci DEFAULT NULL,
  `questionid` int NOT NULL,
  `answer` mediumtext CHARACTER SET utf8mb4 COLLATE utf8mb4_unicode_ci,
  `resultsetid` int NOT NULL,
  PRIMARY KEY (`resultid`)
) ENGINE=InnoDB DEFAULT CHARSET=utf8mb4 COLLATE=utf8mb4_unicode_ci;

--
-- Dumping data for table `goshipping_tblform_results`
--


--
-- Table structure for table `goshipping_tblfs_downloads`
--

CREATE TABLE `goshipping_tblfs_downloads` (
  `id` int NOT NULL AUTO_INCREMENT,
  `hash_share` varchar(255) NOT NULL,
  `time` datetime NOT NULL,
  `ip` varchar(255) NOT NULL,
  `browser_name` varchar(45) DEFAULT NULL,
  `http_user_agent` text,
  PRIMARY KEY (`id`)
) ENGINE=InnoDB DEFAULT CHARSET=utf8mb4 COLLATE=utf8mb4_0900_ai_ci;

--
-- Dumping data for table `goshipping_tblfs_downloads`
--


--
-- Table structure for table `goshipping_tblfs_file_overview`
--

CREATE TABLE `goshipping_tblfs_file_overview` (
  `id` int unsigned NOT NULL AUTO_INCREMENT,
  `fileid` varchar(255) NOT NULL,
  `type` varchar(20) DEFAULT NULL,
  `path` text,
  `number` int NOT NULL DEFAULT '0',
  `created_at` varchar(11) DEFAULT NULL,
  `inserted_at` datetime NOT NULL DEFAULT CURRENT_TIMESTAMP,
  `updated_at` datetime NOT NULL DEFAULT CURRENT_TIMESTAMP,
  `hash` varchar(250) NOT NULL DEFAULT '',
  `dir` int NOT NULL DEFAULT '0',
  `hash_share` varchar(45) DEFAULT NULL,
  PRIMARY KEY (`id`)
) ENGINE=InnoDB AUTO_INCREMENT=12 DEFAULT CHARSET=utf8mb4 COLLATE=utf8mb4_0900_ai_ci;

--
-- Dumping data for table `goshipping_tblfs_file_overview`
--

INSERT INTO `goshipping_tblfs_file_overview` VALUES (1,'1729767751','directory','Main File Sharing/mr-salat',0,'1','2024-10-24 11:02:31','2024-10-24 11:02:31','',1,'shwYH4'),(2,'172976775124','directory','modules/file_sharing/uploads/Main File Sharing/mr-salat/Shared',0,'1','2024-10-24 11:02:31','2024-10-24 11:02:31','',1,'K2mqwV'),(3,'172976775165','directory','modules/file_sharing/uploads/Main File Sharing/.trash/mr-salat',0,'1','2024-10-24 11:02:31','2024-10-24 11:02:31','',1,'hmtDn2'),(4,'1729767752','directory','/var/www/html/tagrit/modules/file_sharing/uploads/Main File Sharing/mr-salat',0,'1','2024-10-24 11:02:32','2024-10-24 11:02:32','',1,'TLLgix'),(5,'172976775257','directory','modules/file_sharing/uploads/Main File Sharing/mr-salat/Shared',0,'1','2024-10-24 11:02:32','2024-10-24 11:02:32','',1,'ZBvSZc'),(6,'1736838729','directory','/var/www/html/tagrit/modules/file_sharing/uploads/Main File Sharing/mr-salat',0,'1','2025-01-14 07:12:09','2025-01-14 07:12:09','',1,'URbOCl'),(7,'173683872981','directory','modules/file_sharing/uploads/Main File Sharing/mr-salat/Shared',0,'1','2025-01-14 07:12:09','2025-01-14 07:12:09','',1,'NWZFV4'),(8,'173683872972','directory','modules/file_sharing/uploads/Main File Sharing/.trash/mr-salat',0,'1','2025-01-14 07:12:09','2025-01-14 07:12:09','',1,'Xx0NGQ'),(9,'1742975916','directory','/var/www/html/tagrit/modules/file_sharing/uploads/Main File Sharing/geedlaal-logistics',0,'13','2025-03-26 07:58:36','2025-03-26 07:58:36','',1,'PJniaG'),(10,'174297591694','directory','modules/file_sharing/uploads/Main File Sharing/geedlaal-logistics/Shared',0,'13','2025-03-26 07:58:36','2025-03-26 07:58:36','',1,'OTsUDT'),(11,'174297591652','directory','modules/file_sharing/uploads/Main File Sharing/.trash/geedlaal-logistics',0,'13','2025-03-26 07:58:36','2025-03-26 07:58:36','',1,'93IkF0');

--
-- Table structure for table `goshipping_tblfs_genenal_ip_share`
--

CREATE TABLE `goshipping_tblfs_genenal_ip_share` (
  `id` int unsigned NOT NULL AUTO_INCREMENT,
  `parrent_id` varchar(11) NOT NULL,
  `ip_share` varchar(20) DEFAULT NULL,
  `inserted_at` datetime NOT NULL DEFAULT CURRENT_TIMESTAMP,
  `updated_at` datetime NOT NULL DEFAULT CURRENT_TIMESTAMP,
  PRIMARY KEY (`id`)
) ENGINE=InnoDB DEFAULT CHARSET=utf8mb4 COLLATE=utf8mb4_0900_ai_ci;

--
-- Dumping data for table `goshipping_tblfs_genenal_ip_share`
--


--
-- Table structure for table `goshipping_tblfs_setting_configuration`
--

CREATE TABLE `goshipping_tblfs_setting_configuration` (
  `id` int unsigned NOT NULL AUTO_INCREMENT,
  `type` varchar(20) DEFAULT NULL,
  `is_read` int NOT NULL DEFAULT '0',
  `is_upload` int NOT NULL DEFAULT '0',
  `is_download` int NOT NULL DEFAULT '0',
  `is_delete` int NOT NULL DEFAULT '0',
  `is_write` int NOT NULL DEFAULT '0',
  `password` varchar(255) DEFAULT NULL,
  `max_size` int NOT NULL DEFAULT '2',
  `min_size` int NOT NULL DEFAULT '1',
  `created_at` varchar(11) DEFAULT NULL,
  `inserted_at` datetime NOT NULL DEFAULT CURRENT_TIMESTAMP,
  `updated_at` datetime NOT NULL DEFAULT CURRENT_TIMESTAMP,
  `is_share` int NOT NULL DEFAULT '0',
  PRIMARY KEY (`id`)
) ENGINE=InnoDB DEFAULT CHARSET=utf8mb4 COLLATE=utf8mb4_0900_ai_ci;

--
-- Dumping data for table `goshipping_tblfs_setting_configuration`
--


--
-- Table structure for table `goshipping_tblfs_setting_configuration_relationship`
--

CREATE TABLE `goshipping_tblfs_setting_configuration_relationship` (
  `id` int NOT NULL AUTO_INCREMENT,
  `configuration_id` int NOT NULL,
  `rel_type` varchar(45) NOT NULL,
  `rel_id` int NOT NULL,
  PRIMARY KEY (`id`)
) ENGINE=InnoDB DEFAULT CHARSET=utf8mb4 COLLATE=utf8mb4_0900_ai_ci;

--
-- Dumping data for table `goshipping_tblfs_setting_configuration_relationship`
--


--
-- Table structure for table `goshipping_tblfs_sharing_relationship`
--

CREATE TABLE `goshipping_tblfs_sharing_relationship` (
  `id` int NOT NULL AUTO_INCREMENT,
  `share_id` int NOT NULL,
  `type` varchar(45) NOT NULL,
  `value` varchar(255) NOT NULL,
  PRIMARY KEY (`id`)
) ENGINE=InnoDB DEFAULT CHARSET=utf8mb4 COLLATE=utf8mb4_0900_ai_ci;

--
-- Dumping data for table `goshipping_tblfs_sharing_relationship`
--


--
-- Table structure for table `goshipping_tblfs_sharings`
--

CREATE TABLE `goshipping_tblfs_sharings` (
  `id` int NOT NULL AUTO_INCREMENT,
  `is_read` int NOT NULL DEFAULT '0',
  `is_upload` int NOT NULL DEFAULT '0',
  `is_download` int NOT NULL DEFAULT '0',
  `is_delete` int NOT NULL DEFAULT '0',
  `is_write` int NOT NULL DEFAULT '0',
  `password` varchar(255) DEFAULT NULL,
  `expiration_date_apply` int DEFAULT NULL,
  `expiration_date` date DEFAULT NULL,
  `expiration_date_delete` int DEFAULT NULL,
  `download_limits_apply` int DEFAULT NULL,
  `download_limits` int DEFAULT NULL,
  `download_limits_delete` int DEFAULT NULL,
  `hash_share` varchar(255) DEFAULT NULL,
  `created_at` int NOT NULL,
  `type` varchar(45) NOT NULL,
  `inserted_at` datetime NOT NULL,
  `updated_at` datetime DEFAULT NULL,
  `isowner` tinyint DEFAULT NULL,
  `phash` text,
  `locked` tinyint DEFAULT NULL,
  `mime` varchar(255) DEFAULT NULL,
  `name` varchar(255) DEFAULT NULL,
  `read` tinyint DEFAULT NULL,
  `size` varchar(255) DEFAULT NULL,
  `ts` varchar(255) DEFAULT NULL,
  `write` tinyint DEFAULT NULL,
  `hash` text,
  `url` text,
  `has_been_deleted` int NOT NULL DEFAULT '0',
  `downloads` int NOT NULL DEFAULT '0',
  PRIMARY KEY (`id`)
) ENGINE=InnoDB DEFAULT CHARSET=utf8mb4 COLLATE=utf8mb4_0900_ai_ci;

--
-- Dumping data for table `goshipping_tblfs_sharings`
--


--
-- Table structure for table `goshipping_tblgdpr_requests`
--

CREATE TABLE `goshipping_tblgdpr_requests` (
  `id` int NOT NULL AUTO_INCREMENT,
  `clientid` int NOT NULL DEFAULT '0',
  `contact_id` int NOT NULL DEFAULT '0',
  `lead_id` int NOT NULL DEFAULT '0',
  `request_type` varchar(191) CHARACTER SET utf8mb4 COLLATE utf8mb4_unicode_ci DEFAULT NULL,
  `status` varchar(40) CHARACTER SET utf8mb4 COLLATE utf8mb4_unicode_ci DEFAULT NULL,
  `request_date` datetime NOT NULL,
  `request_from` varchar(150) CHARACTER SET utf8mb4 COLLATE utf8mb4_unicode_ci DEFAULT NULL,
  `description` mediumtext CHARACTER SET utf8mb4 COLLATE utf8mb4_unicode_ci,
  PRIMARY KEY (`id`)
) ENGINE=InnoDB DEFAULT CHARSET=utf8mb4 COLLATE=utf8mb4_unicode_ci;

--
-- Dumping data for table `goshipping_tblgdpr_requests`
--


--
-- Table structure for table `goshipping_tblgoals`
--

CREATE TABLE `goshipping_tblgoals` (
  `id` int NOT NULL AUTO_INCREMENT,
  `subject` varchar(191) NOT NULL,
  `description` text NOT NULL,
  `start_date` date NOT NULL,
  `end_date` date NOT NULL,
  `goal_type` int NOT NULL,
  `contract_type` int NOT NULL DEFAULT '0',
  `achievement` int NOT NULL,
  `notify_when_fail` tinyint(1) NOT NULL DEFAULT '1',
  `notify_when_achieve` tinyint(1) NOT NULL DEFAULT '1',
  `notified` int NOT NULL DEFAULT '0',
  `staff_id` int NOT NULL DEFAULT '0',
  PRIMARY KEY (`id`),
  KEY `staff_id` (`staff_id`)
) ENGINE=InnoDB DEFAULT CHARSET=utf8mb4 COLLATE=utf8mb4_0900_ai_ci;

--
-- Dumping data for table `goshipping_tblgoals`
--


--
-- Table structure for table `goshipping_tblgoods_delivery`
--

CREATE TABLE `goshipping_tblgoods_delivery` (
  `id` int unsigned NOT NULL AUTO_INCREMENT,
  `rel_type` int DEFAULT NULL COMMENT 'type goods delivery',
  `rel_document` int DEFAULT NULL COMMENT 'document id of goods delivery',
  `customer_code` text,
  `customer_name` varchar(100) DEFAULT NULL,
  `to_` varchar(100) DEFAULT NULL,
  `address` varchar(100) DEFAULT NULL,
  `description` text COMMENT 'the reason delivery',
  `staff_id` int DEFAULT NULL COMMENT 'salesman',
  `date_c` date DEFAULT NULL,
  `date_add` date DEFAULT NULL,
  `goods_delivery_code` varchar(100) DEFAULT NULL COMMENT 'số chứng từ xuất kho',
  `warehouse_id` int DEFAULT NULL,
  `total_money` varchar(200) DEFAULT NULL,
  `approval` int DEFAULT '0' COMMENT 'status approval ',
  `addedfrom` int DEFAULT NULL,
  `total_discount` varchar(100) DEFAULT NULL,
  `after_discount` varchar(100) DEFAULT NULL,
  `invoice_id` varchar(100) DEFAULT NULL,
  `project` text,
  `type` text,
  `department` int DEFAULT NULL,
  `requester` int DEFAULT NULL,
  `invoice_no` text,
  `pr_order_id` int DEFAULT NULL,
  `type_of_delivery` varchar(100) DEFAULT 'total',
  `additional_discount` decimal(15,2) DEFAULT '0.00',
  `sub_total` decimal(15,2) DEFAULT '0.00',
  `delivery_status` varchar(100) DEFAULT 'ready_for_packing',
  `shipping_fee` decimal(15,2) DEFAULT '0.00',
  PRIMARY KEY (`id`)
) ENGINE=InnoDB AUTO_INCREMENT=2 DEFAULT CHARSET=utf8mb4 COLLATE=utf8mb4_0900_ai_ci;

--
-- Dumping data for table `goshipping_tblgoods_delivery`
--

INSERT INTO `goshipping_tblgoods_delivery` VALUES (1,NULL,NULL,'',NULL,'','','',0,'2025-03-20','2025-03-20','XK1',NULL,'0',1,10,'0','0','','','',0,0,'',0,'total',0.00,0.00,NULL,0.00);

--
-- Table structure for table `goshipping_tblgoods_delivery_detail`
--

CREATE TABLE `goshipping_tblgoods_delivery_detail` (
  `id` int unsigned NOT NULL AUTO_INCREMENT,
  `goods_delivery_id` int NOT NULL,
  `commodity_code` varchar(100) DEFAULT NULL,
  `commodity_name` text,
  `warehouse_id` text,
  `unit_id` text,
  `quantities` text,
  `unit_price` varchar(100) DEFAULT NULL,
  `total_money` varchar(200) DEFAULT NULL,
  `note` text,
  `discount` varchar(100) DEFAULT NULL,
  `discount_money` varchar(100) DEFAULT NULL,
  `available_quantity` varchar(100) DEFAULT NULL,
  `tax_id` varchar(100) DEFAULT NULL,
  `total_after_discount` varchar(100) DEFAULT NULL,
  `expiry_date` text,
  `lot_number` text,
  `guarantee_period` text,
  `tax_rate` text,
  `tax_name` text,
  `sub_total` decimal(15,2) DEFAULT '0.00',
  `packing_qty` decimal(15,2) DEFAULT '0.00',
  `serial_number` varchar(255) DEFAULT NULL,
  PRIMARY KEY (`id`)
) ENGINE=InnoDB AUTO_INCREMENT=2 DEFAULT CHARSET=utf8mb4 COLLATE=utf8mb4_0900_ai_ci;

--
-- Dumping data for table `goshipping_tblgoods_delivery_detail`
--

INSERT INTO `goshipping_tblgoods_delivery_detail` VALUES (1,1,'1','_Test product','2','','9','0.00','0','','','0','14',NULL,'0','','','',NULL,NULL,0.00,0.00,'');

--
-- Table structure for table `goshipping_tblgoods_delivery_invoices_pr_orders`
--

CREATE TABLE `goshipping_tblgoods_delivery_invoices_pr_orders` (
  `id` int unsigned NOT NULL AUTO_INCREMENT,
  `rel_id` int DEFAULT NULL COMMENT 'goods_delivery_id',
  `rel_type` int DEFAULT NULL COMMENT 'invoice_id or purchase order id',
  `type` varchar(100) DEFAULT NULL COMMENT 'invoice,  purchase_orders',
  PRIMARY KEY (`id`)
) ENGINE=InnoDB DEFAULT CHARSET=utf8mb4 COLLATE=utf8mb4_0900_ai_ci;

--
-- Dumping data for table `goshipping_tblgoods_delivery_invoices_pr_orders`
--


--
-- Table structure for table `goshipping_tblgoods_receipt`
--

CREATE TABLE `goshipping_tblgoods_receipt` (
  `id` int unsigned NOT NULL AUTO_INCREMENT,
  `supplier_code` varchar(100) DEFAULT NULL,
  `supplier_name` text,
  `deliver_name` text,
  `buyer_id` int DEFAULT NULL,
  `description` text,
  `pr_order_id` int DEFAULT NULL COMMENT 'code puchase request agree',
  `date_c` date DEFAULT NULL,
  `date_add` date DEFAULT NULL,
  `goods_receipt_code` varchar(100) DEFAULT NULL,
  `warehouse_id` int DEFAULT NULL,
  `total_tax_money` varchar(100) DEFAULT NULL,
  `total_goods_money` varchar(100) DEFAULT NULL,
  `value_of_inventory` varchar(100) DEFAULT NULL,
  `total_money` varchar(100) DEFAULT NULL COMMENT 'total_money = total_tax_money +total_goods_money ',
  `addedfrom` int DEFAULT NULL,
  `approval` int DEFAULT '0',
  `project` text,
  `type` text,
  `department` int DEFAULT NULL,
  `requester` int DEFAULT NULL,
  `expiry_date` date DEFAULT NULL,
  `invoice_no` text,
  PRIMARY KEY (`id`)
) ENGINE=InnoDB AUTO_INCREMENT=7 DEFAULT CHARSET=utf8mb4 COLLATE=utf8mb4_0900_ai_ci;

--
-- Dumping data for table `goshipping_tblgoods_receipt`
--

INSERT INTO `goshipping_tblgoods_receipt` VALUES (1,'1','ISUZU LTYD','',10,'',1,'2025-03-20','2025-03-20','NK1',0,'0','450','450','450',10,1,'','',0,0,'2025-03-20',''),(2,'2','ISUZU LTYD','',0,'PARTS ASSEMBLY FOR 50 UNITS AS PER PACKING LIST',0,'2025-05-06','2025-05-06','NK2',1,'0','0','0','0',8,1,'','',0,0,'2025-05-06',''),(3,'2','ISUZU LTYD','',0,'PARTS FOR 50 TRICYCLES AS PER PACKING LIST',0,'2025-05-06','2025-05-06','NK3',1,'0','0','0','0',8,1,'','',0,0,'2025-05-06',''),(4,'2','ISUZU LTYD','',0,'50 UNITS FOR TRICYCLE ASSEMBLY AS PER PACKING LIST',0,'2025-05-06','2025-05-06','NK4',1,'0','0','0','0',8,1,'','',0,0,'2025-05-06',''),(5,'2','ISUZU LTYD','',0,'TRICYCLE PARTS FOR 30 UNITS AS PER INVOICE',0,'2025-05-06','2025-05-06','NK5',0,'0','0','0','0',8,1,'','',0,0,'2025-05-06',''),(6,'2','ISUZU LTYD','',0,'TRICYCLE PARTS FOR 50 UNITS AS PER INVOICE',0,'2025-05-06','2025-05-06','NK6',0,'0','0','0','0',8,1,'','',0,0,'2025-05-06','');

--
-- Table structure for table `goshipping_tblgoods_receipt_detail`
--

CREATE TABLE `goshipping_tblgoods_receipt_detail` (
  `id` int unsigned NOT NULL AUTO_INCREMENT,
  `goods_receipt_id` int NOT NULL,
  `commodity_code` varchar(100) DEFAULT NULL,
  `commodity_name` text,
  `warehouse_id` text,
  `unit_id` text,
  `quantities` text,
  `unit_price` varchar(100) DEFAULT NULL,
  `tax` varchar(100) DEFAULT NULL,
  `tax_money` varchar(100) DEFAULT NULL,
  `goods_money` varchar(100) DEFAULT NULL,
  `date_manufacture` date DEFAULT NULL,
  `expiry_date` date DEFAULT NULL,
  `note` text,
  `discount` varchar(100) DEFAULT NULL,
  `discount_money` varchar(100) DEFAULT NULL,
  `lot_number` varchar(100) DEFAULT NULL,
  `tax_rate` text,
  `sub_total` decimal(15,2) DEFAULT '0.00',
  `tax_name` text,
  `serial_number` varchar(255) DEFAULT NULL,
  PRIMARY KEY (`id`)
) ENGINE=InnoDB AUTO_INCREMENT=7 DEFAULT CHARSET=utf8mb4 COLLATE=utf8mb4_0900_ai_ci;

--
-- Dumping data for table `goshipping_tblgoods_receipt_detail`
--

INSERT INTO `goshipping_tblgoods_receipt_detail` VALUES (1,1,'2','BR_BREAD','1','1','10','45',NULL,'0','450',NULL,NULL,'',NULL,NULL,'',NULL,450.00,NULL,''),(2,2,'3','002345_TRICYCLE PARTS','1','1','50','0.00',NULL,'0','0',NULL,NULL,'',NULL,NULL,'',NULL,0.00,NULL,'CONTAINER NO: IAAU1902998'),(3,3,'3','002345_TRICYCLE PARTS','1','1','50','0.00',NULL,'0','0',NULL,NULL,'',NULL,NULL,'',NULL,0.00,NULL,'CONTAINER NO: IAAU1800379'),(4,4,'3','002345_TRICYCLE PARTS','1','1','50','0',NULL,'0','0',NULL,NULL,'',NULL,NULL,'',NULL,0.00,NULL,'CONTAINER NUMBER: IAAU1925355'),(5,5,'3','002345_TRICYCLE PARTS','1','1','30','0.00',NULL,'0','0',NULL,NULL,'',NULL,NULL,'',NULL,0.00,NULL,'CONTAINER NO: IAAU1800379'),(6,6,'3','002345_TRICYCLE PARTS','1','1','50','0.00',NULL,'0','0',NULL,NULL,'',NULL,NULL,'',NULL,0.00,NULL,'CONTAINER NO: IAAU1925355');

--
-- Table structure for table `goshipping_tblgoods_transaction_detail`
--

CREATE TABLE `goshipping_tblgoods_transaction_detail` (
  `id` int unsigned NOT NULL AUTO_INCREMENT,
  `goods_receipt_id` int DEFAULT NULL COMMENT 'id_goods_receipt_id or goods_delivery_id',
  `goods_id` int NOT NULL COMMENT ' is id commodity',
  `old_quantity` varchar(100) DEFAULT NULL,
  `quantity` varchar(100) DEFAULT NULL,
  `date_add` datetime DEFAULT NULL,
  `commodity_id` int NOT NULL,
  `warehouse_id` text NOT NULL,
  `note` text,
  `status` int DEFAULT NULL COMMENT '1:Goods receipt note 2:Goods delivery note',
  `purchase_price` varchar(100) DEFAULT NULL,
  `price` varchar(100) DEFAULT NULL,
  `expiry_date` text,
  `lot_number` text,
  `from_stock_name` int DEFAULT NULL,
  `to_stock_name` int DEFAULT NULL,
  `serial_number` varchar(255) DEFAULT NULL,
  PRIMARY KEY (`id`,`commodity_id`)
) ENGINE=InnoDB AUTO_INCREMENT=10 DEFAULT CHARSET=utf8mb4 COLLATE=utf8mb4_0900_ai_ci;

--
-- Dumping data for table `goshipping_tblgoods_transaction_detail`
--

INSERT INTO `goshipping_tblgoods_transaction_detail` VALUES (1,0,0,'0','20','2025-03-20 13:31:12',2,'1','Import opening stock',1,'45.00',NULL,NULL,NULL,NULL,NULL,NULL),(2,0,0,'0','14','2025-03-20 13:31:45',1,'2','Import opening stock',1,NULL,NULL,NULL,NULL,NULL,NULL,NULL),(3,1,1,'20','10','2025-03-20 14:22:41',2,'1','',1,'45',NULL,NULL,'',NULL,NULL,''),(4,1,1,'5','9','2025-03-20 14:26:37',1,'2','',2,NULL,'0.00',NULL,NULL,NULL,NULL,''),(5,2,2,NULL,'50','2025-05-06 14:25:56',3,'1','',1,'0.00',NULL,NULL,'',NULL,NULL,'CONTAINER NO: IAAU1902998'),(6,3,3,'50','50','2025-05-06 16:09:48',3,'1','',1,'0.00',NULL,NULL,'',NULL,NULL,'CONTAINER NO: IAAU1800379'),(7,4,4,'100','50','2025-05-06 18:15:57',3,'1','',1,'0',NULL,NULL,'',NULL,NULL,'CONTAINER NUMBER: IAAU1925355'),(8,5,5,'150','30','2025-05-06 19:43:51',3,'1','',1,'0.00',NULL,NULL,'',NULL,NULL,'CONTAINER NO: IAAU1800379'),(9,6,6,'180','50','2025-05-06 19:45:49',3,'1','',1,'0.00',NULL,NULL,'',NULL,NULL,'CONTAINER NO: IAAU1925355');

--
-- Table structure for table `goshipping_tblgroup_checklist`
--

CREATE TABLE `goshipping_tblgroup_checklist` (
  `id` int NOT NULL AUTO_INCREMENT,
  `group_name` varchar(100) NOT NULL,
  `meta` varchar(100) DEFAULT NULL,
  PRIMARY KEY (`id`)
) ENGINE=InnoDB DEFAULT CHARSET=utf8mb4 COLLATE=utf8mb4_0900_ai_ci;

--
-- Dumping data for table `goshipping_tblgroup_checklist`
--


--
-- Table structure for table `goshipping_tblgroup_checklist_allocation`
--

CREATE TABLE `goshipping_tblgroup_checklist_allocation` (
  `id` int NOT NULL AUTO_INCREMENT,
  `group_name` varchar(100) NOT NULL,
  `meta` varchar(100) DEFAULT NULL,
  `staffid` int DEFAULT NULL,
  PRIMARY KEY (`id`)
) ENGINE=InnoDB DEFAULT CHARSET=utf8mb4 COLLATE=utf8mb4_0900_ai_ci;

--
-- Dumping data for table `goshipping_tblgroup_checklist_allocation`
--


--
-- Table structure for table `goshipping_tblhr_allocation_asset`
--

CREATE TABLE `goshipping_tblhr_allocation_asset` (
  `allocation_id` int unsigned NOT NULL AUTO_INCREMENT,
  `staff_id` int unsigned NOT NULL,
  `asset_name` varchar(100) DEFAULT NULL,
  `assets_amount` int unsigned NOT NULL,
  `status_allocation` int unsigned DEFAULT '0' COMMENT '1: Allocated 0: Unallocated',
  PRIMARY KEY (`allocation_id`)
) ENGINE=InnoDB DEFAULT CHARSET=utf8mb4 COLLATE=utf8mb4_0900_ai_ci;

--
-- Dumping data for table `goshipping_tblhr_allocation_asset`
--


--
-- Table structure for table `goshipping_tblhr_allowance_type`
--

CREATE TABLE `goshipping_tblhr_allowance_type` (
  `type_id` int unsigned NOT NULL AUTO_INCREMENT,
  `type_name` varchar(200) NOT NULL,
  `allowance_val` decimal(15,2) NOT NULL,
  `taxable` tinyint(1) NOT NULL,
  PRIMARY KEY (`type_id`)
) ENGINE=InnoDB DEFAULT CHARSET=utf8mb4 COLLATE=utf8mb4_0900_ai_ci;

--
-- Dumping data for table `goshipping_tblhr_allowance_type`
--


--
-- Table structure for table `goshipping_tblhr_checklist_allocation`
--

CREATE TABLE `goshipping_tblhr_checklist_allocation` (
  `id` int NOT NULL AUTO_INCREMENT,
  `name` varchar(100) NOT NULL,
  `group_id` int DEFAULT NULL,
  `status` int DEFAULT '0',
  PRIMARY KEY (`id`)
) ENGINE=InnoDB DEFAULT CHARSET=utf8mb4 COLLATE=utf8mb4_0900_ai_ci;

--
-- Dumping data for table `goshipping_tblhr_checklist_allocation`
--


--
-- Table structure for table `goshipping_tblhr_contract_template`
--

CREATE TABLE `goshipping_tblhr_contract_template` (
  `id` int NOT NULL AUTO_INCREMENT,
  `name` text,
  `job_position` longtext,
  `content` longtext,
  PRIMARY KEY (`id`)
) ENGINE=InnoDB DEFAULT CHARSET=utf8mb4 COLLATE=utf8mb4_0900_ai_ci;

--
-- Dumping data for table `goshipping_tblhr_contract_template`
--


--
-- Table structure for table `goshipping_tblhr_dependent_person`
--

CREATE TABLE `goshipping_tblhr_dependent_person` (
  `id` int unsigned NOT NULL AUTO_INCREMENT,
  `staffid` int unsigned DEFAULT NULL,
  `dependent_name` varchar(100) DEFAULT NULL,
  `relationship` varchar(100) DEFAULT NULL,
  `dependent_bir` date DEFAULT NULL,
  `start_month` date DEFAULT NULL,
  `end_month` date DEFAULT NULL,
  `dependent_iden` varchar(20) NOT NULL,
  `reason` longtext,
  `status` int unsigned DEFAULT '0',
  `status_comment` longtext,
  PRIMARY KEY (`id`,`dependent_iden`)
) ENGINE=InnoDB DEFAULT CHARSET=utf8mb4 COLLATE=utf8mb4_0900_ai_ci;

--
-- Dumping data for table `goshipping_tblhr_dependent_person`
--


--
-- Table structure for table `goshipping_tblhr_education`
--

CREATE TABLE `goshipping_tblhr_education` (
  `id` int NOT NULL AUTO_INCREMENT,
  `staff_id` int NOT NULL,
  `admin_id` int NOT NULL,
  `programe_id` int DEFAULT NULL,
  `training_programs_name` text NOT NULL,
  `training_places` text,
  `training_time_from` datetime DEFAULT NULL,
  `training_time_to` datetime DEFAULT NULL,
  `date_create` datetime DEFAULT NULL,
  `training_result` varchar(150) DEFAULT NULL,
  `degree` varchar(150) DEFAULT NULL,
  `notes` text,
  PRIMARY KEY (`id`)
) ENGINE=InnoDB DEFAULT CHARSET=utf8mb4 COLLATE=utf8mb4_0900_ai_ci;

--
-- Dumping data for table `goshipping_tblhr_education`
--


--
-- Table structure for table `goshipping_tblhr_group_checklist_allocation`
--

CREATE TABLE `goshipping_tblhr_group_checklist_allocation` (
  `id` int NOT NULL AUTO_INCREMENT,
  `group_name` varchar(100) NOT NULL,
  `meta` varchar(100) DEFAULT NULL,
  `staffid` int DEFAULT NULL,
  PRIMARY KEY (`id`)
) ENGINE=InnoDB DEFAULT CHARSET=utf8mb4 COLLATE=utf8mb4_0900_ai_ci;

--
-- Dumping data for table `goshipping_tblhr_group_checklist_allocation`
--


--
-- Table structure for table `goshipping_tblhr_job_p`
--

CREATE TABLE `goshipping_tblhr_job_p` (
  `job_id` int unsigned NOT NULL AUTO_INCREMENT,
  `job_name` varchar(100) DEFAULT NULL,
  `description` text,
  PRIMARY KEY (`job_id`)
) ENGINE=InnoDB DEFAULT CHARSET=utf8mb4 COLLATE=utf8mb4_0900_ai_ci;

--
-- Dumping data for table `goshipping_tblhr_job_p`
--


--
-- Table structure for table `goshipping_tblhr_job_position`
--

CREATE TABLE `goshipping_tblhr_job_position` (
  `position_id` int unsigned NOT NULL AUTO_INCREMENT,
  `position_name` varchar(200) NOT NULL,
  `job_position_description` text,
  `job_p_id` int unsigned NOT NULL,
  `position_code` varchar(50) DEFAULT NULL,
  `department_id` text,
  PRIMARY KEY (`position_id`)
) ENGINE=InnoDB DEFAULT CHARSET=utf8mb4 COLLATE=utf8mb4_0900_ai_ci;

--
-- Dumping data for table `goshipping_tblhr_job_position`
--


--
-- Table structure for table `goshipping_tblhr_jp_interview_training`
--

CREATE TABLE `goshipping_tblhr_jp_interview_training` (
  `training_process_id` int unsigned NOT NULL AUTO_INCREMENT,
  `job_position_id` longtext,
  `training_name` varchar(100) DEFAULT NULL,
  `training_type` int DEFAULT NULL,
  `description` text,
  `date_add` datetime DEFAULT NULL,
  `position_training_id` text,
  `mint_point` int DEFAULT NULL,
  `additional_training` varchar(100) DEFAULT '',
  `staff_id` text,
  `time_to_start` date DEFAULT NULL,
  `time_to_end` date DEFAULT NULL,
  PRIMARY KEY (`training_process_id`)
) ENGINE=InnoDB DEFAULT CHARSET=utf8mb4 COLLATE=utf8mb4_0900_ai_ci;

--
-- Dumping data for table `goshipping_tblhr_jp_interview_training`
--


--
-- Table structure for table `goshipping_tblhr_jp_salary_scale`
--

CREATE TABLE `goshipping_tblhr_jp_salary_scale` (
  `salary_scale_id` int unsigned NOT NULL AUTO_INCREMENT,
  `job_position_id` int unsigned NOT NULL,
  `rel_type` varchar(100) DEFAULT NULL COMMENT 'salary:allowance:insurance',
  `rel_id` int DEFAULT NULL,
  `value` text,
  PRIMARY KEY (`salary_scale_id`)
) ENGINE=InnoDB DEFAULT CHARSET=utf8mb4 COLLATE=utf8mb4_0900_ai_ci;

--
-- Dumping data for table `goshipping_tblhr_jp_salary_scale`
--


--
-- Table structure for table `goshipping_tblhr_knowedge_base_article_feedback`
--

CREATE TABLE `goshipping_tblhr_knowedge_base_article_feedback` (
  `articleanswerid` int NOT NULL AUTO_INCREMENT,
  `articleid` int NOT NULL,
  `answer` int NOT NULL,
  `ip` varchar(40) NOT NULL,
  `date` datetime NOT NULL,
  PRIMARY KEY (`articleanswerid`)
) ENGINE=InnoDB DEFAULT CHARSET=utf8mb4 COLLATE=utf8mb4_0900_ai_ci;

--
-- Dumping data for table `goshipping_tblhr_knowedge_base_article_feedback`
--


--
-- Table structure for table `goshipping_tblhr_knowledge_base`
--

CREATE TABLE `goshipping_tblhr_knowledge_base` (
  `articleid` int NOT NULL AUTO_INCREMENT,
  `articlegroup` int NOT NULL,
  `subject` mediumtext NOT NULL,
  `description` text NOT NULL,
  `slug` mediumtext NOT NULL,
  `active` tinyint NOT NULL,
  `datecreated` datetime NOT NULL,
  `article_order` int NOT NULL DEFAULT '0',
  `staff_article` int NOT NULL DEFAULT '0',
  `question_answers` int DEFAULT '0',
  `file_name` varchar(255) DEFAULT '',
  `curator` varchar(11) DEFAULT '',
  `benchmark` int DEFAULT '0',
  `score` int DEFAULT '0',
  PRIMARY KEY (`articleid`)
) ENGINE=InnoDB DEFAULT CHARSET=utf8mb4 COLLATE=utf8mb4_0900_ai_ci;

--
-- Dumping data for table `goshipping_tblhr_knowledge_base`
--


--
-- Table structure for table `goshipping_tblhr_knowledge_base_groups`
--

CREATE TABLE `goshipping_tblhr_knowledge_base_groups` (
  `groupid` int NOT NULL AUTO_INCREMENT,
  `name` varchar(191) NOT NULL,
  `group_slug` text,
  `description` mediumtext,
  `active` tinyint NOT NULL,
  `color` varchar(10) DEFAULT '#28B8DA',
  `group_order` int DEFAULT '0',
  PRIMARY KEY (`groupid`)
) ENGINE=InnoDB DEFAULT CHARSET=utf8mb4 COLLATE=utf8mb4_0900_ai_ci;

--
-- Dumping data for table `goshipping_tblhr_knowledge_base_groups`
--


--
-- Table structure for table `goshipping_tblhr_list_staff_quitting_work`
--

CREATE TABLE `goshipping_tblhr_list_staff_quitting_work` (
  `id` int NOT NULL AUTO_INCREMENT,
  `staffid` int DEFAULT NULL,
  `staff_name` text,
  `department_name` text,
  `role_name` text,
  `email` text,
  `dateoff` datetime NOT NULL DEFAULT CURRENT_TIMESTAMP,
  `approval` varchar(100) DEFAULT NULL,
  PRIMARY KEY (`id`)
) ENGINE=InnoDB DEFAULT CHARSET=utf8mb4 COLLATE=utf8mb4_0900_ai_ci;

--
-- Dumping data for table `goshipping_tblhr_list_staff_quitting_work`
--


--
-- Table structure for table `goshipping_tblhr_p_t_form_question_box`
--

CREATE TABLE `goshipping_tblhr_p_t_form_question_box` (
  `boxid` int NOT NULL AUTO_INCREMENT,
  `boxtype` varchar(10) NOT NULL,
  `questionid` int NOT NULL,
  PRIMARY KEY (`boxid`)
) ENGINE=InnoDB DEFAULT CHARSET=utf8mb4 COLLATE=utf8mb4_0900_ai_ci;

--
-- Dumping data for table `goshipping_tblhr_p_t_form_question_box`
--


--
-- Table structure for table `goshipping_tblhr_p_t_form_question_box_description`
--

CREATE TABLE `goshipping_tblhr_p_t_form_question_box_description` (
  `questionboxdescriptionid` int NOT NULL AUTO_INCREMENT,
  `description` mediumtext NOT NULL,
  `boxid` mediumtext NOT NULL,
  `questionid` int NOT NULL,
  `correct` int DEFAULT '1' COMMENT '0: correct 1: incorrect',
  PRIMARY KEY (`questionboxdescriptionid`)
) ENGINE=InnoDB DEFAULT CHARSET=utf8mb4 COLLATE=utf8mb4_0900_ai_ci;

--
-- Dumping data for table `goshipping_tblhr_p_t_form_question_box_description`
--


--
-- Table structure for table `goshipping_tblhr_p_t_form_results`
--

CREATE TABLE `goshipping_tblhr_p_t_form_results` (
  `resultid` int NOT NULL AUTO_INCREMENT,
  `boxid` int NOT NULL,
  `boxdescriptionid` int DEFAULT NULL,
  `rel_id` int NOT NULL,
  `rel_type` varchar(20) DEFAULT NULL,
  `questionid` int NOT NULL,
  `answer` text,
  `resultsetid` int NOT NULL,
  PRIMARY KEY (`resultid`)
) ENGINE=InnoDB DEFAULT CHARSET=utf8mb4 COLLATE=utf8mb4_0900_ai_ci;

--
-- Dumping data for table `goshipping_tblhr_p_t_form_results`
--


--
-- Table structure for table `goshipping_tblhr_p_t_surveyresultsets`
--

CREATE TABLE `goshipping_tblhr_p_t_surveyresultsets` (
  `resultsetid` int NOT NULL AUTO_INCREMENT,
  `trainingid` int NOT NULL,
  `ip` varchar(40) NOT NULL,
  `useragent` varchar(150) NOT NULL,
  `date` datetime NOT NULL,
  `staff_id` int unsigned NOT NULL,
  PRIMARY KEY (`resultsetid`)
) ENGINE=InnoDB DEFAULT CHARSET=utf8mb4 COLLATE=utf8mb4_0900_ai_ci;

--
-- Dumping data for table `goshipping_tblhr_p_t_surveyresultsets`
--


--
-- Table structure for table `goshipping_tblhr_position_training`
--

CREATE TABLE `goshipping_tblhr_position_training` (
  `training_id` int NOT NULL AUTO_INCREMENT,
  `subject` mediumtext NOT NULL,
  `training_type` int unsigned NOT NULL,
  `slug` mediumtext NOT NULL,
  `description` text,
  `viewdescription` text,
  `datecreated` datetime NOT NULL,
  `redirect_url` varchar(100) DEFAULT NULL,
  `send` tinyint(1) NOT NULL DEFAULT '0',
  `onlyforloggedin` int DEFAULT '0',
  `fromname` varchar(100) DEFAULT NULL,
  `iprestrict` tinyint(1) NOT NULL,
  `active` tinyint(1) NOT NULL DEFAULT '1',
  `hash` varchar(32) NOT NULL,
  `mint_point` varchar(20) DEFAULT NULL,
  PRIMARY KEY (`training_id`)
) ENGINE=InnoDB DEFAULT CHARSET=utf8mb4 COLLATE=utf8mb4_0900_ai_ci;

--
-- Dumping data for table `goshipping_tblhr_position_training`
--


--
-- Table structure for table `goshipping_tblhr_position_training_question_form`
--

CREATE TABLE `goshipping_tblhr_position_training_question_form` (
  `questionid` int NOT NULL AUTO_INCREMENT,
  `rel_id` int NOT NULL,
  `rel_type` varchar(20) DEFAULT NULL,
  `question` mediumtext NOT NULL,
  `required` tinyint(1) NOT NULL DEFAULT '0',
  `question_order` int NOT NULL,
  `point` int NOT NULL,
  PRIMARY KEY (`questionid`)
) ENGINE=InnoDB DEFAULT CHARSET=utf8mb4 COLLATE=utf8mb4_0900_ai_ci;

--
-- Dumping data for table `goshipping_tblhr_position_training_question_form`
--


--
-- Table structure for table `goshipping_tblhr_procedure_retire`
--

CREATE TABLE `goshipping_tblhr_procedure_retire` (
  `id` int NOT NULL AUTO_INCREMENT,
  `rel_name` text,
  `option_name` text,
  `status` int DEFAULT '1',
  `people_handle_id` int NOT NULL,
  `procedure_retire_id` int NOT NULL,
  PRIMARY KEY (`id`)
) ENGINE=InnoDB DEFAULT CHARSET=utf8mb4 COLLATE=utf8mb4_0900_ai_ci;

--
-- Dumping data for table `goshipping_tblhr_procedure_retire`
--


--
-- Table structure for table `goshipping_tblhr_procedure_retire_manage`
--

CREATE TABLE `goshipping_tblhr_procedure_retire_manage` (
  `id` int unsigned NOT NULL AUTO_INCREMENT,
  `name_procedure_retire` text NOT NULL,
  `department` varchar(250) NOT NULL,
  `datecreator` datetime NOT NULL,
  PRIMARY KEY (`id`)
) ENGINE=InnoDB DEFAULT CHARSET=utf8mb4 COLLATE=utf8mb4_0900_ai_ci;

--
-- Dumping data for table `goshipping_tblhr_procedure_retire_manage`
--


--
-- Table structure for table `goshipping_tblhr_procedure_retire_of_staff`
--

CREATE TABLE `goshipping_tblhr_procedure_retire_of_staff` (
  `id` int NOT NULL AUTO_INCREMENT,
  `rel_id` int DEFAULT NULL,
  `option_name` text,
  `status` int DEFAULT '0',
  `staffid` int DEFAULT NULL,
  PRIMARY KEY (`id`)
) ENGINE=InnoDB DEFAULT CHARSET=utf8mb4 COLLATE=utf8mb4_0900_ai_ci;

--
-- Dumping data for table `goshipping_tblhr_procedure_retire_of_staff`
--


--
-- Table structure for table `goshipping_tblhr_procedure_retire_of_staff_by_id`
--

CREATE TABLE `goshipping_tblhr_procedure_retire_of_staff_by_id` (
  `id` int NOT NULL AUTO_INCREMENT,
  `rel_name` text,
  `people_handle_id` int DEFAULT NULL,
  PRIMARY KEY (`id`)
) ENGINE=InnoDB DEFAULT CHARSET=utf8mb4 COLLATE=utf8mb4_0900_ai_ci;

--
-- Dumping data for table `goshipping_tblhr_procedure_retire_of_staff_by_id`
--


--
-- Table structure for table `goshipping_tblhr_profile_option`
--

CREATE TABLE `goshipping_tblhr_profile_option` (
  `option_id` int unsigned NOT NULL AUTO_INCREMENT,
  `option_name` varchar(200) NOT NULL,
  `option_val` longtext,
  `auto` tinyint(1) DEFAULT NULL,
  PRIMARY KEY (`option_id`)
) ENGINE=InnoDB AUTO_INCREMENT=7 DEFAULT CHARSET=utf8mb4 COLLATE=utf8mb4_0900_ai_ci;

--
-- Dumping data for table `goshipping_tblhr_profile_option`
--

INSERT INTO `goshipping_tblhr_profile_option` VALUES (1,'job_position_prefix','#JOB',1),(2,'job_position_number','1',1),(3,'contract_code_prefix','#CONTRACT',1),(4,'contract_code_number','1',1),(5,'staff_code_prefix','EC',1),(6,'staff_code_number','1',1);

--
-- Table structure for table `goshipping_tblhr_rec_transfer_records`
--

CREATE TABLE `goshipping_tblhr_rec_transfer_records` (
  `id` int unsigned NOT NULL AUTO_INCREMENT,
  `staffid` int NOT NULL,
  `firstname` varchar(100) DEFAULT NULL,
  `lastname` varchar(100) DEFAULT NULL,
  `birthday` date DEFAULT NULL,
  `gender` varchar(11) DEFAULT NULL,
  `staff_identifi` varchar(20) DEFAULT NULL,
  `creator` int NOT NULL,
  PRIMARY KEY (`id`)
) ENGINE=InnoDB DEFAULT CHARSET=utf8mb4 COLLATE=utf8mb4_0900_ai_ci;

--
-- Dumping data for table `goshipping_tblhr_rec_transfer_records`
--


--
-- Table structure for table `goshipping_tblhr_salary_form`
--

CREATE TABLE `goshipping_tblhr_salary_form` (
  `form_id` int unsigned NOT NULL AUTO_INCREMENT,
  `form_name` varchar(200) NOT NULL,
  `salary_val` decimal(15,2) NOT NULL,
  `tax` tinyint(1) NOT NULL,
  PRIMARY KEY (`form_id`)
) ENGINE=InnoDB DEFAULT CHARSET=utf8mb4 COLLATE=utf8mb4_0900_ai_ci;

--
-- Dumping data for table `goshipping_tblhr_salary_form`
--


--
-- Table structure for table `goshipping_tblhr_staff_contract`
--

CREATE TABLE `goshipping_tblhr_staff_contract` (
  `id_contract` int unsigned NOT NULL AUTO_INCREMENT,
  `contract_code` varchar(200) NOT NULL,
  `name_contract` int NOT NULL,
  `staff` int NOT NULL,
  `start_valid` date DEFAULT NULL,
  `end_valid` date DEFAULT NULL,
  `contract_status` varchar(100) DEFAULT NULL,
  `sign_day` date DEFAULT NULL,
  `staff_delegate` int DEFAULT NULL,
  `hourly_or_month` longtext,
  `content` longtext,
  `hash` varchar(32) DEFAULT NULL,
  `signature` varchar(40) DEFAULT NULL,
  `signer` int DEFAULT NULL,
  `staff_signature` varchar(40) DEFAULT NULL,
  `staff_sign_day` date DEFAULT NULL,
  PRIMARY KEY (`id_contract`)
) ENGINE=InnoDB DEFAULT CHARSET=utf8mb4 COLLATE=utf8mb4_0900_ai_ci;

--
-- Dumping data for table `goshipping_tblhr_staff_contract`
--


--
-- Table structure for table `goshipping_tblhr_staff_contract_detail`
--

CREATE TABLE `goshipping_tblhr_staff_contract_detail` (
  `contract_detail_id` int unsigned NOT NULL AUTO_INCREMENT,
  `staff_contract_id` int unsigned NOT NULL,
  `type` text,
  `rel_type` text,
  `rel_value` decimal(15,2) DEFAULT '0.00',
  `since_date` date DEFAULT NULL,
  `contract_note` text,
  PRIMARY KEY (`contract_detail_id`)
) ENGINE=InnoDB DEFAULT CHARSET=utf8mb4 COLLATE=utf8mb4_0900_ai_ci;

--
-- Dumping data for table `goshipping_tblhr_staff_contract_detail`
--


--
-- Table structure for table `goshipping_tblhr_staff_contract_type`
--

CREATE TABLE `goshipping_tblhr_staff_contract_type` (
  `id_contracttype` int unsigned NOT NULL AUTO_INCREMENT,
  `name_contracttype` varchar(200) NOT NULL,
  `description` longtext,
  `duration` int DEFAULT NULL,
  `unit` varchar(20) DEFAULT NULL,
  `insurance` tinyint(1) DEFAULT NULL,
  PRIMARY KEY (`id_contracttype`)
) ENGINE=InnoDB DEFAULT CHARSET=utf8mb4 COLLATE=utf8mb4_0900_ai_ci;

--
-- Dumping data for table `goshipping_tblhr_staff_contract_type`
--


--
-- Table structure for table `goshipping_tblhr_training_allocation`
--

CREATE TABLE `goshipping_tblhr_training_allocation` (
  `id` int NOT NULL AUTO_INCREMENT,
  `training_process_id` varchar(100) NOT NULL,
  `staffid` int DEFAULT NULL,
  `training_type` int DEFAULT NULL,
  `date_add` datetime NOT NULL DEFAULT CURRENT_TIMESTAMP,
  `training_name` varchar(150) DEFAULT NULL,
  `jp_interview_training_id` int DEFAULT NULL,
  PRIMARY KEY (`id`)
) ENGINE=InnoDB DEFAULT CHARSET=utf8mb4 COLLATE=utf8mb4_0900_ai_ci;

--
-- Dumping data for table `goshipping_tblhr_training_allocation`
--


--
-- Table structure for table `goshipping_tblhr_type_of_trainings`
--

CREATE TABLE `goshipping_tblhr_type_of_trainings` (
  `id` int NOT NULL AUTO_INCREMENT,
  `name` text,
  PRIMARY KEY (`id`)
) ENGINE=InnoDB AUTO_INCREMENT=2 DEFAULT CHARSET=utf8mb4 COLLATE=utf8mb4_0900_ai_ci;

--
-- Dumping data for table `goshipping_tblhr_type_of_trainings`
--

INSERT INTO `goshipping_tblhr_type_of_trainings` VALUES (1,'Basic training');

--
-- Table structure for table `goshipping_tblhr_views_tracking`
--

CREATE TABLE `goshipping_tblhr_views_tracking` (
  `id` int NOT NULL AUTO_INCREMENT,
  `rel_id` int NOT NULL,
  `rel_type` varchar(40) NOT NULL,
  `date` datetime NOT NULL,
  `view_ip` varchar(40) NOT NULL,
  PRIMARY KEY (`id`)
) ENGINE=InnoDB DEFAULT CHARSET=utf8mb4 COLLATE=utf8mb4_0900_ai_ci;

--
-- Dumping data for table `goshipping_tblhr_views_tracking`
--


--
-- Table structure for table `goshipping_tblhr_workplace`
--

CREATE TABLE `goshipping_tblhr_workplace` (
  `id` int unsigned NOT NULL AUTO_INCREMENT,
  `name` varchar(200) NOT NULL,
  `workplace_address` varchar(400) DEFAULT NULL,
  `latitude` double DEFAULT NULL,
  `longitude` double DEFAULT NULL,
  `default` bit(1) NOT NULL DEFAULT b'0',
  PRIMARY KEY (`id`)
) ENGINE=InnoDB DEFAULT CHARSET=utf8mb4 COLLATE=utf8mb4_0900_ai_ci;

--
-- Dumping data for table `goshipping_tblhr_workplace`
--


--
-- Table structure for table `goshipping_tblinternal_delivery_note`
--

CREATE TABLE `goshipping_tblinternal_delivery_note` (
  `id` int unsigned NOT NULL AUTO_INCREMENT,
  `internal_delivery_name` text,
  `description` text,
  `staff_id` int DEFAULT NULL,
  `date_c` date DEFAULT NULL,
  `date_add` date DEFAULT NULL,
  `internal_delivery_code` varchar(100) DEFAULT NULL,
  `approval` int DEFAULT '0' COMMENT 'status approval ',
  `addedfrom` int DEFAULT NULL,
  `total_amount` decimal(15,2) DEFAULT NULL,
  `datecreated` datetime DEFAULT NULL,
  PRIMARY KEY (`id`)
) ENGINE=InnoDB DEFAULT CHARSET=utf8mb4 COLLATE=utf8mb4_0900_ai_ci;

--
-- Dumping data for table `goshipping_tblinternal_delivery_note`
--


--
-- Table structure for table `goshipping_tblinternal_delivery_note_detail`
--

CREATE TABLE `goshipping_tblinternal_delivery_note_detail` (
  `id` int unsigned NOT NULL AUTO_INCREMENT,
  `internal_delivery_id` int NOT NULL,
  `commodity_code` varchar(100) DEFAULT NULL,
  `from_stock_name` text,
  `to_stock_name` text,
  `unit_id` text,
  `available_quantity` text,
  `quantities` text,
  `unit_price` varchar(100) DEFAULT NULL,
  `into_money` varchar(100) DEFAULT NULL,
  `note` text,
  `commodity_name` text,
  `serial_number` varchar(255) DEFAULT NULL,
  PRIMARY KEY (`id`)
) ENGINE=InnoDB DEFAULT CHARSET=utf8mb4 COLLATE=utf8mb4_0900_ai_ci;

--
-- Dumping data for table `goshipping_tblinternal_delivery_note_detail`
--


--
-- Table structure for table `goshipping_tblinventory_commodity_min`
--

CREATE TABLE `goshipping_tblinventory_commodity_min` (
  `id` int unsigned NOT NULL AUTO_INCREMENT,
  `commodity_id` int NOT NULL,
  `commodity_code` varchar(100) DEFAULT NULL,
  `commodity_name` varchar(100) DEFAULT NULL,
  `inventory_number_min` varchar(100) DEFAULT NULL,
  `inventory_number_max` varchar(100) DEFAULT '0',
  PRIMARY KEY (`id`,`commodity_id`)
) ENGINE=InnoDB AUTO_INCREMENT=3 DEFAULT CHARSET=utf8mb4 COLLATE=utf8mb4_0900_ai_ci;

--
-- Dumping data for table `goshipping_tblinventory_commodity_min`
--

INSERT INTO `goshipping_tblinventory_commodity_min` VALUES (1,2,'BR','BREAD','0','0'),(2,3,'002345','TRICYCLE PARTS','0','0');

--
-- Table structure for table `goshipping_tblinventory_manage`
--

CREATE TABLE `goshipping_tblinventory_manage` (
  `id` int unsigned NOT NULL AUTO_INCREMENT,
  `warehouse_id` int NOT NULL,
  `commodity_id` int NOT NULL,
  `inventory_number` varchar(100) DEFAULT NULL,
  `date_manufacture` date DEFAULT NULL,
  `expiry_date` date DEFAULT NULL,
  `lot_number` varchar(100) DEFAULT NULL,
  `purchase_price` decimal(15,2) DEFAULT '0.00',
  PRIMARY KEY (`id`,`commodity_id`,`warehouse_id`)
) ENGINE=InnoDB AUTO_INCREMENT=4 DEFAULT CHARSET=utf8mb4 COLLATE=utf8mb4_0900_ai_ci;

--
-- Dumping data for table `goshipping_tblinventory_manage`
--

INSERT INTO `goshipping_tblinventory_manage` VALUES (1,1,2,'30',NULL,NULL,NULL,45.00),(2,2,1,'5',NULL,NULL,NULL,NULL),(3,1,3,'230',NULL,NULL,'',0.00);

--
-- Table structure for table `goshipping_tblinvoicepaymentrecords`
--

CREATE TABLE `goshipping_tblinvoicepaymentrecords` (
  `id` int NOT NULL AUTO_INCREMENT,
  `invoiceid` int NOT NULL,
  `amount` decimal(15,2) NOT NULL,
  `paymentmode` varchar(40) CHARACTER SET utf8mb4 COLLATE utf8mb4_unicode_ci DEFAULT NULL,
  `paymentmethod` varchar(191) CHARACTER SET utf8mb4 COLLATE utf8mb4_unicode_ci DEFAULT NULL,
  `date` date NOT NULL,
  `daterecorded` datetime NOT NULL,
  `note` mediumtext CHARACTER SET utf8mb4 COLLATE utf8mb4_unicode_ci,
  `transactionid` longtext CHARACTER SET utf8mb4 COLLATE utf8mb4_unicode_ci,
  PRIMARY KEY (`id`),
  KEY `invoiceid` (`invoiceid`),
  KEY `paymentmethod` (`paymentmethod`)
) ENGINE=InnoDB DEFAULT CHARSET=utf8mb4 COLLATE=utf8mb4_unicode_ci;

--
-- Dumping data for table `goshipping_tblinvoicepaymentrecords`
--


--
-- Table structure for table `goshipping_tblinvoices`
--

CREATE TABLE `goshipping_tblinvoices` (
  `id` int NOT NULL AUTO_INCREMENT,
  `sent` tinyint(1) NOT NULL DEFAULT '0',
  `datesend` datetime DEFAULT NULL,
  `clientid` int NOT NULL,
  `deleted_customer_name` varchar(100) CHARACTER SET utf8mb4 COLLATE utf8mb4_unicode_ci DEFAULT NULL,
  `number` int NOT NULL,
  `prefix` varchar(50) CHARACTER SET utf8mb4 COLLATE utf8mb4_unicode_ci DEFAULT NULL,
  `number_format` int NOT NULL DEFAULT '0',
  `formatted_number` varchar(100) CHARACTER SET utf8mb4 COLLATE utf8mb4_unicode_ci DEFAULT NULL,
  `datecreated` datetime NOT NULL,
  `date` date NOT NULL,
  `duedate` date DEFAULT NULL,
  `currency` int NOT NULL,
  `subtotal` decimal(15,2) NOT NULL,
  `total_tax` decimal(15,2) NOT NULL DEFAULT '0.00',
  `total` decimal(15,2) NOT NULL,
  `adjustment` decimal(15,2) DEFAULT NULL,
  `addedfrom` int DEFAULT NULL,
  `hash` varchar(32) CHARACTER SET utf8mb4 COLLATE utf8mb4_unicode_ci NOT NULL,
  `status` int DEFAULT '1',
  `clientnote` mediumtext CHARACTER SET utf8mb4 COLLATE utf8mb4_unicode_ci,
  `adminnote` mediumtext CHARACTER SET utf8mb4 COLLATE utf8mb4_unicode_ci,
  `last_overdue_reminder` date DEFAULT NULL,
  `last_due_reminder` date DEFAULT NULL,
  `cancel_overdue_reminders` int NOT NULL DEFAULT '0',
  `allowed_payment_modes` longtext CHARACTER SET utf8mb4 COLLATE utf8mb4_unicode_ci,
  `token` longtext CHARACTER SET utf8mb4 COLLATE utf8mb4_unicode_ci,
  `discount_percent` decimal(15,2) DEFAULT '0.00',
  `discount_total` decimal(15,2) DEFAULT '0.00',
  `discount_type` varchar(30) CHARACTER SET utf8mb4 COLLATE utf8mb4_unicode_ci NOT NULL,
  `recurring` int NOT NULL DEFAULT '0',
  `recurring_type` varchar(10) CHARACTER SET utf8mb4 COLLATE utf8mb4_unicode_ci DEFAULT NULL,
  `custom_recurring` tinyint(1) NOT NULL DEFAULT '0',
  `cycles` int NOT NULL DEFAULT '0',
  `total_cycles` int NOT NULL DEFAULT '0',
  `is_recurring_from` int DEFAULT NULL,
  `last_recurring_date` date DEFAULT NULL,
  `terms` mediumtext CHARACTER SET utf8mb4 COLLATE utf8mb4_unicode_ci,
  `sale_agent` int NOT NULL DEFAULT '0',
  `billing_street` varchar(200) CHARACTER SET utf8mb4 COLLATE utf8mb4_unicode_ci DEFAULT NULL,
  `billing_city` varchar(100) CHARACTER SET utf8mb4 COLLATE utf8mb4_unicode_ci DEFAULT NULL,
  `billing_state` varchar(100) CHARACTER SET utf8mb4 COLLATE utf8mb4_unicode_ci DEFAULT NULL,
  `billing_zip` varchar(100) CHARACTER SET utf8mb4 COLLATE utf8mb4_unicode_ci DEFAULT NULL,
  `billing_country` int DEFAULT NULL,
  `shipping_street` varchar(200) CHARACTER SET utf8mb4 COLLATE utf8mb4_unicode_ci DEFAULT NULL,
  `shipping_city` varchar(100) CHARACTER SET utf8mb4 COLLATE utf8mb4_unicode_ci DEFAULT NULL,
  `shipping_state` varchar(100) CHARACTER SET utf8mb4 COLLATE utf8mb4_unicode_ci DEFAULT NULL,
  `shipping_zip` varchar(100) CHARACTER SET utf8mb4 COLLATE utf8mb4_unicode_ci DEFAULT NULL,
  `shipping_country` int DEFAULT NULL,
  `include_shipping` tinyint(1) NOT NULL,
  `show_shipping_on_invoice` tinyint(1) NOT NULL DEFAULT '1',
  `show_quantity_as` int NOT NULL DEFAULT '1',
  `project_id` int DEFAULT '0',
  `subscription_id` int NOT NULL DEFAULT '0',
  `perfex_saas_packageid` int DEFAULT NULL,
  `short_link` varchar(100) CHARACTER SET utf8mb4 COLLATE utf8mb4_unicode_ci DEFAULT NULL,
  `from_fleet` int NOT NULL DEFAULT '0',
  PRIMARY KEY (`id`),
  KEY `currency` (`currency`),
  KEY `clientid` (`clientid`),
  KEY `project_id` (`project_id`),
  KEY `sale_agent` (`sale_agent`),
  KEY `total` (`total`),
  KEY `status` (`status`),
  KEY `formatted_number` (`formatted_number`)
) ENGINE=InnoDB AUTO_INCREMENT=48 DEFAULT CHARSET=utf8mb4 COLLATE=utf8mb4_unicode_ci;

--
-- Dumping data for table `goshipping_tblinvoices`
--

INSERT INTO `goshipping_tblinvoices` VALUES (2,0,NULL,3,NULL,2,'INV-',2,'INV-2024/000002','2024-10-17 16:13:22','2024-10-17','2024-11-16',1,14.00,0.00,14.00,0.00,1,'5f39cdda9d265093338404c519c62902',4,'','','2025-05-16','2024-11-14',0,'a:0:{}',NULL,0.00,0.00,'',0,NULL,0,0,0,NULL,NULL,'',0,'afriq centre, warehouses & offices no5, maasai road, off mombasa road, opp sameer business park<br />\r\norako building , seconf floor, left wing, suit 1, freight road, jomo kenyatta international airpo','','','00100',115,NULL,NULL,NULL,NULL,NULL,0,1,1,0,0,NULL,NULL,0),(3,0,NULL,4,NULL,3,'INV-',2,'INV-2024/000003','2024-10-24 14:56:10','2024-10-24','2024-11-23',1,1.00,0.00,1.00,0.00,1,'2b1bd2aea930d160746729c2024d1f02',4,NULL,NULL,'2025-05-16',NULL,0,'a:0:{}',NULL,0.00,0.00,'',0,NULL,0,0,0,NULL,NULL,NULL,0,'Masai rd, off mombasa road',NULL,NULL,'888',115,NULL,NULL,NULL,NULL,NULL,0,1,1,0,0,NULL,NULL,0),(4,0,NULL,5,NULL,4,'INV-',2,'INV-2024/000004','2024-10-24 15:36:05','2024-10-24','2024-11-23',1,13.60,0.00,13.60,0.00,1,'d40288f77e2501e46de924a4f4deb591',4,NULL,NULL,'2025-05-16',NULL,0,'a:0:{}',NULL,0.00,0.00,'',0,NULL,0,0,0,NULL,NULL,NULL,0,'3F RAMRAJ COMPLEX LUSAKA ROAD',NULL,NULL,'00100',115,NULL,NULL,NULL,NULL,NULL,0,1,1,0,0,NULL,NULL,0),(5,0,NULL,6,NULL,5,'INV-',2,'INV-2024/000005','2024-10-24 15:46:19','2024-10-24','2024-11-23',1,13.60,0.00,13.60,0.00,2,'54b4d66374c5c447fc6a72b75eb15b37',4,NULL,NULL,'2025-05-16',NULL,0,'a:0:{}',NULL,0.00,0.00,'',0,NULL,0,0,0,NULL,NULL,NULL,0,'BRITT BROADCAST LTD,<br />\r\n3F RAMRAJ COMPLEX LUSAKA ROAD NAIROBI KE',NULL,NULL,'99999',115,NULL,NULL,NULL,NULL,NULL,0,1,1,0,0,NULL,NULL,0),(12,0,NULL,13,NULL,12,'INV-',2,'INV-2024/000012','2024-10-31 11:19:28','2024-10-31','2024-11-30',1,202.00,0.00,202.00,0.00,1,'29903cc657a2fafdd1571208b64e78db',4,'','','2025-05-16',NULL,0,'a:0:{}',NULL,0.00,0.00,'',0,NULL,0,0,0,NULL,NULL,'',0,'Afriq Center, Warehouse no. 5. Maasai Road','','','2345',115,NULL,NULL,NULL,NULL,NULL,0,1,1,0,0,NULL,NULL,0),(13,0,NULL,23,NULL,21,'INV-',2,'INV-2025/000021','2025-02-11 11:28:15','2025-02-11','2025-03-13',1,80.00,0.00,80.00,0.00,10,'67272f33decfba6823548f78f7483322',4,NULL,NULL,'2025-05-16','2025-03-11',0,'a:0:{}',NULL,0.00,0.00,'',0,NULL,0,0,0,NULL,NULL,NULL,0,'nairobi',NULL,NULL,'00100',115,NULL,NULL,NULL,NULL,NULL,0,1,1,0,0,NULL,NULL,0),(14,0,NULL,24,NULL,22,'INV-',2,'INV-2025/000022','2025-03-10 14:45:09','2025-03-10','2025-04-09',1,10.00,0.00,10.00,0.00,12,'1707af23bb8f54b7e88ea9d4d87f0438',4,NULL,NULL,'2025-05-16','2025-04-07',0,'a:0:{}',NULL,0.00,0.00,'',0,NULL,0,0,0,NULL,NULL,NULL,0,'DXB',NULL,NULL,'254',234,NULL,NULL,NULL,NULL,NULL,0,1,1,0,0,NULL,NULL,0),(15,0,NULL,25,NULL,23,'INV-',2,'INV-2025/000023','2025-03-13 10:21:54','2025-03-13','2025-04-12',1,3.00,0.00,3.00,0.00,12,'9310b87f57be5d7140a5386b3747bb26',4,NULL,NULL,'2025-05-16',NULL,0,'a:0:{}',NULL,0.00,0.00,'',0,NULL,0,0,0,NULL,NULL,NULL,0,'SABKHA BUS STATION',NULL,NULL,'254',234,NULL,NULL,NULL,NULL,NULL,0,1,1,0,0,NULL,NULL,0),(16,0,NULL,26,NULL,24,'INV-',2,'INV-2025/000024','2025-03-13 18:47:44','2025-03-13','2025-04-12',1,41.40,0.00,41.40,0.00,12,'a19d3a58f267989aec1d1e48b96aa3bf',4,NULL,NULL,'2025-05-16',NULL,0,'a:0:{}',NULL,0.00,0.00,'',0,NULL,0,0,0,NULL,NULL,NULL,0,'SABKHA, DUBAI',NULL,NULL,'001',234,NULL,NULL,NULL,NULL,NULL,0,1,1,0,0,NULL,NULL,0),(17,0,NULL,27,NULL,25,'INV-',2,'INV-2025/000025','2025-03-21 14:19:49','2025-03-21','2025-04-20',1,480.00,0.00,480.00,0.00,8,'7fdce6be5e81a61a3c209223eb358154',4,NULL,NULL,'2025-05-16','2025-04-18',0,'a:0:{}',NULL,0.00,0.00,'',0,NULL,0,0,0,NULL,NULL,NULL,0,'Afriq center, Maasai Road',NULL,NULL,'100',115,NULL,NULL,NULL,NULL,NULL,0,1,1,0,0,NULL,NULL,0),(18,0,NULL,28,NULL,26,'INV-',2,'INV-2025/000026','2025-03-24 11:42:49','2025-03-24','2025-04-23',1,31.00,0.00,31.00,0.00,12,'7d727802865919dfbce4801ca732b0a0',4,NULL,NULL,'2025-05-16',NULL,0,'a:0:{}',NULL,0.00,0.00,'',0,NULL,0,0,0,NULL,NULL,NULL,0,'SABKHA BUS STATION',NULL,NULL,'00100',234,NULL,NULL,NULL,NULL,NULL,0,1,1,0,0,NULL,NULL,0),(19,0,NULL,29,NULL,27,'INV-',2,'INV-2025/000027','2025-03-24 14:49:48','2025-03-24','2025-04-23',1,5.47,0.00,5.47,0.00,12,'e601670fe9ec9e6f79a980a29acd98f4',4,NULL,NULL,'2025-05-16',NULL,0,'a:0:{}',NULL,0.00,0.00,'',0,NULL,0,0,0,NULL,NULL,NULL,0,'SABKHA BUS STATION',NULL,NULL,'254',234,NULL,NULL,NULL,NULL,NULL,0,1,1,0,0,NULL,NULL,0),(20,0,NULL,30,NULL,28,'INV-',2,'INV-2025/000028','2025-03-24 15:00:56','2025-03-24','2025-04-23',1,28.50,0.00,28.50,0.00,12,'2ee885794ab9d6f437a170005bb60f60',4,NULL,NULL,'2025-05-16',NULL,0,'a:0:{}',NULL,0.00,0.00,'',0,NULL,0,0,0,NULL,NULL,NULL,0,'SABKHA, DUBAI',NULL,NULL,'001',234,NULL,NULL,NULL,NULL,NULL,0,1,1,0,0,NULL,NULL,0),(21,0,NULL,31,NULL,29,'INV-',2,'INV-2025/000029','2025-03-24 19:44:51','2025-03-24','2025-04-23',1,3.25,0.00,3.25,0.00,12,'17ba9e389d3f3b0ca2a6c69247d2ea9f',4,NULL,NULL,'2025-05-16',NULL,0,'a:0:{}',NULL,0.00,0.00,'',0,NULL,0,0,0,NULL,NULL,NULL,0,'SABKHA BUS STATION',NULL,NULL,'001',234,NULL,NULL,NULL,NULL,NULL,0,1,1,0,0,NULL,NULL,0),(22,0,NULL,32,NULL,30,'INV-',2,'INV-2025/000030','2025-03-24 19:54:40','2025-03-24','2025-04-23',1,3.25,0.00,3.25,0.00,12,'c2931dbe1b1007726b92869b9060604c',4,NULL,NULL,'2025-05-16',NULL,0,'a:0:{}',NULL,0.00,0.00,'',0,NULL,0,0,0,NULL,NULL,NULL,0,'SABKHA BUS STATION',NULL,NULL,'001',234,NULL,NULL,NULL,NULL,NULL,0,1,1,0,0,NULL,NULL,0),(23,0,NULL,33,NULL,31,'INV-',2,'INV-2025/000031','2025-03-24 20:04:52','2025-03-24','2025-04-23',1,6.35,0.00,6.35,0.00,12,'6a537ee7d391fa346b7e87ab4fc334d4',4,NULL,NULL,'2025-05-16',NULL,0,'a:0:{}',NULL,0.00,0.00,'',0,NULL,0,0,0,NULL,NULL,NULL,0,'SABKHA BUS STATION',NULL,NULL,'001',234,NULL,NULL,NULL,NULL,NULL,0,1,1,0,0,NULL,NULL,0),(24,0,NULL,34,NULL,32,'INV-',2,'INV-2025/000032','2025-04-16 18:17:28','2025-04-16','2025-05-16',1,63.00,0.00,63.00,0.00,12,'6eb1f808dd6d3c1f0bd3adbfa1017a39',4,NULL,NULL,'2025-05-18','2025-05-14',0,'a:0:{}',NULL,0.00,0.00,'',0,NULL,0,0,0,NULL,NULL,NULL,0,'SABKHA, DUBAI',NULL,NULL,'000',0,NULL,NULL,NULL,NULL,NULL,0,1,1,0,0,NULL,NULL,0),(25,0,NULL,35,NULL,33,'INV-',2,'INV-2025/000033','2025-04-16 19:47:03','2025-04-16','2025-05-16',1,5.27,0.00,5.27,0.00,12,'fc5b8a4bfd23b73a0e00b1c83e69ff56',4,NULL,NULL,'2025-05-18','2025-05-14',0,'a:0:{}',NULL,0.00,0.00,'',0,NULL,0,0,0,NULL,NULL,NULL,0,'SABKHA BUS STATION',NULL,NULL,'254',234,NULL,NULL,NULL,NULL,NULL,0,1,1,0,0,NULL,NULL,0),(26,0,NULL,36,NULL,34,'INV-',2,'INV-2025/000034','2025-04-22 18:56:44','2025-04-22','2025-05-22',1,3.00,0.00,3.00,0.00,12,'6d55e8b24fbd9912ff606087c785a40b',1,NULL,NULL,NULL,NULL,0,'a:0:{}',NULL,0.00,0.00,'',0,NULL,0,0,0,NULL,NULL,NULL,0,'SABKHA BUS STATION',NULL,NULL,'254',234,NULL,NULL,NULL,NULL,NULL,0,1,1,0,0,NULL,NULL,0),(27,0,NULL,37,NULL,35,'INV-',2,'INV-2025/000035','2025-04-27 17:24:00','2025-04-27','2025-05-27',1,42.70,0.00,42.70,0.00,12,'4c0c5e1bf1e53eb524da7e464e0f31e1',1,NULL,NULL,NULL,NULL,0,'a:0:{}',NULL,0.00,0.00,'',0,NULL,0,0,0,NULL,NULL,NULL,0,'Al Bashar  1, Dxb , Tel: 0503953101',NULL,NULL,'000',234,NULL,NULL,NULL,NULL,NULL,0,1,1,0,0,NULL,NULL,0),(28,0,NULL,38,NULL,36,'INV-',2,'INV-2025/000036','2025-04-30 17:48:15','2025-04-30','2025-05-30',1,31.44,0.00,31.44,0.00,12,'31bb7b922fd04428bc47cfda6415df49',1,NULL,NULL,NULL,NULL,0,'a:0:{}',NULL,0.00,0.00,'',0,NULL,0,0,0,NULL,NULL,NULL,0,'SABKHA BUS STATION',NULL,NULL,'000',234,NULL,NULL,NULL,NULL,NULL,0,1,1,0,0,NULL,NULL,0),(29,0,NULL,39,NULL,37,'INV-',2,'INV-2025/000037','2025-05-03 11:56:02','2025-05-03','2025-06-02',1,0.00,0.00,0.00,0.00,8,'b7a29b62a58e54af903650706d6e3941',2,NULL,NULL,NULL,NULL,0,'a:0:{}',NULL,0.00,0.00,'',0,NULL,0,0,0,NULL,NULL,NULL,0,'Optics Valley Software Park, Huangdao District, Qingdao City, Shandong Province, China',NULL,NULL,'233000',46,NULL,NULL,NULL,NULL,NULL,0,1,1,0,0,NULL,NULL,0),(30,0,NULL,40,NULL,38,'INV-',2,'INV-2025/000038','2025-05-05 10:29:19','2025-05-05','2025-06-04',1,1600.00,0.00,1600.00,0.00,8,'7c425773bb14cb66419cc120f41be955',1,NULL,NULL,NULL,NULL,0,'a:0:{}',NULL,0.00,0.00,'',0,NULL,0,0,0,NULL,NULL,NULL,0,'Dubai',NULL,NULL,'00100',234,NULL,NULL,NULL,NULL,NULL,0,1,1,0,0,NULL,NULL,0),(31,0,NULL,41,NULL,39,'INV-',2,'INV-2025/000039','2025-05-08 11:13:37','2025-05-08','2025-06-07',1,0.24,0.00,0.24,0.00,12,'d5e6eedbf880c1fff78065de3f144d83',1,NULL,NULL,NULL,NULL,0,'a:0:{}',NULL,0.00,0.00,'',0,NULL,0,0,0,NULL,NULL,NULL,0,'Al Bashar  1, Dxb , Tel: 0503953101',NULL,NULL,'254',234,NULL,NULL,NULL,NULL,NULL,0,1,1,0,0,NULL,NULL,0),(32,0,NULL,42,NULL,40,'INV-',2,'INV-2025/000040','2025-05-08 13:00:48','2025-05-08','2025-06-07',1,0.04,0.00,0.04,0.00,12,'950ce9fe5c2ae5067926e7abdd5bd89d',1,NULL,NULL,NULL,NULL,0,'a:0:{}',NULL,0.00,0.00,'',0,NULL,0,0,0,NULL,NULL,NULL,0,'SABKHA BUS STATION',NULL,NULL,'000000',234,NULL,NULL,NULL,NULL,NULL,0,1,1,0,0,NULL,NULL,0),(33,0,NULL,43,NULL,41,'INV-',2,'INV-2025/000041','2025-05-21 16:30:45','2025-05-21','2025-06-20',1,480.00,0.00,480.00,0.00,8,'17874da56e82d51274d264724e9b72ce',1,NULL,NULL,NULL,NULL,0,'a:0:{}',NULL,0.00,0.00,'',0,NULL,0,0,0,NULL,NULL,NULL,0,'AFRIQ',NULL,NULL,'00100',115,NULL,NULL,NULL,NULL,NULL,0,1,1,0,0,NULL,NULL,0),(34,0,NULL,44,NULL,42,'INV-',2,'INV-2025/000042','2025-05-21 18:56:30','2025-05-21','2025-06-20',1,66.40,0.00,66.40,0.00,12,'08b735ab26c013954f6eee6a5937832d',1,NULL,NULL,NULL,NULL,0,'a:0:{}',NULL,0.00,0.00,'',0,NULL,0,0,0,NULL,NULL,NULL,0,'SABKHA, DUBAI',NULL,NULL,'000000',234,NULL,NULL,NULL,NULL,NULL,0,1,1,0,0,NULL,NULL,0),(35,0,NULL,45,NULL,43,'INV-',2,'INV-2025/000043','2025-05-26 17:50:15','2025-05-26','2025-06-25',1,64.00,0.00,64.00,0.00,10,'b819561b9e96d536fdc0eb6b13ac03b1',1,NULL,NULL,NULL,NULL,0,'a:0:{}',NULL,0.00,0.00,'',0,NULL,0,0,0,NULL,NULL,NULL,0,'YALA TOWERS,5TH FLOOR,BIASHARA STREET',NULL,NULL,'00100',115,NULL,NULL,NULL,NULL,NULL,0,1,1,0,0,NULL,NULL,0),(36,0,NULL,46,NULL,44,'INV-',2,'INV-2025/000044','2025-05-26 18:12:47','2025-05-26','2025-06-25',1,105.76,0.00,105.76,0.00,10,'bccaae48052ba42b2ea9c5a57761ea46',1,NULL,NULL,NULL,NULL,0,'a:0:{}',NULL,0.00,0.00,'',0,NULL,0,0,0,NULL,NULL,NULL,0,'NAIROBI',NULL,NULL,'00100',115,NULL,NULL,NULL,NULL,NULL,0,1,1,0,0,NULL,NULL,0),(37,0,NULL,47,NULL,45,'INV-',2,'INV-2025/000045','2025-05-28 17:27:07','2025-05-28','2025-06-27',1,91.63,0.00,91.63,0.00,8,'8f3ceb0b0b1eccc716aab0757ba67f24',1,NULL,NULL,NULL,NULL,0,'a:0:{}',NULL,0.00,0.00,'',0,NULL,0,0,0,NULL,NULL,NULL,0,'KAUNDA STREET, QUEENSWAY',NULL,NULL,'00100',115,NULL,NULL,NULL,NULL,NULL,0,1,1,0,0,NULL,NULL,0),(38,0,NULL,49,NULL,46,'INV-',2,'INV-2025/000046','2025-05-30 18:17:06','2025-05-30','2025-06-29',1,0.19,0.00,0.19,0.00,12,'0c1dcd84bcc0aaf527ce61cc88353c8a',1,NULL,NULL,NULL,NULL,0,'a:0:{}',NULL,0.00,0.00,'',0,NULL,0,0,0,NULL,NULL,NULL,0,'Sabkha , Deira.',NULL,NULL,'254',234,NULL,NULL,NULL,NULL,NULL,0,1,1,0,0,NULL,NULL,0),(39,0,NULL,50,NULL,47,'INV-',2,'INV-2025/000047','2025-05-31 14:48:38','2025-05-31','2025-06-30',1,49.00,0.00,49.00,0.00,10,'747c0ebe9eee7c223c22afab881a7169',1,NULL,NULL,NULL,NULL,0,'a:0:{}',NULL,0.00,0.00,'',0,NULL,0,0,0,NULL,NULL,NULL,0,'nairobi',NULL,NULL,'00100',115,NULL,NULL,NULL,NULL,NULL,0,1,1,0,0,NULL,NULL,0),(40,0,NULL,52,NULL,48,'INV-',2,'INV-2025/000048','2025-06-04 10:43:44','2025-06-04','2025-07-04',1,44.00,0.00,44.00,0.00,8,'ce38abf2df085147dc4e00d8d062c95a',1,NULL,NULL,NULL,NULL,0,'a:0:{}',NULL,0.00,0.00,'',0,NULL,0,0,0,NULL,NULL,NULL,0,'SOUTH C',NULL,NULL,'00100',115,NULL,NULL,NULL,NULL,NULL,0,1,1,0,0,NULL,NULL,0),(41,0,NULL,53,NULL,49,'INV-',2,'INV-2025/000049','2025-06-07 12:54:08','2025-06-07','2025-07-07',1,45.50,0.00,45.50,0.00,10,'14985d2d26cd97f45bd26ac7ee756110',1,NULL,NULL,NULL,NULL,0,'a:0:{}',NULL,0.00,0.00,'',0,NULL,0,0,0,NULL,NULL,NULL,0,'nairobi',NULL,NULL,'00100',115,NULL,NULL,NULL,NULL,NULL,0,1,1,0,0,NULL,NULL,0),(42,0,NULL,54,NULL,50,'INV-',2,'INV-2025/000050','2025-06-23 19:22:23','2025-06-23','2025-07-23',1,72.96,0.00,72.96,0.00,12,'d2aa825b52fa63a618c03c3ab9275003',1,NULL,NULL,NULL,NULL,0,'a:0:{}',NULL,0.00,0.00,'',0,NULL,0,0,0,NULL,NULL,NULL,0,'AL NAHDAH SHARJAH',NULL,NULL,'000000',234,NULL,NULL,NULL,NULL,NULL,0,1,1,0,0,NULL,NULL,0),(43,0,NULL,56,NULL,51,'INV-',2,'INV-2025/000051','2025-07-10 12:38:38','2025-07-10','2025-08-09',1,24.80,0.00,24.80,0.00,12,'5b5343f1e5a6758d0637f3f5ce2287bc',1,NULL,NULL,NULL,NULL,0,'a:0:{}',NULL,0.00,0.00,'',0,NULL,0,0,0,NULL,NULL,NULL,0,'SABKHA BUS STATION',NULL,NULL,'000000',234,NULL,NULL,NULL,NULL,NULL,0,1,1,0,0,NULL,NULL,0),(44,0,NULL,57,NULL,52,'INV-',2,'INV-2025/000052','2025-07-10 20:13:58','2025-07-10','2025-08-09',1,0.89,0.00,0.89,0.00,12,'66d04ee4dc094cd663aae14c65b9ae69',1,NULL,NULL,NULL,NULL,0,'a:0:{}',NULL,0.00,0.00,'',0,NULL,0,0,0,NULL,NULL,NULL,0,'SABKHA, DUBAI',NULL,NULL,'000000',234,NULL,NULL,NULL,NULL,NULL,0,1,1,0,0,NULL,NULL,0),(45,0,NULL,58,NULL,53,'INV-',2,'INV-2025/000053','2025-07-14 20:29:50','2025-07-14','2025-08-13',1,2.00,0.00,2.00,0.00,12,'d8e5a26fad3ca18004c168e8d4c1fe08',1,NULL,NULL,NULL,NULL,0,'a:0:{}',NULL,0.00,0.00,'',0,NULL,0,0,0,NULL,NULL,NULL,0,'SHARJAH',NULL,NULL,'000000',234,NULL,NULL,NULL,NULL,NULL,0,1,1,0,0,NULL,NULL,0),(46,0,NULL,59,NULL,54,'INV-',2,'INV-2025/000054','2025-07-17 14:18:16','2025-07-17','2025-08-16',1,9.00,0.00,9.00,0.00,12,'884ccdfedfc560a0cdfba9a744ec14be',1,NULL,NULL,NULL,NULL,0,'a:0:{}',NULL,0.00,0.00,'',0,NULL,0,0,0,NULL,NULL,NULL,0,'SABKHA BUS STATION',NULL,NULL,'000000',234,NULL,NULL,NULL,NULL,NULL,0,1,1,0,0,NULL,NULL,0),(47,0,NULL,60,NULL,55,'INV-',2,'INV-2025/000055','2025-07-24 13:25:55','2025-07-24','2025-08-23',1,4.59,0.00,4.59,0.00,12,'43e0adde90ebec81b2b2137752f5ed29',1,NULL,NULL,NULL,NULL,0,'a:0:{}',NULL,0.00,0.00,'',0,NULL,0,0,0,NULL,NULL,NULL,0,'SABKHA BUS STATION',NULL,NULL,'000000',234,NULL,NULL,NULL,NULL,NULL,0,1,1,0,0,NULL,NULL,0);

--
-- Table structure for table `goshipping_tblitem_tax`
--

CREATE TABLE `goshipping_tblitem_tax` (
  `id` int NOT NULL AUTO_INCREMENT,
  `itemid` int NOT NULL,
  `rel_id` int NOT NULL,
  `rel_type` varchar(20) CHARACTER SET utf8mb4 COLLATE utf8mb4_unicode_ci NOT NULL,
  `taxrate` decimal(15,2) NOT NULL,
  `taxname` varchar(100) CHARACTER SET utf8mb4 COLLATE utf8mb4_unicode_ci NOT NULL,
  PRIMARY KEY (`id`),
  KEY `itemid` (`itemid`),
  KEY `rel_id` (`rel_id`)
) ENGINE=InnoDB DEFAULT CHARSET=utf8mb4 COLLATE=utf8mb4_unicode_ci;

--
-- Dumping data for table `goshipping_tblitem_tax`
--


--
-- Table structure for table `goshipping_tblitemable`
--

CREATE TABLE `goshipping_tblitemable` (
  `id` int NOT NULL AUTO_INCREMENT,
  `rel_id` int NOT NULL,
  `rel_type` varchar(15) CHARACTER SET utf8mb4 COLLATE utf8mb4_unicode_ci NOT NULL,
  `description` longtext CHARACTER SET utf8mb4 COLLATE utf8mb4_unicode_ci NOT NULL,
  `long_description` longtext CHARACTER SET utf8mb4 COLLATE utf8mb4_unicode_ci,
  `qty` decimal(15,2) NOT NULL,
  `rate` decimal(15,2) NOT NULL,
  `unit` varchar(40) CHARACTER SET utf8mb4 COLLATE utf8mb4_unicode_ci DEFAULT NULL,
  `item_order` int DEFAULT NULL,
  `wh_delivered_quantity` decimal(15,2) DEFAULT '0.00',
  PRIMARY KEY (`id`),
  KEY `rel_id` (`rel_id`),
  KEY `rel_type` (`rel_type`),
  KEY `qty` (`qty`),
  KEY `rate` (`rate`)
) ENGINE=InnoDB AUTO_INCREMENT=94 DEFAULT CHARSET=utf8mb4 COLLATE=utf8mb4_unicode_ci;

--
-- Dumping data for table `goshipping_tblitemable`
--

INSERT INTO `goshipping_tblitemable` VALUES (2,2,'invoice','WAYBILL - GOSH826551','<strong>SHIPPING MODE - </strong>AIR (AIR FREIGHT)<br />\r\n<br />\r\n<strong>FROM :</strong> KENYA AFRIQ CENTRE, WAREHOUSES & OFFICES NO5, MAASAI ROAD, OFF MOMBASA ROAD, OPP SAMEER BUSINESS PARK<br />\r\nORAKO BUILDING , SECONF FLOOR, LEFT WING, SUIT 1, FREIGHT ROAD, JOMO KENYATTA INTERNATIONAL AIRPORT, Zip code 00100<br />\r\n<br />\r\n<strong>TO : </strong> KENYA AFRIQ CENTRE, WAREHOUSES & OFFICES NO5, MAASAI ROAD, OFF MOMBASA ROAD, OPP SAMEER BUSINESS PARK<br />\r\nORAKO BUILDING , SECONF FLOOR, LEFT WING, SUIT 1, FREIGHT ROAD, JOMO KENYATTA INTERNATIONAL AIRPORT, Zip code 00100',2.00,7.00,'kgs',1,0.00),(3,2,'invoice','PACKAGING','Packaging Charges',1.00,0.00,'',2,0.00),(4,3,'invoice','WAYBILL - GOSH487445\n\n','<strong>SHIPPING MODE - </strong>COURIER (NONE)\n\n<strong>FROM :</strong> KENYA MASAI RD, OFF MOMBASA ROAD, Postal code 888\n\n<strong>TO : </strong> SAUDI ARABIA AL RABWAH DIST 6 ALL BIN AL SANI STREET, Postal code N11E66',1.00,7.00,'kgs',1,0.00),(5,3,'invoice','PACKAGING','Packaging Charges',1.00,0.00,'',1,0.00),(6,4,'invoice','WAYBILL - GOSH247126\n\n','<strong>SHIPPING MODE - </strong>COURIER (NONE)\n\n<strong>FROM :</strong> KENYA 3F RAMRAJ COMPLEX LUSAKA ROAD, Postal code 00100\n\n<strong>TO : </strong> CHINA NORTH AREA, 6 FLOOR, BUILDING 27, SHANCHENG INDUSTRIAL AREA, SHIXIN COMMUNITY, SHIYAN STREET, BAOAN DISTRICT, SHENZHEN, CHINA, Zip code 518108',13.60,7.00,'kgs',1,0.00),(7,4,'invoice','PACKAGING','Packaging Charges',1.00,0.00,'',1,0.00),(8,5,'invoice','WAYBILL - GOSH866923\n\n','<strong>SHIPPING MODE - </strong>COURIER (NONE)\n\n<strong>FROM :</strong> KENYA BRITT BROADCAST LTD,\r\n3F RAMRAJ COMPLEX LUSAKA ROAD NAIROBI KE, Postal code 99999\n\n<strong>TO : </strong> CHINA SHENZHEN KINAN TECHNOLOGY CO.LTD, NORTH AREA, 6FLOOR,BUILFING AREA.SHIXIN COMMUNITY, SHIYAN STREET SHENZHEN 518108, Zip code 518108',13.60,7.00,'kgs',1,0.00),(9,5,'invoice','PACKAGING','Packaging Charges',1.00,0.00,'',1,0.00),(22,12,'invoice','WAYBILL - GOSH341356','<strong>SHIPPING MODE - </strong>COURIER (NONE)<br />\r\n<br />\r\n<strong>FROM :</strong> KENYA AFRIQ CENTER, WAREHOUSE NO. 5. MAASAI ROAD, Zip code 2345<br />\r\n<br />\r\n<strong>TO : </strong> UNITED ARAB EMIRATES LATE BIN ALI BIN HADR BUILDING <br />\r\nOPPOSITE SABKHA BUS STATION<br />\r\n, Zip code 2345',26.00,7.00,'kgs',1,0.00),(23,12,'invoice','PACKAGING','Packaging Charges',1.00,20.00,'',2,0.00),(24,13,'invoice','WAYBILL - GOSH931424\n\n','<strong>SHIPPING MODE - </strong>AIR (AIR FREIGHT)\n\n<strong>FROM :</strong> KENYA NAIROBI, Zip code 00100\n\n<strong>TO : </strong> CHINA CHINA, Zip code 4454',80.00,7.00,'kgs',1,0.00),(25,13,'invoice','PACKAGING','Packaging Charges',1.00,0.00,'',1,0.00),(26,14,'invoice','WAYBILL - GOSH810335\n\n','<strong>SHIPPING MODE - </strong>AIR (AIR CONSOLIDATION)\n\n<strong>FROM :</strong> UNITED ARAB EMIRATES DXB, Zip code 254\n\n<strong>TO : </strong> KENYA MILIMANI ESTATE , KTL, Zip code 254',10.00,7.00,'kgs',1,0.00),(27,14,'invoice','PACKAGING','Packaging Charges',1.00,10.00,'',1,0.00),(28,15,'invoice','WAYBILL - GOSH466133\n\n','<strong>SHIPPING MODE - </strong>AIR (AIR CONSOLIDATION)\n\n<strong>FROM :</strong> UNITED ARAB EMIRATES SABKHA BUS STATION, Zip code 254\n\n<strong>TO : </strong> KENYA ICRC , ROAD C , INDUSTRIAL AREA , BEHIND SAMEER PARK, Zip code 254',3.00,7.00,'kgs',1,0.00),(29,15,'invoice','PACKAGING','Packaging Charges',1.00,0.00,'',1,0.00),(30,16,'invoice','WAYBILL - GOSH262186\n\n','<strong>SHIPPING MODE - </strong>AIR (AIR CONSOLIDATION)\n\n<strong>FROM :</strong> UNITED ARAB EMIRATES SABKHA, DUBAI, Zip code 001\n\n<strong>TO : </strong> KENYA NAIROBI, CBD, Zip code 254',41.40,7.00,'kgs',1,0.00),(31,16,'invoice','PACKAGING','Packaging Charges',1.00,0.00,'',1,0.00),(32,17,'invoice','WAYBILL - GOSH105572\n\n','<strong>SHIPPING MODE - </strong>AIR (AIR FREIGHT)\n\n<strong>FROM :</strong> KENYA AFRIQ CENTER, MAASAI ROAD, Zip code 100\n\n<strong>TO : </strong> UNITED ARAB EMIRATES DUBAI, Zip code 100',480.00,7.00,'kgs',1,0.00),(33,17,'invoice','PACKAGING','Packaging Charges',1.00,0.00,'',1,0.00),(34,18,'invoice','WAYBILL - GOSH347798\n\n','<strong>SHIPPING MODE - </strong>COURIER (NONE)\n\n<strong>FROM :</strong> UNITED ARAB EMIRATES SABKHA BUS STATION, Zip code 00100\n\n<strong>TO : </strong> KENYA ZIMMERMAN, THIKA ROAD, Zip code 254 ',31.00,7.00,'kgs',1,0.00),(35,18,'invoice','PACKAGING','Packaging Charges',1.00,10.00,'',1,0.00),(36,19,'invoice','WAYBILL - GOSH202144\n\n','<strong>SHIPPING MODE - </strong>COURIER (NONE)\n\n<strong>FROM :</strong> UNITED ARAB EMIRATES SABKHA BUS STATION, Zip code 254\n\n<strong>TO : </strong> KENYA MUGOYA , SOUTH C. NBO, Zip code 254',5.47,7.00,'kgs',1,0.00),(37,19,'invoice','PACKAGING','Packaging Charges',1.00,0.00,'',1,0.00),(38,20,'invoice','WAYBILL - GOSH920707\n\n','<strong>SHIPPING MODE - </strong>COURIER (NONE)\n\n<strong>FROM :</strong> UNITED ARAB EMIRATES SABKHA, DUBAI, Zip code 001\n\n<strong>TO : </strong> KENYA NAIROBI, Zip code 254',28.50,7.00,'kgs',1,0.00),(39,20,'invoice','PACKAGING','Packaging Charges',1.00,0.00,'',1,0.00),(40,21,'invoice','WAYBILL - GOSH635416\n\n','<strong>SHIPPING MODE - </strong>COURIER (NONE)\n\n<strong>FROM :</strong> UNITED ARAB EMIRATES SABKHA BUS STATION, Zip code 001\n\n<strong>TO : </strong> UNITED ARAB EMIRATES SABKHA, DUBAI, Zip code 254',3.25,7.00,'kgs',1,0.00),(41,21,'invoice','PACKAGING','Packaging Charges',1.00,0.00,'',1,0.00),(42,22,'invoice','WAYBILL - GOSH132538\n\n','<strong>SHIPPING MODE - </strong>COURIER (NONE)\n\n<strong>FROM :</strong> UNITED ARAB EMIRATES SABKHA BUS STATION, Zip code 001\n\n<strong>TO : </strong> KENYA KALIMAPUS COURT HSE NO 647, BURU BURU, NAIROBI., Zip code 254',3.25,7.00,'kgs',1,0.00),(43,22,'invoice','PACKAGING','Packaging Charges',1.00,0.00,'',1,0.00),(44,23,'invoice','WAYBILL - GOSH149210\n\n','<strong>SHIPPING MODE - </strong>COURIER (NONE)\n\n<strong>FROM :</strong> UNITED ARAB EMIRATES SABKHA BUS STATION, Zip code 001\n\n<strong>TO : </strong> KENYA SABKHA, DUBAI, Zip code 254',6.35,7.00,'kgs',1,0.00),(45,23,'invoice','PACKAGING','Packaging Charges',1.00,0.00,'',1,0.00),(46,24,'invoice','WAYBILL - GOSH586849\n\n','<strong>SHIPPING MODE - </strong>AIR\n\n<strong>FROM :</strong>  SABKHA, DUBAI, Zip code 000\n\n<strong>TO : </strong>  NAIROBI SOUTH C , AKIBA UNITED 100\r\nKENYA, Zip code 254',63.00,7.00,'kgs',1,0.00),(47,24,'invoice','PACKAGING','Packaging Charges',1.00,10.00,'',1,0.00),(48,25,'invoice','WAYBILL - GOSH523963\n\n','<strong>SHIPPING MODE - </strong>COURIER (NONE)\n\n<strong>FROM :</strong> UNITED ARAB EMIRATES SABKHA BUS STATION, Zip code 254\n\n<strong>TO : </strong> KENYA SOUTH B NAIROBI, \r\nKENYA, Zip code 254',5.27,7.00,'kgs',1,0.00),(49,25,'invoice','PACKAGING','Packaging Charges',1.00,0.00,'',1,0.00),(50,26,'invoice','WAYBILL - GOSH747630\n\n','<strong>SHIPPING MODE - </strong>COURIER (NONE)\n\n<strong>FROM :</strong> UNITED ARAB EMIRATES SABKHA BUS STATION, Zip code 254\n\n<strong>TO : </strong> KENYA NAIROBI, CBD, Zip code 254',3.00,7.00,'kgs',1,0.00),(51,26,'invoice','PACKAGING','Packaging Charges',1.00,0.00,'',1,0.00),(52,27,'invoice','WAYBILL - GOSH283302\n\n','<strong>SHIPPING MODE - </strong>COURIER (NONE)\n\n<strong>FROM :</strong> UNITED ARAB EMIRATES AL BASHAR  1, DXB , TEL: 0503953101, Zip code 000\n\n<strong>TO : </strong> KENYA CBD, Zip code 254',42.70,7.00,'kgs',1,0.00),(53,27,'invoice','PACKAGING','Packaging Charges',1.00,0.00,'',1,0.00),(54,28,'invoice','WAYBILL - GOSH923587\n\n','<strong>SHIPPING MODE - </strong>COURIER (NONE)\n\n<strong>FROM :</strong> UNITED ARAB EMIRATES SABKHA BUS STATION, Zip code 000\n\n<strong>TO : </strong> KENYA PARLIAMENT ROAD, SYOKIMAU\r\nGOLDEN SQUARE, GATE NO 1, Zip code 254',31.44,7.00,'kgs',1,0.00),(55,28,'invoice','PACKAGING','Packaging Charges',1.00,0.00,'',1,0.00),(56,29,'invoice','WAYBILL - GOSH551463\n\n','<strong>SHIPPING MODE - </strong>SEA (FCL)\n\n<strong>FROM :</strong> CHINA OPTICS VALLEY SOFTWARE PARK, HUANGDAO DISTRICT, QINGDAO CITY, SHANDONG PROVINCE, CHINA, Zip code 233000\n\n<strong>TO : </strong> KENYA , Zip code ',0.00,7.00,'kgs',1,0.00),(57,29,'invoice','PACKAGING','Packaging Charges',1.00,13.00,'',1,0.00),(58,30,'invoice','WAYBILL - GOSH582120\n\n','<strong>SHIPPING MODE - </strong>AIR (AIR CONSOLIDATION)\n\n<strong>FROM :</strong> UNITED ARAB EMIRATES DUBAI, Postal code 00100\n\n<strong>TO : </strong> KENYA NAIROBI, Postal code 00100',1600.00,7.00,'kgs',1,0.00),(59,30,'invoice','PACKAGING','Packaging Charges',1.00,30.00,'',1,0.00),(60,31,'invoice','WAYBILL - GOSH962766\n\n','<strong>SHIPPING MODE - </strong>SEA (SEA CONSOLIDATION)\n\n<strong>FROM :</strong> UNITED ARAB EMIRATES AL BASHAR  1, DXB , TEL: 0503953101, Zip code 254\n\n<strong>TO : </strong> KENYA NAIROBI , CBD, Zip code 254',0.24,7.00,'kgs',1,0.00),(61,31,'invoice','PACKAGING','Packaging Charges',1.00,0.00,'',1,0.00),(62,32,'invoice','WAYBILL - GOSH100485\n\n','<strong>SHIPPING MODE - </strong>SEA (SEA CONSOLIDATION)\n\n<strong>FROM :</strong> UNITED ARAB EMIRATES SABKHA BUS STATION, Zip code 000000\n\n<strong>TO : </strong> KENYA SYOKIMAU, Zip code 254',0.04,7.00,'kgs',1,0.00),(63,32,'invoice','PACKAGING','Packaging Charges',1.00,0.00,'',1,0.00),(64,33,'invoice','WAYBILL - DELL469102\n\n','<strong>SHIPPING MODE - </strong>COURIER (NONE)\n\n<strong>FROM :</strong> KENYA AFRIQ, Postal code 00100\n\n<strong>TO : </strong> KENYA , Postal code ',480.00,7.00,'kgs',1,0.00),(65,33,'invoice','PACKAGING','Packaging Charges',1.00,0.00,'',1,0.00),(66,34,'invoice','WAYBILL - GOSH922263\n\n','<strong>SHIPPING MODE - </strong>COURIER (NONE)\n\n<strong>FROM :</strong> UNITED ARAB EMIRATES SABKHA, DUBAI, Zip code 000000\n\n<strong>TO : </strong> UNITED ARAB EMIRATES AFRIQ CENTRE, Zip code 254',66.40,7.00,'kgs',1,0.00),(67,34,'invoice','PACKAGING','Packaging Charges',1.00,0.00,'',1,0.00),(68,35,'invoice','WAYBILL - GOSH768407\n\n','<strong>SHIPPING MODE - </strong>AIR (AIR CONSOLIDATION)\n\n<strong>FROM :</strong> KENYA YALA TOWERS,5TH FLOOR,BIASHARA STREET, Postal code 00100\n\n<strong>TO : </strong> KENYA , Postal code ',64.00,7.00,'kgs',1,0.00),(69,35,'invoice','PACKAGING','Packaging Charges',1.00,0.00,'',1,0.00),(70,36,'invoice','WAYBILL - GOSH227701\n\n','<strong>SHIPPING MODE - </strong>COURIER (NONE)\n\n<strong>FROM :</strong> KENYA NAIROBI, Zip code 00100\n\n<strong>TO : </strong> KENYA , Zip code ',105.76,7.00,'kgs',1,0.00),(71,36,'invoice','PACKAGING','Packaging Charges',1.00,0.00,'',1,0.00),(72,37,'invoice','WAYBILL - DELL522185\n\n','<strong>SHIPPING MODE - </strong>COURIER (NONE)\n\n<strong>FROM :</strong> KENYA KAUNDA STREET, QUEENSWAY, Zip code 00100\n\n<strong>TO : </strong> KENYA , Zip code ',91.63,7.00,'kgs',1,0.00),(73,37,'invoice','PACKAGING','Packaging Charges',1.00,0.00,'',1,0.00),(74,38,'invoice','WAYBILL - GOSH912566\n\n','<strong>SHIPPING MODE - </strong>SEA (SEA CONSOLIDATION)\n\n<strong>FROM :</strong> UNITED ARAB EMIRATES SABKHA , DEIRA., Zip code 254\n\n<strong>TO : </strong> KENYA CBD, Zip code 254',0.19,7.00,'kgs',1,0.00),(75,38,'invoice','PACKAGING','Packaging Charges',1.00,0.00,'',1,0.00),(76,39,'invoice','WAYBILL - GOSH487982\n\n','<strong>SHIPPING MODE - </strong>COURIER (NONE)\n\n<strong>FROM :</strong> KENYA NAIROBI, Zip code 00100\n\n<strong>TO : </strong> UGANDA KAMPALA, Zip code 00100',49.00,7.00,'kgs',1,0.00),(77,39,'invoice','PACKAGING','Packaging Charges',1.00,0.00,'',1,0.00),(78,40,'invoice','WAYBILL - GOSH277172\n\n','<strong>SHIPPING MODE - </strong>COURIER (NONE)\n\n<strong>FROM :</strong> KENYA SOUTH C , Zip code 00100\n\n<strong>TO : </strong> CANADA 55 WARRENDER AVE, ETOBICOKE, ON M9B 0C7, UNIT NO 1403, Zip code 00100',44.00,7.00,'kgs',1,0.00),(79,40,'invoice','PACKAGING','Packaging Charges',1.00,0.00,'',1,0.00),(80,41,'invoice','WAYBILL - GOSH637023\n\n','<strong>SHIPPING MODE - </strong>COURIER (NONE)\n\n<strong>FROM :</strong> KENYA NAIROBI, Postal code 00100\n\n<strong>TO : </strong> CANADA 55 WARRENDER AVE, ETOBICOKE\r\nON M9B 0C7,UNIT NO.1403, Postal code 1403',45.50,7.00,'kgs',1,0.00),(81,41,'invoice','PACKAGING','Packaging Charges',1.00,0.00,'',1,0.00),(82,42,'invoice','WAYBILL - GOSH834114\n\n','<strong>SHIPPING MODE - </strong>COURIER (NONE)\n\n<strong>FROM :</strong> UNITED ARAB EMIRATES AL NAHDAH SHARJAH, Zip code 000000\n\n<strong>TO : </strong> UGANDA SHUMUK HOUSE COLVILLE STREET KAMPALA, Zip code 256',72.96,7.00,'kgs',1,0.00),(83,42,'invoice','PACKAGING','Packaging Charges',1.00,0.00,'',1,0.00),(84,43,'invoice','WAYBILL - GOSH684216\n\n','<strong>SHIPPING MODE - </strong>AIR (AIR CONSOLIDATION)\n\n<strong>FROM :</strong> UNITED ARAB EMIRATES SABKHA BUS STATION, Zip code 000000\n\n<strong>TO : </strong> UNITED ARAB EMIRATES HARGEYSA\r\nSOMALIA, Zip code 252',24.80,7.00,'kgs',1,0.00),(85,43,'invoice','PACKAGING','Packaging Charges',1.00,10.00,'',1,0.00),(86,44,'invoice','WAYBILL - GOSH927232\n\n','<strong>SHIPPING MODE - </strong>SEA (SEA CONSOLIDATION)\n\n<strong>FROM :</strong> UNITED ARAB EMIRATES SABKHA, DUBAI, Zip code 000000\n\n<strong>TO : </strong> KENYA NAIROBI. UTAWALA, Zip code 254',0.89,7.00,'kgs',1,0.00),(87,44,'invoice','PACKAGING','Packaging Charges',1.00,0.00,'',1,0.00),(88,45,'invoice','WAYBILL - GOSH433196\n\n','<strong>SHIPPING MODE - </strong>COURIER (NONE)\n\n<strong>FROM :</strong> UNITED ARAB EMIRATES SHARJAH, Zip code 000000\n\n<strong>TO : </strong> KENYA MOMBASA, Zip code 254',2.00,7.00,'kgs',1,0.00),(89,45,'invoice','PACKAGING','Packaging Charges',1.00,0.00,'',1,0.00),(90,46,'invoice','WAYBILL - GOSH490727\n\n','<strong>SHIPPING MODE - </strong>COURIER (NONE)\n\n<strong>FROM :</strong> UNITED ARAB EMIRATES SABKHA BUS STATION, Zip code 000000\n\n<strong>TO : </strong> SOMALIA HARGEYSA SOMALIA, Zip code 252',9.00,7.00,'kgs',1,0.00),(91,46,'invoice','PACKAGING','Packaging Charges',1.00,10.00,'',1,0.00),(92,47,'invoice','WAYBILL - GOSH523861\n\n','<strong>SHIPPING MODE - </strong>COURIER (NONE)\n\n<strong>FROM :</strong> UNITED ARAB EMIRATES SABKHA BUS STATION, Zip code 000000\n\n<strong>TO : </strong> SOMALIA HARGEYSA SOMALIA, Zip code 252',4.59,7.00,'kgs',1,0.00),(93,47,'invoice','PACKAGING','Packaging Charges',1.00,10.00,'',1,0.00);

--
-- Table structure for table `goshipping_tblitems`
--

CREATE TABLE `goshipping_tblitems` (
  `id` int NOT NULL AUTO_INCREMENT,
  `description` longtext CHARACTER SET utf8mb4 COLLATE utf8mb4_unicode_ci NOT NULL,
  `long_description` mediumtext CHARACTER SET utf8mb4 COLLATE utf8mb4_unicode_ci,
  `rate` decimal(15,2) NOT NULL,
  `tax` int DEFAULT NULL,
  `tax2` int DEFAULT NULL,
  `unit` varchar(40) CHARACTER SET utf8mb4 COLLATE utf8mb4_unicode_ci DEFAULT NULL,
  `group_id` int NOT NULL DEFAULT '0',
  `commodity_code` varchar(100) CHARACTER SET utf8mb4 COLLATE utf8mb4_unicode_ci NOT NULL,
  `commodity_barcode` text CHARACTER SET utf8mb4 COLLATE utf8mb4_unicode_ci,
  `unit_id` int DEFAULT NULL,
  `sku_code` varchar(200) CHARACTER SET utf8mb4 COLLATE utf8mb4_unicode_ci DEFAULT NULL,
  `sku_name` varchar(200) CHARACTER SET utf8mb4 COLLATE utf8mb4_unicode_ci DEFAULT NULL,
  `purchase_price` decimal(15,2) DEFAULT NULL,
  `sub_group` varchar(200) CHARACTER SET utf8mb4 COLLATE utf8mb4_unicode_ci DEFAULT NULL,
  `active` int DEFAULT '1',
  `parent_id` int DEFAULT NULL,
  `attributes` longtext CHARACTER SET utf8mb4 COLLATE utf8mb4_unicode_ci,
  `parent_attributes` longtext CHARACTER SET utf8mb4 COLLATE utf8mb4_unicode_ci,
  `can_be_sold` varchar(100) CHARACTER SET utf8mb4 COLLATE utf8mb4_unicode_ci DEFAULT 'can_be_sold',
  `can_be_purchased` varchar(100) CHARACTER SET utf8mb4 COLLATE utf8mb4_unicode_ci DEFAULT 'can_be_purchased',
  `can_be_manufacturing` varchar(100) CHARACTER SET utf8mb4 COLLATE utf8mb4_unicode_ci DEFAULT 'can_be_manufacturing',
  `can_be_inventory` varchar(100) CHARACTER SET utf8mb4 COLLATE utf8mb4_unicode_ci DEFAULT 'can_be_inventory',
  `from_vendor_item` int DEFAULT NULL,
  `guarantee` text CHARACTER SET utf8mb4 COLLATE utf8mb4_unicode_ci,
  `profif_ratio` text CHARACTER SET utf8mb4 COLLATE utf8mb4_unicode_ci,
  `long_descriptions` longtext CHARACTER SET utf8mb4 COLLATE utf8mb4_unicode_ci,
  `without_checking_warehouse` int DEFAULT '0',
  `series_id` text CHARACTER SET utf8mb4 COLLATE utf8mb4_unicode_ci,
  `warehouse_id` int DEFAULT NULL,
  `origin` varchar(100) CHARACTER SET utf8mb4 COLLATE utf8mb4_unicode_ci DEFAULT NULL,
  `color_id` int DEFAULT NULL,
  `style_id` int DEFAULT NULL,
  `model_id` int DEFAULT NULL,
  `size_id` int DEFAULT NULL,
  `commodity_type` int DEFAULT NULL,
  `commodity_name` varchar(200) CHARACTER SET utf8mb4 COLLATE utf8mb4_unicode_ci NOT NULL,
  `color` text CHARACTER SET utf8mb4 COLLATE utf8mb4_unicode_ci,
  PRIMARY KEY (`id`),
  KEY `tax` (`tax`),
  KEY `tax2` (`tax2`),
  KEY `group_id` (`group_id`)
) ENGINE=InnoDB AUTO_INCREMENT=4 DEFAULT CHARSET=utf8mb4 COLLATE=utf8mb4_unicode_ci;

--
-- Dumping data for table `goshipping_tblitems`
--

INSERT INTO `goshipping_tblitems` VALUES (1,'Test product','',0.00,NULL,NULL,'',0,'',NULL,NULL,NULL,NULL,NULL,NULL,1,NULL,NULL,NULL,'can_be_sold','can_be_purchased','can_be_manufacturing','can_be_inventory',NULL,NULL,NULL,NULL,0,NULL,NULL,NULL,NULL,NULL,NULL,NULL,NULL,'',NULL),(2,'BREAD','',0.00,0,NULL,'UNITS',0,'BR','47679254064',1,'00002','BREAD',45.00,'',1,0,NULL,'[{\"name\":\"\",\"options\":[\"\"]}]','can_be_sold','can_be_purchased','can_be_manufacturing','can_be_inventory',NULL,'','-100','',0,NULL,0,'',NULL,0,0,0,0,'',''),(3,'TRICYCLE PARTS','',0.00,0,NULL,'UNITS',1,'002345','57465707701',1,'001','TRICYCLE PARTS',0.00,'4',1,0,NULL,'[{\"name\":\"\",\"options\":[\"\"]}]','can_be_sold','can_be_purchased','can_be_manufacturing','can_be_inventory',NULL,'','1','',0,NULL,1,'',NULL,0,0,0,0,'','');

--
-- Table structure for table `goshipping_tblitems_groups`
--

CREATE TABLE `goshipping_tblitems_groups` (
  `id` int NOT NULL AUTO_INCREMENT,
  `name` varchar(50) CHARACTER SET utf8mb4 COLLATE utf8mb4_unicode_ci NOT NULL,
  `commodity_group_code` varchar(100) CHARACTER SET utf8mb4 COLLATE utf8mb4_unicode_ci DEFAULT NULL,
  `order` int DEFAULT NULL,
  `display` int DEFAULT NULL,
  `note` text CHARACTER SET utf8mb4 COLLATE utf8mb4_unicode_ci,
  PRIMARY KEY (`id`)
) ENGINE=InnoDB AUTO_INCREMENT=5 DEFAULT CHARSET=utf8mb4 COLLATE=utf8mb4_unicode_ci;

--
-- Dumping data for table `goshipping_tblitems_groups`
--

INSERT INTO `goshipping_tblitems_groups` VALUES (1,'Fleet: Parts','FLEET_PARTS',10,1,''),(2,'EDIBLE','EDIBLE',30,1,''),(3,'PHARMASITICALS','PHARM',0,1,''),(4,'CLOTHES','CLOTHES',0,1,'');

--
-- Table structure for table `goshipping_tblitems_of_vendor`
--

CREATE TABLE `goshipping_tblitems_of_vendor` (
  `id` int unsigned NOT NULL AUTO_INCREMENT,
  `vendor_id` int NOT NULL,
  `description` text NOT NULL,
  `long_description` text,
  `rate` decimal(15,2) DEFAULT NULL,
  `tax` int DEFAULT NULL,
  `tax2` int DEFAULT NULL,
  `unit` varchar(40) DEFAULT NULL,
  `group_id` int NOT NULL,
  `commodity_code` varchar(100) NOT NULL,
  `commodity_barcode` text,
  `unit_id` int DEFAULT NULL,
  `sku_code` varchar(200) DEFAULT NULL,
  `sku_name` varchar(200) DEFAULT NULL,
  `sub_group` varchar(200) DEFAULT NULL,
  `active` int DEFAULT NULL,
  `parent` int DEFAULT NULL,
  `attributes` longtext,
  `parent_attributes` longtext,
  `commodity_type` int DEFAULT NULL,
  `origin` varchar(100) DEFAULT NULL,
  `commodity_name` varchar(200) NOT NULL,
  `series_id` text,
  `long_descriptions` longtext,
  `share_status` int DEFAULT '0',
  PRIMARY KEY (`id`)
) ENGINE=InnoDB DEFAULT CHARSET=utf8mb4 COLLATE=utf8mb4_0900_ai_ci;

--
-- Dumping data for table `goshipping_tblitems_of_vendor`
--


--
-- Table structure for table `goshipping_tblknowedge_base_article_feedback`
--

CREATE TABLE `goshipping_tblknowedge_base_article_feedback` (
  `articleanswerid` int NOT NULL AUTO_INCREMENT,
  `articleid` int NOT NULL,
  `answer` int NOT NULL,
  `ip` varchar(40) CHARACTER SET utf8mb4 COLLATE utf8mb4_unicode_ci NOT NULL,
  `date` datetime NOT NULL,
  PRIMARY KEY (`articleanswerid`)
) ENGINE=InnoDB DEFAULT CHARSET=utf8mb4 COLLATE=utf8mb4_unicode_ci;

--
-- Dumping data for table `goshipping_tblknowedge_base_article_feedback`
--


--
-- Table structure for table `goshipping_tblknowledge_base`
--

CREATE TABLE `goshipping_tblknowledge_base` (
  `articleid` int NOT NULL AUTO_INCREMENT,
  `articlegroup` int NOT NULL,
  `subject` longtext CHARACTER SET utf8mb4 COLLATE utf8mb4_unicode_ci NOT NULL,
  `description` mediumtext CHARACTER SET utf8mb4 COLLATE utf8mb4_unicode_ci NOT NULL,
  `slug` longtext CHARACTER SET utf8mb4 COLLATE utf8mb4_unicode_ci NOT NULL,
  `active` tinyint NOT NULL,
  `datecreated` datetime NOT NULL,
  `article_order` int NOT NULL DEFAULT '0',
  `staff_article` int NOT NULL DEFAULT '0',
  `question_answers` int DEFAULT '0',
  `file_name` varchar(255) CHARACTER SET utf8mb4 COLLATE utf8mb4_unicode_ci DEFAULT '',
  `curator` varchar(11) CHARACTER SET utf8mb4 COLLATE utf8mb4_unicode_ci DEFAULT '',
  `benchmark` int DEFAULT '0',
  `score` int DEFAULT '0',
  PRIMARY KEY (`articleid`)
) ENGINE=InnoDB DEFAULT CHARSET=utf8mb4 COLLATE=utf8mb4_unicode_ci;

--
-- Dumping data for table `goshipping_tblknowledge_base`
--


--
-- Table structure for table `goshipping_tblknowledge_base_groups`
--

CREATE TABLE `goshipping_tblknowledge_base_groups` (
  `groupid` int NOT NULL AUTO_INCREMENT,
  `name` varchar(191) CHARACTER SET utf8mb4 COLLATE utf8mb4_unicode_ci NOT NULL,
  `group_slug` mediumtext CHARACTER SET utf8mb4 COLLATE utf8mb4_unicode_ci,
  `description` longtext CHARACTER SET utf8mb4 COLLATE utf8mb4_unicode_ci,
  `active` tinyint NOT NULL,
  `color` varchar(10) CHARACTER SET utf8mb4 COLLATE utf8mb4_unicode_ci DEFAULT '#28B8DA',
  `group_order` int DEFAULT '0',
  PRIMARY KEY (`groupid`)
) ENGINE=InnoDB DEFAULT CHARSET=utf8mb4 COLLATE=utf8mb4_unicode_ci;

--
-- Dumping data for table `goshipping_tblknowledge_base_groups`
--


--
-- Table structure for table `goshipping_tbllead_activity_log`
--

CREATE TABLE `goshipping_tbllead_activity_log` (
  `id` int NOT NULL AUTO_INCREMENT,
  `leadid` int NOT NULL,
  `description` longtext CHARACTER SET utf8mb4 COLLATE utf8mb4_unicode_ci NOT NULL,
  `additional_data` mediumtext CHARACTER SET utf8mb4 COLLATE utf8mb4_unicode_ci,
  `date` datetime NOT NULL,
  `staffid` int NOT NULL,
  `full_name` varchar(100) CHARACTER SET utf8mb4 COLLATE utf8mb4_unicode_ci DEFAULT NULL,
  `custom_activity` tinyint(1) NOT NULL DEFAULT '0',
  PRIMARY KEY (`id`)
) ENGINE=InnoDB AUTO_INCREMENT=3 DEFAULT CHARSET=utf8mb4 COLLATE=utf8mb4_unicode_ci;

--
-- Dumping data for table `goshipping_tbllead_activity_log`
--

INSERT INTO `goshipping_tbllead_activity_log` VALUES (1,1,'not_lead_activity_created','','2025-04-30 15:46:48',8,'ALEX MURIMI',0),(2,2,'not_lead_activity_created','','2025-04-30 16:54:53',10,'Fred Aywa',0);

--
-- Table structure for table `goshipping_tbllead_integration_emails`
--

CREATE TABLE `goshipping_tbllead_integration_emails` (
  `id` int NOT NULL AUTO_INCREMENT,
  `subject` longtext CHARACTER SET utf8mb4 COLLATE utf8mb4_unicode_ci,
  `body` longtext CHARACTER SET utf8mb4 COLLATE utf8mb4_unicode_ci,
  `dateadded` datetime NOT NULL,
  `leadid` int NOT NULL,
  `emailid` int NOT NULL,
  PRIMARY KEY (`id`)
) ENGINE=InnoDB DEFAULT CHARSET=utf8mb4 COLLATE=utf8mb4_unicode_ci;

--
-- Dumping data for table `goshipping_tbllead_integration_emails`
--


--
-- Table structure for table `goshipping_tblleads`
--

CREATE TABLE `goshipping_tblleads` (
  `id` int NOT NULL AUTO_INCREMENT,
  `hash` varchar(65) CHARACTER SET utf8mb4 COLLATE utf8mb4_unicode_ci DEFAULT NULL,
  `name` varchar(191) CHARACTER SET utf8mb4 COLLATE utf8mb4_unicode_ci NOT NULL,
  `title` varchar(100) CHARACTER SET utf8mb4 COLLATE utf8mb4_unicode_ci DEFAULT NULL,
  `company` varchar(191) CHARACTER SET utf8mb4 COLLATE utf8mb4_unicode_ci DEFAULT NULL,
  `description` mediumtext CHARACTER SET utf8mb4 COLLATE utf8mb4_unicode_ci,
  `country` int NOT NULL DEFAULT '0',
  `zip` varchar(15) CHARACTER SET utf8mb4 COLLATE utf8mb4_unicode_ci DEFAULT NULL,
  `city` varchar(100) CHARACTER SET utf8mb4 COLLATE utf8mb4_unicode_ci DEFAULT NULL,
  `state` varchar(50) CHARACTER SET utf8mb4 COLLATE utf8mb4_unicode_ci DEFAULT NULL,
  `address` varchar(100) CHARACTER SET utf8mb4 COLLATE utf8mb4_unicode_ci DEFAULT NULL,
  `assigned` int NOT NULL DEFAULT '0',
  `dateadded` datetime NOT NULL,
  `from_form_id` int NOT NULL DEFAULT '0',
  `status` int NOT NULL,
  `source` int NOT NULL,
  `lastcontact` datetime DEFAULT NULL,
  `dateassigned` date DEFAULT NULL,
  `last_status_change` datetime DEFAULT NULL,
  `addedfrom` int NOT NULL,
  `email` varchar(100) CHARACTER SET utf8mb4 COLLATE utf8mb4_unicode_ci DEFAULT NULL,
  `website` varchar(150) CHARACTER SET utf8mb4 COLLATE utf8mb4_unicode_ci DEFAULT NULL,
  `leadorder` int DEFAULT '1',
  `phonenumber` varchar(50) CHARACTER SET utf8mb4 COLLATE utf8mb4_unicode_ci DEFAULT NULL,
  `date_converted` datetime DEFAULT NULL,
  `lost` tinyint(1) NOT NULL DEFAULT '0',
  `junk` int NOT NULL DEFAULT '0',
  `last_lead_status` int NOT NULL DEFAULT '0',
  `is_imported_from_email_integration` tinyint(1) NOT NULL DEFAULT '0',
  `email_integration_uid` varchar(30) CHARACTER SET utf8mb4 COLLATE utf8mb4_unicode_ci DEFAULT NULL,
  `is_public` tinyint(1) NOT NULL DEFAULT '0',
  `default_language` varchar(40) CHARACTER SET utf8mb4 COLLATE utf8mb4_unicode_ci DEFAULT NULL,
  `client_id` int NOT NULL DEFAULT '0',
  `lead_value` decimal(15,2) DEFAULT NULL,
  `vat` varchar(50) CHARACTER SET utf8mb4 COLLATE utf8mb4_unicode_ci DEFAULT NULL,
  `from_ma_form_id` int NOT NULL DEFAULT '0',
  `ma_point` int NOT NULL DEFAULT '0',
  `ma_unsubscribed` int NOT NULL DEFAULT '0',
  PRIMARY KEY (`id`),
  KEY `name` (`name`),
  KEY `company` (`company`),
  KEY `email` (`email`),
  KEY `assigned` (`assigned`),
  KEY `status` (`status`),
  KEY `source` (`source`),
  KEY `lastcontact` (`lastcontact`),
  KEY `dateadded` (`dateadded`),
  KEY `leadorder` (`leadorder`),
  KEY `from_form_id` (`from_form_id`)
) ENGINE=InnoDB AUTO_INCREMENT=3 DEFAULT CHARSET=utf8mb4 COLLATE=utf8mb4_unicode_ci;

--
-- Dumping data for table `goshipping_tblleads`
--

INSERT INTO `goshipping_tblleads` VALUES (1,'bd9662f68f3ac838df95af7df54d0575-76802dd19853f348fa701089d14f4f7f','Test Email Marketing','','','',0,'','','','',8,'2025-04-30 15:46:48',0,3,4,'2025-04-30 15:46:48',NULL,NULL,8,'info@goshippingcargo.com','',1,'',NULL,0,0,0,0,NULL,1,'',0,0.00,NULL,0,0,0),(2,'dae6d22824a8b501fb2ec0a38eb8a57d-b2c65c710cb3bf90a0f7126a751539af','test','','','',0,'','','','',10,'2025-04-30 16:54:53',0,2,2,'2025-04-30 16:54:53',NULL,NULL,10,'','',2,'',NULL,0,0,0,0,NULL,0,'',0,0.00,NULL,0,0,0);

--
-- Table structure for table `goshipping_tblleads_email_integration`
--

CREATE TABLE `goshipping_tblleads_email_integration` (
  `id` int NOT NULL AUTO_INCREMENT COMMENT 'the ID always must be 1',
  `active` int NOT NULL,
  `email` varchar(100) CHARACTER SET utf8mb4 COLLATE utf8mb4_unicode_ci NOT NULL,
  `imap_server` varchar(100) CHARACTER SET utf8mb4 COLLATE utf8mb4_unicode_ci NOT NULL,
  `password` longtext CHARACTER SET utf8mb4 COLLATE utf8mb4_unicode_ci NOT NULL,
  `check_every` int NOT NULL DEFAULT '5',
  `responsible` int NOT NULL,
  `lead_source` int NOT NULL,
  `lead_status` int NOT NULL,
  `encryption` varchar(3) CHARACTER SET utf8mb4 COLLATE utf8mb4_unicode_ci DEFAULT NULL,
  `folder` varchar(100) CHARACTER SET utf8mb4 COLLATE utf8mb4_unicode_ci NOT NULL,
  `last_run` varchar(50) CHARACTER SET utf8mb4 COLLATE utf8mb4_unicode_ci DEFAULT NULL,
  `notify_lead_imported` tinyint(1) NOT NULL DEFAULT '1',
  `notify_lead_contact_more_times` tinyint(1) NOT NULL DEFAULT '1',
  `notify_type` varchar(20) CHARACTER SET utf8mb4 COLLATE utf8mb4_unicode_ci DEFAULT NULL,
  `notify_ids` longtext CHARACTER SET utf8mb4 COLLATE utf8mb4_unicode_ci,
  `mark_public` int NOT NULL DEFAULT '0',
  `only_loop_on_unseen_emails` tinyint(1) NOT NULL DEFAULT '1',
  `delete_after_import` int NOT NULL DEFAULT '0',
  `create_task_if_customer` int NOT NULL DEFAULT '0',
  PRIMARY KEY (`id`)
) ENGINE=InnoDB AUTO_INCREMENT=2 DEFAULT CHARSET=utf8mb4 COLLATE=utf8mb4_unicode_ci;

--
-- Dumping data for table `goshipping_tblleads_email_integration`
--

INSERT INTO `goshipping_tblleads_email_integration` VALUES (1,0,'','','',10,0,0,0,'tls','INBOX','',1,1,'assigned','',0,1,0,1);

--
-- Table structure for table `goshipping_tblleads_sources`
--

CREATE TABLE `goshipping_tblleads_sources` (
  `id` int NOT NULL AUTO_INCREMENT,
  `name` varchar(150) CHARACTER SET utf8mb4 COLLATE utf8mb4_unicode_ci NOT NULL,
  PRIMARY KEY (`id`),
  KEY `name` (`name`)
) ENGINE=InnoDB AUTO_INCREMENT=5 DEFAULT CHARSET=utf8mb4 COLLATE=utf8mb4_unicode_ci;

--
-- Dumping data for table `goshipping_tblleads_sources`
--

INSERT INTO `goshipping_tblleads_sources` VALUES (4,'Email Marketing'),(2,'Facebook'),(3,'Flexstage Events'),(1,'Google');

--
-- Table structure for table `goshipping_tblleads_status`
--

CREATE TABLE `goshipping_tblleads_status` (
  `id` int NOT NULL AUTO_INCREMENT,
  `name` varchar(50) CHARACTER SET utf8mb4 COLLATE utf8mb4_unicode_ci NOT NULL,
  `statusorder` int DEFAULT NULL,
  `color` varchar(10) CHARACTER SET utf8mb4 COLLATE utf8mb4_unicode_ci DEFAULT '#28B8DA',
  `isdefault` int NOT NULL DEFAULT '0',
  PRIMARY KEY (`id`),
  KEY `name` (`name`)
) ENGINE=InnoDB AUTO_INCREMENT=4 DEFAULT CHARSET=utf8mb4 COLLATE=utf8mb4_unicode_ci;

--
-- Dumping data for table `goshipping_tblleads_status`
--

INSERT INTO `goshipping_tblleads_status` VALUES (1,'Customer',1000,'#7cb342',1),(2,'Event Attendees',2,'#28B8DA',0),(3,'Email Marketing',3,'#28B8DA',0);

--
-- Table structure for table `goshipping_tbllistemails`
--

CREATE TABLE `goshipping_tbllistemails` (
  `emailid` int NOT NULL AUTO_INCREMENT,
  `listid` int NOT NULL,
  `email` varchar(100) NOT NULL,
  `dateadded` datetime NOT NULL,
  PRIMARY KEY (`emailid`)
) ENGINE=InnoDB DEFAULT CHARSET=utf8mb4 COLLATE=utf8mb4_0900_ai_ci;

--
-- Dumping data for table `goshipping_tbllistemails`
--


--
-- Table structure for table `goshipping_tblma_asset_download_logs`
--

CREATE TABLE `goshipping_tblma_asset_download_logs` (
  `id` int NOT NULL AUTO_INCREMENT,
  `asset_id` int NOT NULL,
  `ip` text,
  `browser_name` text,
  `http_user_agent` text,
  `time` datetime NOT NULL,
  `asset_log_id` int DEFAULT NULL,
  PRIMARY KEY (`id`)
) ENGINE=InnoDB DEFAULT CHARSET=utf8mb4 COLLATE=utf8mb4_0900_ai_ci;

--
-- Dumping data for table `goshipping_tblma_asset_download_logs`
--


--
-- Table structure for table `goshipping_tblma_asset_logs`
--

CREATE TABLE `goshipping_tblma_asset_logs` (
  `id` int NOT NULL AUTO_INCREMENT,
  `asset_id` int NOT NULL,
  `lead_id` int NOT NULL,
  `client_id` int NOT NULL,
  `campaign_id` int DEFAULT NULL,
  `hash` text,
  `download` int NOT NULL DEFAULT '0',
  `download_time` datetime NOT NULL,
  `dateadded` datetime NOT NULL,
  PRIMARY KEY (`id`)
) ENGINE=InnoDB DEFAULT CHARSET=utf8mb4 COLLATE=utf8mb4_0900_ai_ci;

--
-- Dumping data for table `goshipping_tblma_asset_logs`
--


--
-- Table structure for table `goshipping_tblma_assets`
--

CREATE TABLE `goshipping_tblma_assets` (
  `id` int NOT NULL AUTO_INCREMENT,
  `name` text NOT NULL,
  `language` varchar(40) DEFAULT NULL,
  `category` int NOT NULL DEFAULT '0',
  `published` int NOT NULL DEFAULT '1',
  `description` text,
  `addedfrom` int DEFAULT NULL,
  `dateadded` datetime NOT NULL,
  `color` text,
  `change_points` text,
  PRIMARY KEY (`id`)
) ENGINE=InnoDB DEFAULT CHARSET=utf8mb4 COLLATE=utf8mb4_0900_ai_ci;

--
-- Dumping data for table `goshipping_tblma_assets`
--


--
-- Table structure for table `goshipping_tblma_campaign_client_exceptions`
--

CREATE TABLE `goshipping_tblma_campaign_client_exceptions` (
  `id` int NOT NULL AUTO_INCREMENT,
  `client_id` int NOT NULL,
  `campaign_id` int DEFAULT NULL,
  `dateadded` datetime NOT NULL,
  PRIMARY KEY (`id`)
) ENGINE=InnoDB DEFAULT CHARSET=utf8mb4 COLLATE=utf8mb4_0900_ai_ci;

--
-- Dumping data for table `goshipping_tblma_campaign_client_exceptions`
--


--
-- Table structure for table `goshipping_tblma_campaign_flows`
--

CREATE TABLE `goshipping_tblma_campaign_flows` (
  `id` int NOT NULL AUTO_INCREMENT,
  `campaign_id` int NOT NULL,
  `node_id` int NOT NULL,
  `lead_id` int NOT NULL,
  `dateadded` datetime NOT NULL,
  `output` text,
  `client_id` int DEFAULT NULL,
  PRIMARY KEY (`id`)
) ENGINE=InnoDB AUTO_INCREMENT=3 DEFAULT CHARSET=utf8mb4 COLLATE=utf8mb4_0900_ai_ci;

--
-- Dumping data for table `goshipping_tblma_campaign_flows`
--

INSERT INTO `goshipping_tblma_campaign_flows` VALUES (1,2,1,1,'2025-04-30 16:21:06','output_1',0),(2,2,2,1,'2025-04-30 16:21:06','output_1',0);

--
-- Table structure for table `goshipping_tblma_campaign_lead_exceptions`
--

CREATE TABLE `goshipping_tblma_campaign_lead_exceptions` (
  `id` int NOT NULL AUTO_INCREMENT,
  `lead_id` int NOT NULL,
  `campaign_id` int DEFAULT NULL,
  `dateadded` datetime NOT NULL,
  PRIMARY KEY (`id`)
) ENGINE=InnoDB DEFAULT CHARSET=utf8mb4 COLLATE=utf8mb4_0900_ai_ci;

--
-- Dumping data for table `goshipping_tblma_campaign_lead_exceptions`
--


--
-- Table structure for table `goshipping_tblma_campaign_test`
--

CREATE TABLE `goshipping_tblma_campaign_test` (
  `id` int NOT NULL AUTO_INCREMENT,
  `name` text NOT NULL,
  `email` text,
  `campaign_id` int DEFAULT NULL,
  `segment_id` int DEFAULT NULL,
  `stage_id` int DEFAULT NULL,
  `point` int NOT NULL DEFAULT '0',
  `tags` text,
  `status` int DEFAULT NULL,
  `addedfrom` int DEFAULT NULL,
  `dateadded` datetime NOT NULL,
  `delete_lead` int NOT NULL DEFAULT '0',
  `remove_from_campaign` int NOT NULL DEFAULT '0',
  `convert_to_customer` int NOT NULL DEFAULT '0',
  PRIMARY KEY (`id`)
) ENGINE=InnoDB AUTO_INCREMENT=2 DEFAULT CHARSET=utf8mb4 COLLATE=utf8mb4_0900_ai_ci;

--
-- Dumping data for table `goshipping_tblma_campaign_test`
--

INSERT INTO `goshipping_tblma_campaign_test` VALUES (1,'ALEX MURIMI','salat@goshippingcargo.com',3,NULL,NULL,0,NULL,NULL,8,'2025-05-24 10:39:27',0,0,0);

--
-- Table structure for table `goshipping_tblma_campaign_test_logs`
--

CREATE TABLE `goshipping_tblma_campaign_test_logs` (
  `id` int NOT NULL AUTO_INCREMENT,
  `campaign_id` int NOT NULL,
  `node_id` int NOT NULL,
  `output` text,
  `result` text,
  `dateadded` datetime NOT NULL,
  PRIMARY KEY (`id`)
) ENGINE=InnoDB DEFAULT CHARSET=utf8mb4 COLLATE=utf8mb4_0900_ai_ci;

--
-- Dumping data for table `goshipping_tblma_campaign_test_logs`
--


--
-- Table structure for table `goshipping_tblma_campaigns`
--

CREATE TABLE `goshipping_tblma_campaigns` (
  `id` int NOT NULL AUTO_INCREMENT,
  `name` text NOT NULL,
  `color` text,
  `category` int NOT NULL DEFAULT '0',
  `published` int NOT NULL DEFAULT '1',
  `start_date` date DEFAULT NULL,
  `end_date` date DEFAULT NULL,
  `workflow` longtext,
  `description` text,
  `addedfrom` int DEFAULT NULL,
  `dateadded` datetime NOT NULL,
  `smtp_config` int DEFAULT NULL,
  `email_limit_config` int DEFAULT NULL,
  PRIMARY KEY (`id`)
) ENGINE=InnoDB AUTO_INCREMENT=4 DEFAULT CHARSET=utf8mb4 COLLATE=utf8mb4_0900_ai_ci;

--
-- Dumping data for table `goshipping_tblma_campaigns`
--

INSERT INTO `goshipping_tblma_campaigns` VALUES (1,'Testing ','',5,1,'2025-04-30','2025-04-30',NULL,'',8,'2025-04-30 16:10:11',NULL,NULL),(2,'testing 2','',5,1,'2025-04-30','2025-04-30','\"{\\\"drawflow\\\":{\\\"Home\\\":{\\\"data\\\":{\\\"1\\\":{\\\"id\\\":1,\\\"name\\\":\\\"flow_start\\\",\\\"data\\\":{\\\"segment\\\":\\\"1\\\"},\\\"class\\\":\\\"flow_start\\\",\\\"html\\\":\\\"<div class=\\\\\\\"panel-group no-margin\\\\\\\">\\\\n  <div class=\\\\\\\"panel panel-default\\\\\\\">\\\\n    <div class=\\\\\\\"panel-heading\\\\\\\">\\\\n      <h4 class=\\\\\\\"panel-title\\\\\\\" data-toggle=\\\\\\\"collapse\\\\\\\" data-target=\\\\\\\"#collapse_node_1\\\\\\\" aria-expanded=\\\\\\\"true\\\\\\\">\\\\n        <span class=\\\\\\\"text-success glyphicon glyphicon-log-in\\\\\\\"> <\\/span><span class=\\\\\\\"text-success\\\\\\\"> Flow start<\\/span>\\\\n      <\\/h4>\\\\n    <\\/div>\\\\n    <div id=\\\\\\\"collapse_node_1\\\\\\\" class=\\\\\\\"panel-collapse collapse in\\\\\\\" aria-expanded=\\\\\\\"true\\\\\\\">\\\\n      <div class=\\\\\\\"box\\\\\\\" node-id=\\\\\\\"1\\\\\\\">\\\\n          <div class=\\\\\\\"form-group\\\\\\\">\\\\n            <label for=\\\\\\\"data_type\\\\\\\">Data type<\\/label><br \\/>\\\\n            <div class=\\\\\\\"radio radio-inline radio-primary\\\\\\\">\\\\n              <input type=\\\\\\\"radio\\\\\\\" name=\\\\\\\"data_type[1]\\\\\\\" id=\\\\\\\"data_type_lead[1]\\\\\\\" value=\\\\\\\"lead\\\\\\\" checked df-data_type>\\\\n              <label for=\\\\\\\"data_type_lead[1]\\\\\\\">Lead<\\/label>\\\\n            <\\/div>\\\\n            <div class=\\\\\\\"radio radio-inline radio-primary\\\\\\\">\\\\n              <input type=\\\\\\\"radio\\\\\\\" name=\\\\\\\"data_type[1]\\\\\\\" id=\\\\\\\"data_type_customer[1]\\\\\\\" value=\\\\\\\"customer\\\\\\\" df-data_type>\\\\n              <label for=\\\\\\\"data_type_customer[1]\\\\\\\">Customer<\\/label>\\\\n            <\\/div>\\\\n          <\\/div>\\\\n          <div class=\\\\\\\"div_data_type_customer hide\\\\\\\">\\\\n            <div class=\\\\\\\"form-group\\\\\\\">\\\\n              <label for=\\\\\\\"client_data_from\\\\\\\">Client data from<\\/label><br \\/>\\\\n              <div class=\\\\\\\"radio radio-inline radio-primary\\\\\\\">\\\\n                <input type=\\\\\\\"radio\\\\\\\" name=\\\\\\\"client_data_from[1]\\\\\\\" id=\\\\\\\"client_data_from_segment[1]\\\\\\\" value=\\\\\\\"segment\\\\\\\" checked df-client_data_from>\\\\n                <label for=\\\\\\\"client_data_from_segment[1]\\\\\\\">Segment<\\/label>\\\\n              <\\/div>\\\\n              <div class=\\\\\\\"radio radio-inline radio-primary\\\\\\\">\\\\n                <input type=\\\\\\\"radio\\\\\\\" name=\\\\\\\"client_data_from[1]\\\\\\\" id=\\\\\\\"client_data_from_group[1]\\\\\\\" value=\\\\\\\"group\\\\\\\" df-client_data_from>\\\\n                <label for=\\\\\\\"client_data_from_group[1]\\\\\\\">Group<\\/label>\\\\n              <\\/div>\\\\n            <\\/div>\\\\n            <div class=\\\\\\\"div_client_data_from_segment\\\\\\\">\\\\n              <div class=\\\\\\\"select-placeholder form-group\\\\\\\" app-field-wrapper=\\\\\\\"customer_segment[1]\\\\\\\"><label for=\\\\\\\"customer_segment[1]\\\\\\\" class=\\\\\\\"control-label\\\\\\\">Segment<\\/label><select id=\\\\\\\"customer_segment[1]\\\\\\\" name=\\\\\\\"customer_segment[1]\\\\\\\" class=\\\\\\\"selectpicker\\\\\\\" df-customer_segment=\\\\\\\"\\\\\\\" data-width=\\\\\\\"100%\\\\\\\" data-none-selected-text=\\\\\\\"Nothing selected\\\\\\\" data-live-search=\\\\\\\"true\\\\\\\"><option value=\\\\\\\"\\\\\\\"><\\/option><\\/select><\\/div>            <\\/div>\\\\n            <div class=\\\\\\\"div_client_data_from_group hide\\\\\\\">\\\\n              <div class=\\\\\\\"select-placeholder form-group\\\\\\\" app-field-wrapper=\\\\\\\"customer_group[1]\\\\\\\"><label for=\\\\\\\"customer_group[1]\\\\\\\" class=\\\\\\\"control-label\\\\\\\">Customer Group<\\/label><select id=\\\\\\\"customer_group[1]\\\\\\\" name=\\\\\\\"customer_group[1]\\\\\\\" class=\\\\\\\"selectpicker\\\\\\\" df-customer_group=\\\\\\\"\\\\\\\" data-none-selected-text=\\\\\\\"All\\\\\\\" data-width=\\\\\\\"100%\\\\\\\" data-live-search=\\\\\\\"true\\\\\\\"><option value=\\\\\\\"\\\\\\\"><\\/option><\\/select><\\/div>            <\\/div>\\\\n            <div class=\\\\\\\"select-placeholder form-group\\\\\\\" app-field-wrapper=\\\\\\\"customer_sendto[1]\\\\\\\"><label for=\\\\\\\"customer_sendto[1]\\\\\\\" class=\\\\\\\"control-label\\\\\\\">Send to<\\/label><select id=\\\\\\\"customer_sendto[1]\\\\\\\" name=\\\\\\\"customer_sendto[1]\\\\\\\" class=\\\\\\\"selectpicker\\\\\\\" df-customer_sendto=\\\\\\\"\\\\\\\" data-width=\\\\\\\"100%\\\\\\\" data-none-selected-text=\\\\\\\"Nothing selected\\\\\\\" data-live-search=\\\\\\\"true\\\\\\\"><option value=\\\\\\\"\\\\\\\">Active<\\/option><option value=\\\\\\\"inactive\\\\\\\">Inactive<\\/option><option value=\\\\\\\"all\\\\\\\">All<\\/option><\\/select><\\/div>          <\\/div>\\\\n          <div class=\\\\\\\"div_data_type_lead\\\\\\\">\\\\n            <div class=\\\\\\\"form-group\\\\\\\">\\\\n              <label for=\\\\\\\"lead_data_from\\\\\\\">Lead data from<\\/label><br \\/>\\\\n              <div class=\\\\\\\"radio radio-inline radio-primary\\\\\\\">\\\\n                <input type=\\\\\\\"radio\\\\\\\" name=\\\\\\\"lead_data_from[1]\\\\\\\" id=\\\\\\\"lead_data_from_segment[1]\\\\\\\" value=\\\\\\\"segment\\\\\\\" checked df-lead_data_from>\\\\n                <label for=\\\\\\\"lead_data_from_segment[1]\\\\\\\">Segment<\\/label>\\\\n              <\\/div>\\\\n              <div class=\\\\\\\"radio radio-inline radio-primary\\\\\\\">\\\\n                <input type=\\\\\\\"radio\\\\\\\" name=\\\\\\\"lead_data_from[1]\\\\\\\" id=\\\\\\\"lead_data_from_form[1]\\\\\\\" value=\\\\\\\"form\\\\\\\" df-lead_data_from>\\\\n                <label for=\\\\\\\"lead_data_from_form[1]\\\\\\\">Form<\\/label>\\\\n              <\\/div>\\\\n            <\\/div>\\\\n            <div class=\\\\\\\"div_lead_data_from_segment\\\\\\\">\\\\n              <div class=\\\\\\\"select-placeholder form-group\\\\\\\" app-field-wrapper=\\\\\\\"segment[1]\\\\\\\"><label for=\\\\\\\"segment[1]\\\\\\\" class=\\\\\\\"control-label\\\\\\\">Segment<\\/label><select id=\\\\\\\"segment[1]\\\\\\\" name=\\\\\\\"segment[1]\\\\\\\" class=\\\\\\\"selectpicker\\\\\\\" df-segment=\\\\\\\"\\\\\\\" data-width=\\\\\\\"100%\\\\\\\" data-none-selected-text=\\\\\\\"Nothing selected\\\\\\\" data-live-search=\\\\\\\"true\\\\\\\"><option value=\\\\\\\"\\\\\\\"><\\/option><option value=\\\\\\\"1\\\\\\\">Test Email Marketing<\\/option><\\/select><\\/div>            <\\/div>\\\\n            <div class=\\\\\\\"div_lead_data_from_form hide\\\\\\\">\\\\n              <div class=\\\\\\\"select-placeholder form-group\\\\\\\" app-field-wrapper=\\\\\\\"form[1]\\\\\\\"><label for=\\\\\\\"form[1]\\\\\\\" class=\\\\\\\"control-label\\\\\\\">Form<\\/label><select id=\\\\\\\"form[1]\\\\\\\" name=\\\\\\\"form[1]\\\\\\\" class=\\\\\\\"selectpicker\\\\\\\" df-form=\\\\\\\"\\\\\\\" data-width=\\\\\\\"100%\\\\\\\" data-none-selected-text=\\\\\\\"Nothing selected\\\\\\\" data-live-search=\\\\\\\"true\\\\\\\"><option value=\\\\\\\"\\\\\\\"><\\/option><\\/select><\\/div>            <\\/div>\\\\n        <\\/div>\\\\n      <\\/div>\\\\n    <\\/div>\\\\n  <\\/div>\\\\n<\\/div>\\\\n\\\",\\\"typenode\\\":false,\\\"inputs\\\":{},\\\"outputs\\\":{\\\"output_1\\\":{\\\"connections\\\":[{\\\"node\\\":\\\"2\\\",\\\"output\\\":\\\"input_1\\\"}]}},\\\"pos_x\\\":73,\\\"pos_y\\\":73},\\\"2\\\":{\\\"id\\\":2,\\\"name\\\":\\\"email\\\",\\\"data\\\":{\\\"email\\\":\\\"1\\\"},\\\"class\\\":\\\"email\\\",\\\"html\\\":\\\"<div class=\\\\\\\"panel-group no-margin\\\\\\\">\\\\n  <div class=\\\\\\\"panel panel-default\\\\\\\">\\\\n    <div class=\\\\\\\"panel-heading\\\\\\\">\\\\n      <h4 class=\\\\\\\"panel-title\\\\\\\" data-toggle=\\\\\\\"collapse\\\\\\\" data-target=\\\\\\\"#collapse_node_2\\\\\\\" aria-expanded=\\\\\\\"true\\\\\\\">\\\\n        <span class=\\\\\\\"text-primary glyphicon glyphicon-envelope\\\\\\\"> <\\/span><span class=\\\\\\\"text-primary\\\\\\\"> Email<\\/span>\\\\n      <\\/h4>\\\\n    <\\/div>\\\\n    <div id=\\\\\\\"collapse_node_2\\\\\\\" class=\\\\\\\"panel-collapse collapse in\\\\\\\" aria-expanded=\\\\\\\"true\\\\\\\">\\\\n\\\\n      <div class=\\\\\\\"box\\\\\\\" node-id=\\\\\\\"2\\\\\\\">\\\\n        <div class=\\\\\\\"form-group\\\\\\\">\\\\n          <label for=\\\\\\\"complete_action\\\\\\\">Complete action:<\\/label><br \\/>\\\\n          <div class=\\\\\\\"radio radio-primary\\\\\\\">\\\\n            <input type=\\\\\\\"radio\\\\\\\" name=\\\\\\\"complete_action[2]\\\\\\\" id=\\\\\\\"complete_action_right_away[2]\\\\\\\" value=\\\\\\\"right_away\\\\\\\" checked df-complete_action>\\\\n            <label for=\\\\\\\"complete_action_right_away[2]\\\\\\\">Right away<\\/label>\\\\n          <\\/div>\\\\n          <div class=\\\\\\\"radio radio-primary\\\\\\\">\\\\n            <input type=\\\\\\\"radio\\\\\\\" name=\\\\\\\"complete_action[2]\\\\\\\" id=\\\\\\\"complete_action_after[2]\\\\\\\" value=\\\\\\\"after\\\\\\\" df-complete_action>\\\\n            <label for=\\\\\\\"complete_action_after[2]\\\\\\\">After<\\/label>\\\\n          <\\/div>\\\\n          <div class=\\\\\\\"radio radio-primary\\\\\\\">\\\\n            <input type=\\\\\\\"radio\\\\\\\" name=\\\\\\\"complete_action[2]\\\\\\\" id=\\\\\\\"complete_action_exact_time[2]\\\\\\\" value=\\\\\\\"exact_time\\\\\\\" df-complete_action>\\\\n            <label for=\\\\\\\"complete_action_exact_time[2]\\\\\\\">Exact time<\\/label>\\\\n          <\\/div>\\\\n          <div class=\\\\\\\"radio radio-primary\\\\\\\">\\\\n            <input type=\\\\\\\"radio\\\\\\\" name=\\\\\\\"complete_action[2]\\\\\\\" id=\\\\\\\"complete_action_exact_time_and_date[2]\\\\\\\" value=\\\\\\\"exact_time_and_date\\\\\\\" df-complete_action>\\\\n            <label for=\\\\\\\"complete_action_exact_time_and_date[2]\\\\\\\">Exact time and date<\\/label>\\\\n          <\\/div>\\\\n        <\\/div>\\\\n\\\\n        <div class=\\\\\\\"div_complete_action_after hide\\\\\\\">\\\\n                        <div class=\\\\\\\"row\\\\\\\">\\\\n              <div class=\\\\\\\"col-md-6 no-padding-right\\\\\\\">\\\\n                <div class=\\\\\\\"form-group\\\\\\\" app-field-wrapper=\\\\\\\"waiting_number[2]\\\\\\\"><input type=\\\\\\\"number\\\\\\\" id=\\\\\\\"waiting_number[2]\\\\\\\" name=\\\\\\\"waiting_number[2]\\\\\\\" class=\\\\\\\"form-control\\\\\\\" df-waiting_number=\\\\\\\"\\\\\\\" value=\\\\\\\"1\\\\\\\"><\\/div>              <\\/div>\\\\n              <div class=\\\\\\\"col-md-6\\\\\\\">\\\\n                <div class=\\\\\\\"select-placeholder form-group\\\\\\\" app-field-wrapper=\\\\\\\"waiting_type[2]\\\\\\\"><select id=\\\\\\\"waiting_type[2]\\\\\\\" name=\\\\\\\"waiting_type[2]\\\\\\\" class=\\\\\\\"selectpicker\\\\\\\" df-waiting_type=\\\\\\\"\\\\\\\" data-width=\\\\\\\"100%\\\\\\\" data-none-selected-text=\\\\\\\"Nothing selected\\\\\\\" data-live-search=\\\\\\\"true\\\\\\\"><option value=\\\\\\\"minutes\\\\\\\">Min<\\/option><option value=\\\\\\\"hour\\\\\\\">Hours<\\/option><option value=\\\\\\\"day\\\\\\\">Days<\\/option><\\/select><\\/div>              <\\/div>\\\\n            <\\/div>\\\\n        <\\/div>\\\\n        <div class=\\\\\\\"div_complete_action_exact_time hide\\\\\\\">\\\\n        <div class=\\\\\\\"form-group\\\\\\\" app-field-wrapper=\\\\\\\"exact_time[2]\\\\\\\"><label for=\\\\\\\"exact_time[2]\\\\\\\" class=\\\\\\\"control-label\\\\\\\">Exact time<\\/label><input type=\\\\\\\"time\\\\\\\" id=\\\\\\\"exact_time[2]\\\\\\\" name=\\\\\\\"exact_time[2]\\\\\\\" class=\\\\\\\"form-control\\\\\\\" df-exact_time=\\\\\\\"\\\\\\\" value=\\\\\\\"\\\\\\\"><\\/div>        <\\/div>\\\\n        <div class=\\\\\\\"div_complete_action_exact_time_and_date hide\\\\\\\">\\\\n        <div class=\\\\\\\"form-group\\\\\\\" app-field-wrapper=\\\\\\\"exact_time_and_date[2]\\\\\\\"><label for=\\\\\\\"exact_time_and_date[2]\\\\\\\" class=\\\\\\\"control-label\\\\\\\">Exact time and date<\\/label><div class=\\\\\\\"input-group date\\\\\\\"><input type=\\\\\\\"text\\\\\\\" id=\\\\\\\"exact_time_and_date[2]\\\\\\\" name=\\\\\\\"exact_time_and_date[2]\\\\\\\" class=\\\\\\\"form-control datetimepicker\\\\\\\" df-exact_time_and_date=\\\\\\\"\\\\\\\" value=\\\\\\\"\\\\\\\" autocomplete=\\\\\\\"off\\\\\\\"><div class=\\\\\\\"input-group-addon\\\\\\\">\\\\r\\\\n    <i class=\\\\\\\"fa-regular fa-calendar calendar-icon\\\\\\\"><\\/i>\\\\r\\\\n<\\/div><\\/div><\\/div>          \\\\n        <\\/div>\\\\n        <hr>\\\\n        <div class=\\\\\\\"select-placeholder form-group\\\\\\\" app-field-wrapper=\\\\\\\"email[2]\\\\\\\"><label for=\\\\\\\"email[2]\\\\\\\" class=\\\\\\\"control-label\\\\\\\">Emails<\\/label><select id=\\\\\\\"email[2]\\\\\\\" name=\\\\\\\"email[2]\\\\\\\" class=\\\\\\\"selectpicker\\\\\\\" df-email=\\\\\\\"\\\\\\\" data-width=\\\\\\\"100%\\\\\\\" data-none-selected-text=\\\\\\\"Nothing selected\\\\\\\" data-live-search=\\\\\\\"true\\\\\\\"><option value=\\\\\\\"\\\\\\\"><\\/option><option value=\\\\\\\"1\\\\\\\">Testing Email<\\/option><\\/select><\\/div>\\\\n      <\\/div>\\\\n    <\\/div>\\\\n  <\\/div>\\\\n<\\/div>\\\",\\\"typenode\\\":false,\\\"inputs\\\":{\\\"input_1\\\":{\\\"connections\\\":[{\\\"node\\\":\\\"1\\\",\\\"input\\\":\\\"output_1\\\"}]}},\\\"outputs\\\":{\\\"output_1\\\":{\\\"connections\\\":[]}},\\\"pos_x\\\":373,\\\"pos_y\\\":82}}}}}\"','',8,'2025-04-30 16:14:59',0,1),(3,'Marketing Burst 1','#5a8eef',5,1,'2025-05-08','2025-05-08',NULL,'',8,'2025-05-08 11:06:15',NULL,NULL);

--
-- Table structure for table `goshipping_tblma_categories`
--

CREATE TABLE `goshipping_tblma_categories` (
  `id` int NOT NULL AUTO_INCREMENT,
  `name` text NOT NULL,
  `type` text,
  `published` int NOT NULL DEFAULT '1',
  `description` text,
  `addedfrom` int DEFAULT NULL,
  `dateadded` datetime NOT NULL,
  `color` text,
  PRIMARY KEY (`id`)
) ENGINE=InnoDB AUTO_INCREMENT=6 DEFAULT CHARSET=utf8mb4 COLLATE=utf8mb4_0900_ai_ci;

--
-- Dumping data for table `goshipping_tblma_categories`
--

INSERT INTO `goshipping_tblma_categories` VALUES (1,'Segment','segment',1,'',8,'2025-04-30 15:28:14',''),(2,'Stage','stage',1,'',8,'2025-04-30 15:28:27',''),(3,'Email','email',1,'',8,'2025-04-30 15:28:46',''),(4,'Email Template','email_template',1,'',8,'2025-04-30 15:29:04',''),(5,'Campaign','campaign',1,'',8,'2025-04-30 15:30:31','');

--
-- Table structure for table `goshipping_tblma_email_click_logs`
--

CREATE TABLE `goshipping_tblma_email_click_logs` (
  `id` int NOT NULL AUTO_INCREMENT,
  `lead_id` int NOT NULL,
  `campaign_id` int DEFAULT NULL,
  `email_id` int DEFAULT NULL,
  `url` text,
  `time` datetime NOT NULL,
  `client_id` int DEFAULT NULL,
  PRIMARY KEY (`id`)
) ENGINE=InnoDB DEFAULT CHARSET=utf8mb4 COLLATE=utf8mb4_0900_ai_ci;

--
-- Dumping data for table `goshipping_tblma_email_click_logs`
--


--
-- Table structure for table `goshipping_tblma_email_designs`
--

CREATE TABLE `goshipping_tblma_email_designs` (
  `id` int NOT NULL AUTO_INCREMENT,
  `email_id` int NOT NULL,
  `language` varchar(40) DEFAULT NULL,
  `data_design` longtext,
  `data_html` longtext,
  `subject` text,
  PRIMARY KEY (`id`)
) ENGINE=InnoDB AUTO_INCREMENT=2 DEFAULT CHARSET=utf8mb4 COLLATE=utf8mb4_0900_ai_ci;

--
-- Dumping data for table `goshipping_tblma_email_designs`
--

INSERT INTO `goshipping_tblma_email_designs` VALUES (1,1,'english','\"{\\\"counters\\\":{\\\"u_row\\\":10,\\\"u_column\\\":14,\\\"u_content_text\\\":26,\\\"u_content_image\\\":11,\\\"u_content_button\\\":1,\\\"u_content_social\\\":2,\\\"u_content_divider\\\":5},\\\"body\\\":{\\\"id\\\":\\\"UmVb3KA4Xy\\\",\\\"rows\\\":[{\\\"id\\\":\\\"5MgZae-Tgg\\\",\\\"cells\\\":[1],\\\"columns\\\":[{\\\"id\\\":\\\"7w1rPghIyp\\\",\\\"contents\\\":[{\\\"id\\\":\\\"JJFvhlnT_y\\\",\\\"type\\\":\\\"image\\\",\\\"values\\\":{\\\"containerPadding\\\":\\\"22px 10px\\\",\\\"anchor\\\":\\\"\\\",\\\"src\\\":{\\\"url\\\":\\\"https:\\/\\/assets.unlayer.com\\/projects\\/0\\/1746016949602-download.png\\\",\\\"width\\\":225,\\\"height\\\":225,\\\"maxWidth\\\":\\\"49%\\\",\\\"autoWidth\\\":false,\\\"dynamic\\\":true,\\\"contentType\\\":\\\"image\\/png\\\",\\\"size\\\":5545},\\\"textAlign\\\":\\\"center\\\",\\\"altText\\\":\\\"Image\\\",\\\"action\\\":{\\\"name\\\":\\\"web\\\",\\\"values\\\":{\\\"href\\\":\\\"https:\\/\\/www.goshippingcargo.com\\\",\\\"target\\\":\\\"_blank\\\"},\\\"attrs\\\":{\\\"href\\\":\\\"{{href}}\\\",\\\"target\\\":\\\"{{target}}\\\"}},\\\"hideDesktop\\\":false,\\\"displayCondition\\\":null,\\\"_styleGuide\\\":null,\\\"_meta\\\":{\\\"htmlID\\\":\\\"u_content_image_1\\\",\\\"htmlClassNames\\\":\\\"u_content_image\\\"},\\\"selectable\\\":true,\\\"draggable\\\":true,\\\"duplicatable\\\":true,\\\"deletable\\\":true,\\\"hideable\\\":true,\\\"locked\\\":false,\\\"hideMobile\\\":false,\\\"pending\\\":false}}],\\\"values\\\":{\\\"_meta\\\":{\\\"htmlID\\\":\\\"u_column_1\\\",\\\"htmlClassNames\\\":\\\"u_column\\\"},\\\"border\\\":{},\\\"padding\\\":\\\"0px\\\",\\\"backgroundColor\\\":\\\"\\\",\\\"deletable\\\":true}}],\\\"values\\\":{\\\"displayCondition\\\":null,\\\"columns\\\":false,\\\"_styleGuide\\\":null,\\\"backgroundColor\\\":\\\"\\\",\\\"columnsBackgroundColor\\\":\\\"#ffffff\\\",\\\"backgroundImage\\\":{\\\"url\\\":\\\"\\\",\\\"fullWidth\\\":true,\\\"repeat\\\":\\\"no-repeat\\\",\\\"size\\\":\\\"custom\\\",\\\"position\\\":\\\"top-center\\\",\\\"customPosition\\\":[\\\"50%\\\",\\\"0%\\\"]},\\\"padding\\\":\\\"0px\\\",\\\"anchor\\\":\\\"\\\",\\\"hideDesktop\\\":false,\\\"_meta\\\":{\\\"htmlID\\\":\\\"u_row_1\\\",\\\"htmlClassNames\\\":\\\"u_row\\\"},\\\"selectable\\\":true,\\\"draggable\\\":true,\\\"duplicatable\\\":true,\\\"deletable\\\":true,\\\"hideable\\\":true,\\\"locked\\\":false,\\\"hideMobile\\\":false,\\\"noStackMobile\\\":false}},{\\\"id\\\":\\\"nrSzXypjKi\\\",\\\"cells\\\":[1],\\\"columns\\\":[{\\\"id\\\":\\\"CvjCDJjkzY\\\",\\\"contents\\\":[{\\\"id\\\":\\\"EPXQdub6Ou\\\",\\\"type\\\":\\\"image\\\",\\\"values\\\":{\\\"containerPadding\\\":\\\"10px\\\",\\\"anchor\\\":\\\"\\\",\\\"src\\\":{\\\"url\\\":\\\"https:\\/\\/assets.unlayer.com\\/projects\\/0\\/1746016854290-posta-courier-process.png\\\",\\\"width\\\":580,\\\"height\\\":240,\\\"contentType\\\":\\\"image\\/png\\\",\\\"size\\\":41967,\\\"dynamic\\\":true},\\\"textAlign\\\":\\\"center\\\",\\\"altText\\\":\\\"\\\",\\\"action\\\":{\\\"name\\\":\\\"web\\\",\\\"values\\\":{\\\"href\\\":\\\"\\\",\\\"target\\\":\\\"_blank\\\"}},\\\"hideDesktop\\\":false,\\\"displayCondition\\\":null,\\\"_styleGuide\\\":null,\\\"_meta\\\":{\\\"htmlID\\\":\\\"u_content_image_11\\\",\\\"htmlClassNames\\\":\\\"u_content_image\\\"},\\\"selectable\\\":true,\\\"draggable\\\":true,\\\"duplicatable\\\":true,\\\"deletable\\\":true,\\\"hideable\\\":true,\\\"locked\\\":false,\\\"pending\\\":false}},{\\\"id\\\":\\\"Co_usn-ATn\\\",\\\"type\\\":\\\"text\\\",\\\"values\\\":{\\\"containerPadding\\\":\\\"35px 44px 10px\\\",\\\"anchor\\\":\\\"\\\",\\\"fontSize\\\":\\\"14px\\\",\\\"color\\\":\\\"#34495e\\\",\\\"textAlign\\\":\\\"left\\\",\\\"lineHeight\\\":\\\"140%\\\",\\\"linkStyle\\\":{\\\"inherit\\\":true,\\\"linkColor\\\":\\\"#0000ee\\\",\\\"linkHoverColor\\\":\\\"#0000ee\\\",\\\"linkUnderline\\\":true,\\\"linkHoverUnderline\\\":true},\\\"hideDesktop\\\":false,\\\"displayCondition\\\":null,\\\"_styleGuide\\\":null,\\\"_meta\\\":{\\\"htmlID\\\":\\\"u_content_text_18\\\",\\\"htmlClassNames\\\":\\\"u_content_text\\\"},\\\"selectable\\\":true,\\\"draggable\\\":true,\\\"duplicatable\\\":true,\\\"deletable\\\":true,\\\"hideable\\\":true,\\\"locked\\\":false,\\\"text\\\":\\\"<p style=\\\\\\\"font-size: 14px; line-height: 140%;\\\\\\\"><span style=\\\\\\\"font-size: 22px; line-height: 30.8px;\\\\\\\">Dear Name,<\\/span><\\/p>\\\",\\\"hideMobile\\\":false},\\\"hasDeprecatedFontControls\\\":true},{\\\"id\\\":\\\"y-EcTW6ew-\\\",\\\"type\\\":\\\"text\\\",\\\"values\\\":{\\\"containerPadding\\\":\\\"10px 44px 22px\\\",\\\"anchor\\\":\\\"\\\",\\\"fontSize\\\":\\\"14px\\\",\\\"textAlign\\\":\\\"left\\\",\\\"lineHeight\\\":\\\"190%\\\",\\\"linkStyle\\\":{\\\"inherit\\\":true,\\\"linkColor\\\":\\\"#0000ee\\\",\\\"linkHoverColor\\\":\\\"#0000ee\\\",\\\"linkUnderline\\\":true,\\\"linkHoverUnderline\\\":true},\\\"hideDesktop\\\":false,\\\"displayCondition\\\":null,\\\"_styleGuide\\\":null,\\\"_meta\\\":{\\\"htmlID\\\":\\\"u_content_text_19\\\",\\\"htmlClassNames\\\":\\\"u_content_text\\\"},\\\"selectable\\\":true,\\\"draggable\\\":true,\\\"duplicatable\\\":true,\\\"deletable\\\":true,\\\"hideable\\\":true,\\\"locked\\\":false,\\\"text\\\":\\\"<p style=\\\\\\\"font-size: 14px; line-height: 190%;\\\\\\\">At brandingcompany, we get asked a lot, &ldquo;What is branding?&rdquo;<\\/p>\\\\n<p style=\\\\\\\"font-size: 14px; line-height: 190%;\\\\\\\">Once you understand it, it&rsquo;s a simple idea, but it&rsquo;s powerful in its effects on your business.&nbsp;<\\/p>\\\\n<p style=\\\\\\\"font-size: 14px; line-height: 190%;\\\\\\\">&nbsp;<\\/p>\\\\n<p style=\\\\\\\"font-size: 14px; line-height: 190%;\\\\\\\">When you&rsquo;re building your brand, you need to approach it step-by-step.<\\/p>\\\\n<p style=\\\\\\\"font-size: 14px; line-height: 190%;\\\\\\\">At BrandSpecialist, we start with a six-step process that guides our work:&nbsp;<\\/p>\\\",\\\"hideMobile\\\":false},\\\"hasDeprecatedFontControls\\\":true}],\\\"values\\\":{\\\"_meta\\\":{\\\"htmlID\\\":\\\"u_column_12\\\",\\\"htmlClassNames\\\":\\\"u_column\\\"},\\\"border\\\":{},\\\"padding\\\":\\\"0px\\\",\\\"backgroundColor\\\":\\\"\\\",\\\"deletable\\\":true}}],\\\"values\\\":{\\\"displayCondition\\\":null,\\\"columns\\\":false,\\\"_styleGuide\\\":null,\\\"backgroundColor\\\":\\\"\\\",\\\"columnsBackgroundColor\\\":\\\"#ffffff\\\",\\\"backgroundImage\\\":{\\\"url\\\":\\\"\\\",\\\"fullWidth\\\":true,\\\"repeat\\\":\\\"no-repeat\\\",\\\"size\\\":\\\"custom\\\",\\\"position\\\":\\\"top-center\\\",\\\"customPosition\\\":[\\\"50%\\\",\\\"0%\\\"]},\\\"padding\\\":\\\"0px\\\",\\\"anchor\\\":\\\"\\\",\\\"hideDesktop\\\":false,\\\"_meta\\\":{\\\"htmlID\\\":\\\"u_row_8\\\",\\\"htmlClassNames\\\":\\\"u_row\\\"},\\\"selectable\\\":true,\\\"draggable\\\":true,\\\"duplicatable\\\":true,\\\"deletable\\\":true,\\\"hideable\\\":true,\\\"locked\\\":false,\\\"hideMobile\\\":false,\\\"noStackMobile\\\":false}},{\\\"id\\\":\\\"n2Rt0hOclz\\\",\\\"cells\\\":[1],\\\"columns\\\":[{\\\"id\\\":\\\"WFmH-Wf1GI\\\",\\\"contents\\\":[{\\\"id\\\":\\\"hYIdln7nfa\\\",\\\"type\\\":\\\"image\\\",\\\"values\\\":{\\\"containerPadding\\\":\\\"0px\\\",\\\"anchor\\\":\\\"\\\",\\\"src\\\":{\\\"url\\\":\\\"https:\\/\\/cdn.templates.unlayer.com\\/assets\\/1596365970938-7G9GXVu.jpg\\\",\\\"width\\\":650,\\\"height\\\":44,\\\"maxWidth\\\":\\\"100%\\\",\\\"autoWidth\\\":false,\\\"dynamic\\\":true},\\\"textAlign\\\":\\\"center\\\",\\\"altText\\\":\\\"Image\\\",\\\"action\\\":{\\\"name\\\":\\\"web\\\",\\\"values\\\":{\\\"href\\\":\\\"\\\",\\\"target\\\":\\\"_blank\\\"}},\\\"hideDesktop\\\":false,\\\"displayCondition\\\":null,\\\"_styleGuide\\\":null,\\\"_meta\\\":{\\\"htmlID\\\":\\\"u_content_image_10\\\",\\\"htmlClassNames\\\":\\\"u_content_image\\\"},\\\"selectable\\\":true,\\\"draggable\\\":true,\\\"duplicatable\\\":true,\\\"deletable\\\":true,\\\"hideable\\\":true,\\\"locked\\\":false,\\\"hideMobile\\\":false}},{\\\"id\\\":\\\"jSRLw3ca9U\\\",\\\"type\\\":\\\"divider\\\",\\\"values\\\":{\\\"width\\\":\\\"100%\\\",\\\"border\\\":{\\\"borderTopWidth\\\":\\\"1px\\\",\\\"borderTopStyle\\\":\\\"solid\\\",\\\"borderTopColor\\\":\\\"#f4f4f4\\\"},\\\"textAlign\\\":\\\"center\\\",\\\"containerPadding\\\":\\\"10px\\\",\\\"anchor\\\":\\\"\\\",\\\"hideDesktop\\\":false,\\\"displayCondition\\\":null,\\\"_styleGuide\\\":null,\\\"_meta\\\":{\\\"htmlID\\\":\\\"u_content_divider_4\\\",\\\"htmlClassNames\\\":\\\"u_content_divider\\\"},\\\"selectable\\\":true,\\\"draggable\\\":true,\\\"duplicatable\\\":true,\\\"deletable\\\":true,\\\"hideable\\\":true,\\\"locked\\\":false,\\\"hideMobile\\\":false}}],\\\"values\\\":{\\\"_meta\\\":{\\\"htmlID\\\":\\\"u_column_11\\\",\\\"htmlClassNames\\\":\\\"u_column\\\"},\\\"border\\\":{},\\\"padding\\\":\\\"0px\\\",\\\"backgroundColor\\\":\\\"\\\",\\\"deletable\\\":true}}],\\\"values\\\":{\\\"displayCondition\\\":null,\\\"columns\\\":false,\\\"_styleGuide\\\":null,\\\"backgroundColor\\\":\\\"\\\",\\\"columnsBackgroundColor\\\":\\\"#f4f4f4\\\",\\\"backgroundImage\\\":{\\\"url\\\":\\\"\\\",\\\"fullWidth\\\":true,\\\"repeat\\\":\\\"no-repeat\\\",\\\"size\\\":\\\"custom\\\",\\\"position\\\":\\\"top-center\\\",\\\"customPosition\\\":[\\\"50%\\\",\\\"0%\\\"]},\\\"padding\\\":\\\"0px\\\",\\\"anchor\\\":\\\"\\\",\\\"hideDesktop\\\":false,\\\"_meta\\\":{\\\"htmlID\\\":\\\"u_row_7\\\",\\\"htmlClassNames\\\":\\\"u_row\\\"},\\\"selectable\\\":true,\\\"draggable\\\":true,\\\"duplicatable\\\":true,\\\"deletable\\\":true,\\\"hideable\\\":true,\\\"locked\\\":false,\\\"hideMobile\\\":false,\\\"noStackMobile\\\":false}},{\\\"id\\\":\\\"3KuOfLwlwk\\\",\\\"cells\\\":[1,1,1],\\\"columns\\\":[{\\\"id\\\":\\\"1PvZhEYjfz\\\",\\\"contents\\\":[{\\\"id\\\":\\\"Kavo6eC7jd\\\",\\\"type\\\":\\\"text\\\",\\\"values\\\":{\\\"containerPadding\\\":\\\"10px 22px\\\",\\\"anchor\\\":\\\"\\\",\\\"fontSize\\\":\\\"14px\\\",\\\"textAlign\\\":\\\"center\\\",\\\"lineHeight\\\":\\\"190%\\\",\\\"linkStyle\\\":{\\\"inherit\\\":true,\\\"linkColor\\\":\\\"#0000ee\\\",\\\"linkHoverColor\\\":\\\"#0000ee\\\",\\\"linkUnderline\\\":true,\\\"linkHoverUnderline\\\":true},\\\"hideDesktop\\\":false,\\\"displayCondition\\\":null,\\\"_styleGuide\\\":null,\\\"_meta\\\":{\\\"htmlID\\\":\\\"u_content_text_6\\\",\\\"htmlClassNames\\\":\\\"u_content_text\\\"},\\\"selectable\\\":true,\\\"draggable\\\":true,\\\"duplicatable\\\":true,\\\"deletable\\\":true,\\\"hideable\\\":true,\\\"locked\\\":false,\\\"text\\\":\\\"<p style=\\\\\\\"font-size: 14px; line-height: 190%;\\\\\\\"><strong>Design<\\/strong><\\/p>\\\",\\\"hideMobile\\\":false},\\\"hasDeprecatedFontControls\\\":true},{\\\"id\\\":\\\"1wCH5qfDF_\\\",\\\"type\\\":\\\"text\\\",\\\"values\\\":{\\\"containerPadding\\\":\\\"0px 22px 22px\\\",\\\"anchor\\\":\\\"\\\",\\\"fontSize\\\":\\\"14px\\\",\\\"textAlign\\\":\\\"center\\\",\\\"lineHeight\\\":\\\"190%\\\",\\\"linkStyle\\\":{\\\"inherit\\\":true,\\\"linkColor\\\":\\\"#0000ee\\\",\\\"linkHoverColor\\\":\\\"#0000ee\\\",\\\"linkUnderline\\\":true,\\\"linkHoverUnderline\\\":true},\\\"hideDesktop\\\":false,\\\"displayCondition\\\":null,\\\"_styleGuide\\\":null,\\\"_meta\\\":{\\\"htmlID\\\":\\\"u_content_text_7\\\",\\\"htmlClassNames\\\":\\\"u_content_text\\\"},\\\"selectable\\\":true,\\\"draggable\\\":true,\\\"duplicatable\\\":true,\\\"deletable\\\":true,\\\"hideable\\\":true,\\\"locked\\\":false,\\\"text\\\":\\\"<p style=\\\\\\\"font-size: 14px; line-height: 190%;\\\\\\\">Lorem ipsum dolor sit amet, consectetuer adipiscing elit, sed diam nonummy nibh&nbsp;<\\/p>\\\",\\\"hideMobile\\\":false},\\\"hasDeprecatedFontControls\\\":true}],\\\"values\\\":{\\\"_meta\\\":{\\\"htmlID\\\":\\\"u_column_4\\\",\\\"htmlClassNames\\\":\\\"u_column\\\"},\\\"border\\\":{},\\\"padding\\\":\\\"0px\\\",\\\"backgroundColor\\\":\\\"\\\",\\\"deletable\\\":true}},{\\\"id\\\":\\\"z2NjzAT1AR\\\",\\\"contents\\\":[{\\\"id\\\":\\\"sfY7B8sYa0\\\",\\\"type\\\":\\\"image\\\",\\\"values\\\":{\\\"containerPadding\\\":\\\"10px\\\",\\\"anchor\\\":\\\"\\\",\\\"src\\\":{\\\"url\\\":\\\"https:\\/\\/cdn.templates.unlayer.com\\/assets\\/1596366178543-4tOEyHZ.png\\\",\\\"width\\\":930,\\\"height\\\":930,\\\"maxWidth\\\":\\\"35%\\\",\\\"autoWidth\\\":false,\\\"dynamic\\\":true},\\\"textAlign\\\":\\\"center\\\",\\\"altText\\\":\\\"Image\\\",\\\"action\\\":{\\\"name\\\":\\\"web\\\",\\\"values\\\":{\\\"href\\\":\\\"\\\",\\\"target\\\":\\\"_blank\\\"}},\\\"hideDesktop\\\":false,\\\"displayCondition\\\":null,\\\"_styleGuide\\\":null,\\\"_meta\\\":{\\\"htmlID\\\":\\\"u_content_image_4\\\",\\\"htmlClassNames\\\":\\\"u_content_image\\\"},\\\"selectable\\\":true,\\\"draggable\\\":true,\\\"duplicatable\\\":true,\\\"deletable\\\":true,\\\"hideable\\\":true,\\\"locked\\\":false,\\\"hideMobile\\\":false}},{\\\"id\\\":\\\"k6sjspPWk9\\\",\\\"type\\\":\\\"text\\\",\\\"values\\\":{\\\"containerPadding\\\":\\\"10px 22px\\\",\\\"anchor\\\":\\\"\\\",\\\"fontSize\\\":\\\"14px\\\",\\\"textAlign\\\":\\\"center\\\",\\\"lineHeight\\\":\\\"190%\\\",\\\"linkStyle\\\":{\\\"inherit\\\":true,\\\"linkColor\\\":\\\"#0000ee\\\",\\\"linkHoverColor\\\":\\\"#0000ee\\\",\\\"linkUnderline\\\":true,\\\"linkHoverUnderline\\\":true},\\\"hideDesktop\\\":false,\\\"displayCondition\\\":null,\\\"_styleGuide\\\":null,\\\"_meta\\\":{\\\"htmlID\\\":\\\"u_content_text_8\\\",\\\"htmlClassNames\\\":\\\"u_content_text\\\"},\\\"selectable\\\":true,\\\"draggable\\\":true,\\\"duplicatable\\\":true,\\\"deletable\\\":true,\\\"hideable\\\":true,\\\"locked\\\":false,\\\"text\\\":\\\"<p style=\\\\\\\"font-size: 14px; line-height: 190%;\\\\\\\"><strong>Strategy<\\/strong><\\/p>\\\",\\\"hideMobile\\\":false},\\\"hasDeprecatedFontControls\\\":true},{\\\"id\\\":\\\"-Z5VOxTDKK\\\",\\\"type\\\":\\\"text\\\",\\\"values\\\":{\\\"containerPadding\\\":\\\"0px 22px 22px\\\",\\\"anchor\\\":\\\"\\\",\\\"fontSize\\\":\\\"14px\\\",\\\"textAlign\\\":\\\"center\\\",\\\"lineHeight\\\":\\\"190%\\\",\\\"linkStyle\\\":{\\\"inherit\\\":true,\\\"linkColor\\\":\\\"#0000ee\\\",\\\"linkHoverColor\\\":\\\"#0000ee\\\",\\\"linkUnderline\\\":true,\\\"linkHoverUnderline\\\":true},\\\"hideDesktop\\\":false,\\\"displayCondition\\\":null,\\\"_styleGuide\\\":null,\\\"_meta\\\":{\\\"htmlID\\\":\\\"u_content_text_9\\\",\\\"htmlClassNames\\\":\\\"u_content_text\\\"},\\\"selectable\\\":true,\\\"draggable\\\":true,\\\"duplicatable\\\":true,\\\"deletable\\\":true,\\\"hideable\\\":true,\\\"locked\\\":false,\\\"text\\\":\\\"<p style=\\\\\\\"font-size: 14px; line-height: 190%;\\\\\\\">Lorem ipsum dolor sit amet, consectetuer adipiscing elit, sed diam nonummy nibh&nbsp;<\\/p>\\\",\\\"hideMobile\\\":false},\\\"hasDeprecatedFontControls\\\":true}],\\\"values\\\":{\\\"_meta\\\":{\\\"htmlID\\\":\\\"u_column_5\\\",\\\"htmlClassNames\\\":\\\"u_column\\\"},\\\"border\\\":{},\\\"padding\\\":\\\"0px\\\",\\\"backgroundColor\\\":\\\"\\\",\\\"deletable\\\":true}},{\\\"id\\\":\\\"78eR_tFyUV\\\",\\\"contents\\\":[{\\\"id\\\":\\\"teylhFHbaG\\\",\\\"type\\\":\\\"image\\\",\\\"values\\\":{\\\"containerPadding\\\":\\\"10px\\\",\\\"anchor\\\":\\\"\\\",\\\"src\\\":{\\\"url\\\":\\\"https:\\/\\/cdn.templates.unlayer.com\\/assets\\/1596366236596-vD7aGwk.png\\\",\\\"width\\\":176,\\\"height\\\":176,\\\"maxWidth\\\":\\\"35%\\\",\\\"autoWidth\\\":false,\\\"dynamic\\\":true},\\\"textAlign\\\":\\\"center\\\",\\\"altText\\\":\\\"Image\\\",\\\"action\\\":{\\\"name\\\":\\\"web\\\",\\\"values\\\":{\\\"href\\\":\\\"\\\",\\\"target\\\":\\\"_blank\\\"}},\\\"hideDesktop\\\":false,\\\"displayCondition\\\":null,\\\"_styleGuide\\\":null,\\\"_meta\\\":{\\\"htmlID\\\":\\\"u_content_image_5\\\",\\\"htmlClassNames\\\":\\\"u_content_image\\\"},\\\"selectable\\\":true,\\\"draggable\\\":true,\\\"duplicatable\\\":true,\\\"deletable\\\":true,\\\"hideable\\\":true,\\\"locked\\\":false,\\\"hideMobile\\\":false}},{\\\"id\\\":\\\"cPSqM1-O2f\\\",\\\"type\\\":\\\"text\\\",\\\"values\\\":{\\\"containerPadding\\\":\\\"10px 22px\\\",\\\"anchor\\\":\\\"\\\",\\\"fontSize\\\":\\\"14px\\\",\\\"textAlign\\\":\\\"center\\\",\\\"lineHeight\\\":\\\"190%\\\",\\\"linkStyle\\\":{\\\"inherit\\\":true,\\\"linkColor\\\":\\\"#0000ee\\\",\\\"linkHoverColor\\\":\\\"#0000ee\\\",\\\"linkUnderline\\\":true,\\\"linkHoverUnderline\\\":true},\\\"hideDesktop\\\":false,\\\"displayCondition\\\":null,\\\"_styleGuide\\\":null,\\\"_meta\\\":{\\\"htmlID\\\":\\\"u_content_text_3\\\",\\\"htmlClassNames\\\":\\\"u_content_text\\\"},\\\"selectable\\\":true,\\\"draggable\\\":true,\\\"duplicatable\\\":true,\\\"deletable\\\":true,\\\"hideable\\\":true,\\\"locked\\\":false,\\\"text\\\":\\\"<p style=\\\\\\\"font-size: 14px; line-height: 190%;\\\\\\\"><strong>Marketing<\\/strong><\\/p>\\\",\\\"hideMobile\\\":false},\\\"hasDeprecatedFontControls\\\":true},{\\\"id\\\":\\\"75sClWWZtf\\\",\\\"type\\\":\\\"text\\\",\\\"values\\\":{\\\"containerPadding\\\":\\\"0px 22px 22px\\\",\\\"anchor\\\":\\\"\\\",\\\"fontSize\\\":\\\"14px\\\",\\\"textAlign\\\":\\\"center\\\",\\\"lineHeight\\\":\\\"190%\\\",\\\"linkStyle\\\":{\\\"inherit\\\":true,\\\"linkColor\\\":\\\"#0000ee\\\",\\\"linkHoverColor\\\":\\\"#0000ee\\\",\\\"linkUnderline\\\":true,\\\"linkHoverUnderline\\\":true},\\\"hideDesktop\\\":false,\\\"displayCondition\\\":null,\\\"_styleGuide\\\":null,\\\"_meta\\\":{\\\"htmlID\\\":\\\"u_content_text_4\\\",\\\"htmlClassNames\\\":\\\"u_content_text\\\"},\\\"selectable\\\":true,\\\"draggable\\\":true,\\\"duplicatable\\\":true,\\\"deletable\\\":true,\\\"hideable\\\":true,\\\"locked\\\":false,\\\"text\\\":\\\"<p style=\\\\\\\"font-size: 14px; line-height: 190%;\\\\\\\">Lorem ipsum dolor sit amet, consectetuer adipiscing elit, sed diam nonummy nibh&nbsp;<\\/p>\\\",\\\"hideMobile\\\":false},\\\"hasDeprecatedFontControls\\\":true}],\\\"values\\\":{\\\"_meta\\\":{\\\"htmlID\\\":\\\"u_column_6\\\",\\\"htmlClassNames\\\":\\\"u_column\\\"},\\\"border\\\":{},\\\"padding\\\":\\\"0px\\\",\\\"backgroundColor\\\":\\\"\\\",\\\"deletable\\\":true}}],\\\"values\\\":{\\\"displayCondition\\\":null,\\\"columns\\\":false,\\\"_styleGuide\\\":null,\\\"backgroundColor\\\":\\\"\\\",\\\"columnsBackgroundColor\\\":\\\"#f4f4f4\\\",\\\"backgroundImage\\\":{\\\"url\\\":\\\"\\\",\\\"fullWidth\\\":true,\\\"repeat\\\":\\\"no-repeat\\\",\\\"size\\\":\\\"custom\\\",\\\"position\\\":\\\"top-center\\\",\\\"customPosition\\\":[\\\"50%\\\",\\\"0%\\\"]},\\\"padding\\\":\\\"0px\\\",\\\"anchor\\\":\\\"\\\",\\\"hideDesktop\\\":false,\\\"_meta\\\":{\\\"htmlID\\\":\\\"u_row_4\\\",\\\"htmlClassNames\\\":\\\"u_row\\\"},\\\"selectable\\\":true,\\\"draggable\\\":true,\\\"duplicatable\\\":true,\\\"deletable\\\":true,\\\"hideable\\\":true,\\\"locked\\\":false,\\\"hideMobile\\\":false,\\\"noStackMobile\\\":false}},{\\\"id\\\":\\\"8UTkIYmcBT\\\",\\\"cells\\\":[1,1,1],\\\"columns\\\":[{\\\"id\\\":\\\"RpVX_niF28\\\",\\\"contents\\\":[{\\\"id\\\":\\\"gPBUcCFrJJ\\\",\\\"type\\\":\\\"image\\\",\\\"values\\\":{\\\"containerPadding\\\":\\\"10px\\\",\\\"anchor\\\":\\\"\\\",\\\"src\\\":{\\\"url\\\":\\\"https:\\/\\/cdn.templates.unlayer.com\\/assets\\/1596366368130-9kP2jpS.png\\\",\\\"width\\\":225,\\\"height\\\":225,\\\"maxWidth\\\":\\\"35%\\\",\\\"autoWidth\\\":false,\\\"dynamic\\\":true},\\\"textAlign\\\":\\\"center\\\",\\\"altText\\\":\\\"Image\\\",\\\"action\\\":{\\\"name\\\":\\\"web\\\",\\\"values\\\":{\\\"href\\\":\\\"\\\",\\\"target\\\":\\\"_blank\\\"}},\\\"hideDesktop\\\":false,\\\"displayCondition\\\":null,\\\"_styleGuide\\\":null,\\\"_meta\\\":{\\\"htmlID\\\":\\\"u_content_image_7\\\",\\\"htmlClassNames\\\":\\\"u_content_image\\\"},\\\"selectable\\\":true,\\\"draggable\\\":true,\\\"duplicatable\\\":true,\\\"deletable\\\":true,\\\"hideable\\\":true,\\\"locked\\\":false,\\\"hideMobile\\\":false}},{\\\"id\\\":\\\"4MHo-ShRhP\\\",\\\"type\\\":\\\"text\\\",\\\"values\\\":{\\\"containerPadding\\\":\\\"10px 22px\\\",\\\"anchor\\\":\\\"\\\",\\\"fontSize\\\":\\\"14px\\\",\\\"textAlign\\\":\\\"center\\\",\\\"lineHeight\\\":\\\"190%\\\",\\\"linkStyle\\\":{\\\"inherit\\\":true,\\\"linkColor\\\":\\\"#0000ee\\\",\\\"linkHoverColor\\\":\\\"#0000ee\\\",\\\"linkUnderline\\\":true,\\\"linkHoverUnderline\\\":true},\\\"hideDesktop\\\":false,\\\"displayCondition\\\":null,\\\"_styleGuide\\\":null,\\\"_meta\\\":{\\\"htmlID\\\":\\\"u_content_text_12\\\",\\\"htmlClassNames\\\":\\\"u_content_text\\\"},\\\"selectable\\\":true,\\\"draggable\\\":true,\\\"duplicatable\\\":true,\\\"deletable\\\":true,\\\"hideable\\\":true,\\\"locked\\\":false,\\\"text\\\":\\\"<p style=\\\\\\\"font-size: 14px; line-height: 190%;\\\\\\\"><strong>Social Media<\\/strong><\\/p>\\\",\\\"hideMobile\\\":false},\\\"hasDeprecatedFontControls\\\":true},{\\\"id\\\":\\\"kyTBdsZF_O\\\",\\\"type\\\":\\\"text\\\",\\\"values\\\":{\\\"containerPadding\\\":\\\"0px 22px 22px\\\",\\\"anchor\\\":\\\"\\\",\\\"fontSize\\\":\\\"14px\\\",\\\"textAlign\\\":\\\"center\\\",\\\"lineHeight\\\":\\\"190%\\\",\\\"linkStyle\\\":{\\\"inherit\\\":true,\\\"linkColor\\\":\\\"#0000ee\\\",\\\"linkHoverColor\\\":\\\"#0000ee\\\",\\\"linkUnderline\\\":true,\\\"linkHoverUnderline\\\":true},\\\"hideDesktop\\\":false,\\\"displayCondition\\\":null,\\\"_styleGuide\\\":null,\\\"_meta\\\":{\\\"htmlID\\\":\\\"u_content_text_13\\\",\\\"htmlClassNames\\\":\\\"u_content_text\\\"},\\\"selectable\\\":true,\\\"draggable\\\":true,\\\"duplicatable\\\":true,\\\"deletable\\\":true,\\\"hideable\\\":true,\\\"locked\\\":false,\\\"text\\\":\\\"<p style=\\\\\\\"font-size: 14px; line-height: 190%;\\\\\\\">Lorem ipsum dolor sit amet, consectetuer adipiscing elit, sed diam nonummy nibh&nbsp;<\\/p>\\\",\\\"hideMobile\\\":false},\\\"hasDeprecatedFontControls\\\":true}],\\\"values\\\":{\\\"_meta\\\":{\\\"htmlID\\\":\\\"u_column_8\\\",\\\"htmlClassNames\\\":\\\"u_column\\\"},\\\"border\\\":{},\\\"padding\\\":\\\"0px\\\",\\\"backgroundColor\\\":\\\"\\\",\\\"deletable\\\":true}},{\\\"id\\\":\\\"p4RiMp7cwe\\\",\\\"contents\\\":[{\\\"id\\\":\\\"zOj4Xd1cbd\\\",\\\"type\\\":\\\"image\\\",\\\"values\\\":{\\\"containerPadding\\\":\\\"10px\\\",\\\"anchor\\\":\\\"\\\",\\\"src\\\":{\\\"url\\\":\\\"https:\\/\\/cdn.templates.unlayer.com\\/assets\\/1596366402742-jV0TkYE.png\\\",\\\"width\\\":536,\\\"height\\\":536,\\\"maxWidth\\\":\\\"35%\\\",\\\"autoWidth\\\":false,\\\"dynamic\\\":true},\\\"textAlign\\\":\\\"center\\\",\\\"altText\\\":\\\"Image\\\",\\\"action\\\":{\\\"name\\\":\\\"web\\\",\\\"values\\\":{\\\"href\\\":\\\"\\\",\\\"target\\\":\\\"_blank\\\"}},\\\"hideDesktop\\\":false,\\\"displayCondition\\\":null,\\\"_styleGuide\\\":null,\\\"_meta\\\":{\\\"htmlID\\\":\\\"u_content_image_8\\\",\\\"htmlClassNames\\\":\\\"u_content_image\\\"},\\\"selectable\\\":true,\\\"draggable\\\":true,\\\"duplicatable\\\":true,\\\"deletable\\\":true,\\\"hideable\\\":true,\\\"locked\\\":false,\\\"hideMobile\\\":false}},{\\\"id\\\":\\\"JKp-uk_1ew\\\",\\\"type\\\":\\\"text\\\",\\\"values\\\":{\\\"containerPadding\\\":\\\"10px 22px\\\",\\\"anchor\\\":\\\"\\\",\\\"fontSize\\\":\\\"14px\\\",\\\"textAlign\\\":\\\"center\\\",\\\"lineHeight\\\":\\\"190%\\\",\\\"linkStyle\\\":{\\\"inherit\\\":true,\\\"linkColor\\\":\\\"#0000ee\\\",\\\"linkHoverColor\\\":\\\"#0000ee\\\",\\\"linkUnderline\\\":true,\\\"linkHoverUnderline\\\":true},\\\"hideDesktop\\\":false,\\\"displayCondition\\\":null,\\\"_styleGuide\\\":null,\\\"_meta\\\":{\\\"htmlID\\\":\\\"u_content_text_14\\\",\\\"htmlClassNames\\\":\\\"u_content_text\\\"},\\\"selectable\\\":true,\\\"draggable\\\":true,\\\"duplicatable\\\":true,\\\"deletable\\\":true,\\\"hideable\\\":true,\\\"locked\\\":false,\\\"text\\\":\\\"<p style=\\\\\\\"font-size: 14px; line-height: 190%;\\\\\\\"><strong>Brand Material<\\/strong><\\/p>\\\",\\\"hideMobile\\\":false},\\\"hasDeprecatedFontControls\\\":true},{\\\"id\\\":\\\"58BbvH-LPq\\\",\\\"type\\\":\\\"text\\\",\\\"values\\\":{\\\"containerPadding\\\":\\\"0px 22px 22px\\\",\\\"anchor\\\":\\\"\\\",\\\"fontSize\\\":\\\"14px\\\",\\\"textAlign\\\":\\\"center\\\",\\\"lineHeight\\\":\\\"190%\\\",\\\"linkStyle\\\":{\\\"inherit\\\":true,\\\"linkColor\\\":\\\"#0000ee\\\",\\\"linkHoverColor\\\":\\\"#0000ee\\\",\\\"linkUnderline\\\":true,\\\"linkHoverUnderline\\\":true},\\\"hideDesktop\\\":false,\\\"displayCondition\\\":null,\\\"_styleGuide\\\":null,\\\"_meta\\\":{\\\"htmlID\\\":\\\"u_content_text_15\\\",\\\"htmlClassNames\\\":\\\"u_content_text\\\"},\\\"selectable\\\":true,\\\"draggable\\\":true,\\\"duplicatable\\\":true,\\\"deletable\\\":true,\\\"hideable\\\":true,\\\"locked\\\":false,\\\"text\\\":\\\"<p style=\\\\\\\"font-size: 14px; line-height: 190%;\\\\\\\">Lorem ipsum dolor sit amet, consectetuer adipiscing elit, sed diam nonummy nibh&nbsp;<\\/p>\\\",\\\"hideMobile\\\":false},\\\"hasDeprecatedFontControls\\\":true}],\\\"values\\\":{\\\"_meta\\\":{\\\"htmlID\\\":\\\"u_column_9\\\",\\\"htmlClassNames\\\":\\\"u_column\\\"},\\\"border\\\":{},\\\"padding\\\":\\\"0px\\\",\\\"backgroundColor\\\":\\\"\\\",\\\"deletable\\\":true}},{\\\"id\\\":\\\"1APzGPG5g5\\\",\\\"contents\\\":[{\\\"id\\\":\\\"bkVasKmXfw\\\",\\\"type\\\":\\\"image\\\",\\\"values\\\":{\\\"containerPadding\\\":\\\"10px\\\",\\\"anchor\\\":\\\"\\\",\\\"src\\\":{\\\"url\\\":\\\"https:\\/\\/cdn.templates.unlayer.com\\/assets\\/1596366425358-2AnQ9PF.png\\\",\\\"width\\\":606,\\\"height\\\":606,\\\"maxWidth\\\":\\\"35%\\\",\\\"autoWidth\\\":false,\\\"dynamic\\\":true},\\\"textAlign\\\":\\\"center\\\",\\\"altText\\\":\\\"Image\\\",\\\"action\\\":{\\\"name\\\":\\\"web\\\",\\\"values\\\":{\\\"href\\\":\\\"\\\",\\\"target\\\":\\\"_blank\\\"}},\\\"hideDesktop\\\":false,\\\"displayCondition\\\":null,\\\"_styleGuide\\\":null,\\\"_meta\\\":{\\\"htmlID\\\":\\\"u_content_image_9\\\",\\\"htmlClassNames\\\":\\\"u_content_image\\\"},\\\"selectable\\\":true,\\\"draggable\\\":true,\\\"duplicatable\\\":true,\\\"deletable\\\":true,\\\"hideable\\\":true,\\\"locked\\\":false,\\\"hideMobile\\\":false}},{\\\"id\\\":\\\"xJ8-pi5ho1\\\",\\\"type\\\":\\\"text\\\",\\\"values\\\":{\\\"containerPadding\\\":\\\"10px 22px\\\",\\\"anchor\\\":\\\"\\\",\\\"fontSize\\\":\\\"14px\\\",\\\"textAlign\\\":\\\"center\\\",\\\"lineHeight\\\":\\\"190%\\\",\\\"linkStyle\\\":{\\\"inherit\\\":true,\\\"linkColor\\\":\\\"#0000ee\\\",\\\"linkHoverColor\\\":\\\"#0000ee\\\",\\\"linkUnderline\\\":true,\\\"linkHoverUnderline\\\":true},\\\"hideDesktop\\\":false,\\\"displayCondition\\\":null,\\\"_styleGuide\\\":null,\\\"_meta\\\":{\\\"htmlID\\\":\\\"u_content_text_16\\\",\\\"htmlClassNames\\\":\\\"u_content_text\\\"},\\\"selectable\\\":true,\\\"draggable\\\":true,\\\"duplicatable\\\":true,\\\"deletable\\\":true,\\\"hideable\\\":true,\\\"locked\\\":false,\\\"text\\\":\\\"<p style=\\\\\\\"font-size: 14px; line-height: 190%;\\\\\\\"><strong>Webste<\\/strong><\\/p>\\\",\\\"hideMobile\\\":false},\\\"hasDeprecatedFontControls\\\":true},{\\\"id\\\":\\\"OqO7YI2s5y\\\",\\\"type\\\":\\\"text\\\",\\\"values\\\":{\\\"containerPadding\\\":\\\"0px 22px 22px\\\",\\\"anchor\\\":\\\"\\\",\\\"fontSize\\\":\\\"14px\\\",\\\"textAlign\\\":\\\"center\\\",\\\"lineHeight\\\":\\\"190%\\\",\\\"linkStyle\\\":{\\\"inherit\\\":true,\\\"linkColor\\\":\\\"#0000ee\\\",\\\"linkHoverColor\\\":\\\"#0000ee\\\",\\\"linkUnderline\\\":true,\\\"linkHoverUnderline\\\":true},\\\"hideDesktop\\\":false,\\\"displayCondition\\\":null,\\\"_styleGuide\\\":null,\\\"_meta\\\":{\\\"htmlID\\\":\\\"u_content_text_17\\\",\\\"htmlClassNames\\\":\\\"u_content_text\\\"},\\\"selectable\\\":true,\\\"draggable\\\":true,\\\"duplicatable\\\":true,\\\"deletable\\\":true,\\\"hideable\\\":true,\\\"locked\\\":false,\\\"text\\\":\\\"<p style=\\\\\\\"font-size: 14px; line-height: 190%;\\\\\\\">Lorem ipsum dolor sit amet, consectetuer adipiscing elit, sed diam nonummy nibh&nbsp;<\\/p>\\\",\\\"hideMobile\\\":false},\\\"hasDeprecatedFontControls\\\":true}],\\\"values\\\":{\\\"_meta\\\":{\\\"htmlID\\\":\\\"u_column_10\\\",\\\"htmlClassNames\\\":\\\"u_column\\\"},\\\"border\\\":{},\\\"padding\\\":\\\"0px\\\",\\\"backgroundColor\\\":\\\"\\\",\\\"deletable\\\":true}}],\\\"values\\\":{\\\"displayCondition\\\":null,\\\"columns\\\":false,\\\"_styleGuide\\\":null,\\\"backgroundColor\\\":\\\"\\\",\\\"columnsBackgroundColor\\\":\\\"#f4f4f4\\\",\\\"backgroundImage\\\":{\\\"url\\\":\\\"\\\",\\\"fullWidth\\\":true,\\\"repeat\\\":\\\"no-repeat\\\",\\\"size\\\":\\\"custom\\\",\\\"position\\\":\\\"top-center\\\",\\\"customPosition\\\":[\\\"50%\\\",\\\"0%\\\"]},\\\"padding\\\":\\\"0px\\\",\\\"anchor\\\":\\\"\\\",\\\"hideDesktop\\\":false,\\\"_meta\\\":{\\\"htmlID\\\":\\\"u_row_6\\\",\\\"htmlClassNames\\\":\\\"u_row\\\"},\\\"selectable\\\":true,\\\"draggable\\\":true,\\\"duplicatable\\\":true,\\\"deletable\\\":true,\\\"hideable\\\":true,\\\"locked\\\":false,\\\"hideMobile\\\":false,\\\"noStackMobile\\\":false}},{\\\"id\\\":\\\"_PcMK1X4yS\\\",\\\"cells\\\":[1],\\\"columns\\\":[{\\\"id\\\":\\\"SLKCtEotoL\\\",\\\"contents\\\":[{\\\"id\\\":\\\"xwLkIIZRCW\\\",\\\"type\\\":\\\"divider\\\",\\\"values\\\":{\\\"width\\\":\\\"100%\\\",\\\"border\\\":{\\\"borderTopWidth\\\":\\\"1px\\\",\\\"borderTopStyle\\\":\\\"solid\\\",\\\"borderTopColor\\\":\\\"#f4f4f4\\\"},\\\"textAlign\\\":\\\"center\\\",\\\"containerPadding\\\":\\\"10px\\\",\\\"anchor\\\":\\\"\\\",\\\"hideDesktop\\\":false,\\\"displayCondition\\\":null,\\\"_styleGuide\\\":null,\\\"_meta\\\":{\\\"htmlID\\\":\\\"u_content_divider_3\\\",\\\"htmlClassNames\\\":\\\"u_content_divider\\\"},\\\"selectable\\\":true,\\\"draggable\\\":true,\\\"duplicatable\\\":true,\\\"deletable\\\":true,\\\"hideable\\\":true,\\\"locked\\\":false,\\\"hideMobile\\\":false}},{\\\"id\\\":\\\"Efymfftppu\\\",\\\"type\\\":\\\"image\\\",\\\"values\\\":{\\\"containerPadding\\\":\\\"0px\\\",\\\"anchor\\\":\\\"\\\",\\\"src\\\":{\\\"url\\\":\\\"https:\\/\\/cdn.templates.unlayer.com\\/assets\\/1596366476320-ddd.png\\\",\\\"width\\\":650,\\\"height\\\":48,\\\"dynamic\\\":true},\\\"textAlign\\\":\\\"center\\\",\\\"altText\\\":\\\"Image\\\",\\\"action\\\":{\\\"name\\\":\\\"web\\\",\\\"values\\\":{\\\"href\\\":\\\"\\\",\\\"target\\\":\\\"_blank\\\"}},\\\"hideDesktop\\\":false,\\\"displayCondition\\\":null,\\\"_styleGuide\\\":null,\\\"_meta\\\":{\\\"htmlID\\\":\\\"u_content_image_6\\\",\\\"htmlClassNames\\\":\\\"u_content_image\\\"},\\\"selectable\\\":true,\\\"draggable\\\":true,\\\"duplicatable\\\":true,\\\"deletable\\\":true,\\\"hideable\\\":true,\\\"locked\\\":false,\\\"hideMobile\\\":false}}],\\\"values\\\":{\\\"_meta\\\":{\\\"htmlID\\\":\\\"u_column_7\\\",\\\"htmlClassNames\\\":\\\"u_column\\\"},\\\"border\\\":{},\\\"padding\\\":\\\"0px\\\",\\\"backgroundColor\\\":\\\"\\\",\\\"deletable\\\":true}}],\\\"values\\\":{\\\"displayCondition\\\":null,\\\"columns\\\":false,\\\"_styleGuide\\\":null,\\\"backgroundColor\\\":\\\"\\\",\\\"columnsBackgroundColor\\\":\\\"#f4f4f4\\\",\\\"backgroundImage\\\":{\\\"url\\\":\\\"\\\",\\\"fullWidth\\\":true,\\\"repeat\\\":\\\"no-repeat\\\",\\\"size\\\":\\\"custom\\\",\\\"position\\\":\\\"top-center\\\",\\\"customPosition\\\":[\\\"50%\\\",\\\"0%\\\"]},\\\"padding\\\":\\\"0px\\\",\\\"anchor\\\":\\\"\\\",\\\"hideDesktop\\\":false,\\\"_meta\\\":{\\\"htmlID\\\":\\\"u_row_5\\\",\\\"htmlClassNames\\\":\\\"u_row\\\"},\\\"selectable\\\":true,\\\"draggable\\\":true,\\\"duplicatable\\\":true,\\\"deletable\\\":true,\\\"hideable\\\":true,\\\"locked\\\":false,\\\"hideMobile\\\":false,\\\"noStackMobile\\\":false}},{\\\"id\\\":\\\"m2TKvu6Gqi\\\",\\\"cells\\\":[1],\\\"columns\\\":[{\\\"id\\\":\\\"38nTlPeqaL\\\",\\\"contents\\\":[{\\\"id\\\":\\\"ZZdxZXscg_\\\",\\\"type\\\":\\\"text\\\",\\\"values\\\":{\\\"containerPadding\\\":\\\"25px 44px 22px\\\",\\\"anchor\\\":\\\"\\\",\\\"fontSize\\\":\\\"14px\\\",\\\"textAlign\\\":\\\"left\\\",\\\"lineHeight\\\":\\\"190%\\\",\\\"linkStyle\\\":{\\\"inherit\\\":true,\\\"linkColor\\\":\\\"#0000ee\\\",\\\"linkHoverColor\\\":\\\"#0000ee\\\",\\\"linkUnderline\\\":true,\\\"linkHoverUnderline\\\":true},\\\"hideDesktop\\\":false,\\\"displayCondition\\\":null,\\\"_styleGuide\\\":null,\\\"_meta\\\":{\\\"htmlID\\\":\\\"u_content_text_20\\\",\\\"htmlClassNames\\\":\\\"u_content_text\\\"},\\\"selectable\\\":true,\\\"draggable\\\":true,\\\"duplicatable\\\":true,\\\"deletable\\\":true,\\\"hideable\\\":true,\\\"locked\\\":false,\\\"text\\\":\\\"<p style=\\\\\\\"font-size: 14px; line-height: 190%; text-align: center;\\\\\\\">There are infinite steps in between, but these are the BIG steps that we use to make sure we&rsquo;re creating everything you need.<\\/p>\\\\n<p style=\\\\\\\"font-size: 14px; line-height: 190%; text-align: center;\\\\\\\">If you&rsquo;re ready, BraningCompany can help you put it all together.&nbsp;<\\/p>\\\",\\\"hideMobile\\\":false},\\\"hasDeprecatedFontControls\\\":true},{\\\"id\\\":\\\"OInUiOzcj7\\\",\\\"type\\\":\\\"button\\\",\\\"values\\\":{\\\"href\\\":{\\\"name\\\":\\\"web\\\",\\\"values\\\":{\\\"href\\\":\\\"\\\",\\\"target\\\":\\\"_blank\\\"}},\\\"buttonColors\\\":{\\\"color\\\":\\\"#FFFFFF\\\",\\\"backgroundColor\\\":\\\"#54c5cd\\\",\\\"hoverColor\\\":\\\"#FFFFFF\\\",\\\"hoverBackgroundColor\\\":\\\"#3AAEE0\\\"},\\\"size\\\":{\\\"autoWidth\\\":true,\\\"width\\\":\\\"100%\\\"},\\\"fontSize\\\":\\\"14px\\\",\\\"lineHeight\\\":\\\"120%\\\",\\\"textAlign\\\":\\\"center\\\",\\\"padding\\\":\\\"15px 33px\\\",\\\"border\\\":{},\\\"borderRadius\\\":\\\"41px\\\",\\\"hideDesktop\\\":false,\\\"displayCondition\\\":null,\\\"_styleGuide\\\":null,\\\"containerPadding\\\":\\\"10px\\\",\\\"anchor\\\":\\\"\\\",\\\"_meta\\\":{\\\"htmlID\\\":\\\"u_content_button_1\\\",\\\"htmlClassNames\\\":\\\"u_content_button\\\"},\\\"selectable\\\":true,\\\"draggable\\\":true,\\\"duplicatable\\\":true,\\\"deletable\\\":true,\\\"hideable\\\":true,\\\"locked\\\":false,\\\"text\\\":\\\"<strong>Reach out to BrandCompany<\\/strong>\\\",\\\"hideMobile\\\":false,\\\"calculatedWidth\\\":266,\\\"calculatedHeight\\\":46},\\\"hasDeprecatedFontControls\\\":true},{\\\"id\\\":\\\"q6Qyll203V\\\",\\\"type\\\":\\\"text\\\",\\\"values\\\":{\\\"containerPadding\\\":\\\"13px 44px 22px\\\",\\\"anchor\\\":\\\"\\\",\\\"fontSize\\\":\\\"14px\\\",\\\"textAlign\\\":\\\"left\\\",\\\"lineHeight\\\":\\\"190%\\\",\\\"linkStyle\\\":{\\\"inherit\\\":true,\\\"linkColor\\\":\\\"#0000ee\\\",\\\"linkHoverColor\\\":\\\"#0000ee\\\",\\\"linkUnderline\\\":true,\\\"linkHoverUnderline\\\":true},\\\"hideDesktop\\\":false,\\\"displayCondition\\\":null,\\\"_styleGuide\\\":null,\\\"_meta\\\":{\\\"htmlID\\\":\\\"u_content_text_5\\\",\\\"htmlClassNames\\\":\\\"u_content_text\\\"},\\\"selectable\\\":true,\\\"draggable\\\":true,\\\"duplicatable\\\":true,\\\"deletable\\\":true,\\\"hideable\\\":true,\\\"locked\\\":false,\\\"text\\\":\\\"<p style=\\\\\\\"font-size: 14px; line-height: 190%; text-align: center;\\\\\\\"><span style=\\\\\\\"font-size: 18px; line-height: 34.2px;\\\\\\\">Talk to you soon.<\\/span><\\/p>\\\",\\\"hideMobile\\\":false},\\\"hasDeprecatedFontControls\\\":true}],\\\"values\\\":{\\\"_meta\\\":{\\\"htmlID\\\":\\\"u_column_3\\\",\\\"htmlClassNames\\\":\\\"u_column\\\"},\\\"border\\\":{},\\\"padding\\\":\\\"0px\\\",\\\"backgroundColor\\\":\\\"\\\",\\\"deletable\\\":true}}],\\\"values\\\":{\\\"displayCondition\\\":null,\\\"columns\\\":false,\\\"_styleGuide\\\":null,\\\"backgroundColor\\\":\\\"\\\",\\\"columnsBackgroundColor\\\":\\\"#ffffff\\\",\\\"backgroundImage\\\":{\\\"url\\\":\\\"\\\",\\\"fullWidth\\\":true,\\\"repeat\\\":\\\"no-repeat\\\",\\\"size\\\":\\\"custom\\\",\\\"position\\\":\\\"top-center\\\",\\\"customPosition\\\":[\\\"50%\\\",\\\"0%\\\"]},\\\"padding\\\":\\\"0px\\\",\\\"anchor\\\":\\\"\\\",\\\"hideDesktop\\\":false,\\\"_meta\\\":{\\\"htmlID\\\":\\\"u_row_3\\\",\\\"htmlClassNames\\\":\\\"u_row\\\"},\\\"selectable\\\":true,\\\"draggable\\\":true,\\\"duplicatable\\\":true,\\\"deletable\\\":true,\\\"hideable\\\":true,\\\"locked\\\":false,\\\"hideMobile\\\":false,\\\"noStackMobile\\\":false}},{\\\"id\\\":\\\"OlpIsMPfL1\\\",\\\"cells\\\":[1],\\\"columns\\\":[{\\\"id\\\":\\\"V_x4C7Nw_D\\\",\\\"contents\\\":[{\\\"id\\\":\\\"Nf_PpkTD58\\\",\\\"type\\\":\\\"text\\\",\\\"values\\\":{\\\"containerPadding\\\":\\\"30px 10px 15px\\\",\\\"anchor\\\":\\\"\\\",\\\"fontSize\\\":\\\"14px\\\",\\\"color\\\":\\\"#ffffff\\\",\\\"textAlign\\\":\\\"left\\\",\\\"lineHeight\\\":\\\"140%\\\",\\\"linkStyle\\\":{\\\"inherit\\\":true,\\\"linkColor\\\":\\\"#0000ee\\\",\\\"linkHoverColor\\\":\\\"#0000ee\\\",\\\"linkUnderline\\\":true,\\\"linkHoverUnderline\\\":true},\\\"hideDesktop\\\":false,\\\"displayCondition\\\":null,\\\"_styleGuide\\\":null,\\\"_meta\\\":{\\\"htmlID\\\":\\\"u_content_text_21\\\",\\\"htmlClassNames\\\":\\\"u_content_text\\\"},\\\"selectable\\\":true,\\\"draggable\\\":true,\\\"duplicatable\\\":true,\\\"deletable\\\":true,\\\"hideable\\\":true,\\\"locked\\\":false,\\\"text\\\":\\\"<p style=\\\\\\\"font-size: 14px; line-height: 140%; text-align: center;\\\\\\\"><strong><span style=\\\\\\\"font-family: \'Open Sans\', sans-serif; font-size: 28px; line-height: 39.2px;\\\\\\\">Get In Touch<\\/span><\\/strong><\\/p>\\\",\\\"hideMobile\\\":false},\\\"hasDeprecatedFontControls\\\":true},{\\\"id\\\":\\\"2zqS-Vt-Lj\\\",\\\"type\\\":\\\"text\\\",\\\"values\\\":{\\\"containerPadding\\\":\\\"0px 10px 25px\\\",\\\"anchor\\\":\\\"\\\",\\\"fontSize\\\":\\\"14px\\\",\\\"color\\\":\\\"#e4e4eb\\\",\\\"textAlign\\\":\\\"center\\\",\\\"lineHeight\\\":\\\"140%\\\",\\\"linkStyle\\\":{\\\"inherit\\\":true,\\\"linkColor\\\":\\\"#0000ee\\\",\\\"linkHoverColor\\\":\\\"#0000ee\\\",\\\"linkUnderline\\\":true,\\\"linkHoverUnderline\\\":true},\\\"hideDesktop\\\":false,\\\"displayCondition\\\":null,\\\"_styleGuide\\\":null,\\\"_meta\\\":{\\\"htmlID\\\":\\\"u_content_text_22\\\",\\\"htmlClassNames\\\":\\\"u_content_text\\\"},\\\"selectable\\\":true,\\\"draggable\\\":true,\\\"duplicatable\\\":true,\\\"deletable\\\":true,\\\"hideable\\\":true,\\\"locked\\\":false,\\\"text\\\":\\\"<p style=\\\\\\\"font-size: 14px; line-height: 140%;\\\\\\\">Talk to us (111) 222-3333 or&nbsp;<br>Email us info@goshipping.co.ke<\\/p>\\\",\\\"hideMobile\\\":false},\\\"hasDeprecatedFontControls\\\":true},{\\\"id\\\":\\\"oQrXoHNgEt\\\",\\\"type\\\":\\\"social\\\",\\\"values\\\":{\\\"containerPadding\\\":\\\"10px 10px 30px\\\",\\\"anchor\\\":\\\"\\\",\\\"icons\\\":{\\\"iconType\\\":\\\"circle-white\\\",\\\"icons\\\":[{\\\"url\\\":\\\"https:\\/\\/facebook.com\\/\\\",\\\"name\\\":\\\"Facebook\\\"},{\\\"url\\\":\\\"https:\\/\\/twitter.com\\/\\\",\\\"name\\\":\\\"Twitter\\\"},{\\\"url\\\":\\\"https:\\/\\/whatsapp.com\\/\\\",\\\"name\\\":\\\"WhatsApp\\\"},{\\\"url\\\":\\\"https:\\/\\/pinterest.com\\/\\\",\\\"name\\\":\\\"Pinterest\\\"},{\\\"url\\\":\\\"https:\\/\\/youtube.com\\/\\\",\\\"name\\\":\\\"YouTube\\\"}],\\\"editor\\\":{\\\"data\\\":{\\\"showDefaultIcons\\\":true,\\\"showDefaultOptions\\\":true,\\\"customIcons\\\":[],\\\"customOptions\\\":[]}}},\\\"align\\\":\\\"center\\\",\\\"iconSize\\\":32,\\\"spacing\\\":20,\\\"hideDesktop\\\":false,\\\"displayCondition\\\":null,\\\"_styleGuide\\\":null,\\\"_meta\\\":{\\\"htmlID\\\":\\\"u_content_social_1\\\",\\\"htmlClassNames\\\":\\\"u_content_social\\\"},\\\"selectable\\\":true,\\\"draggable\\\":true,\\\"duplicatable\\\":true,\\\"deletable\\\":true,\\\"hideable\\\":true,\\\"locked\\\":false,\\\"hideMobile\\\":false}}],\\\"values\\\":{\\\"_meta\\\":{\\\"htmlID\\\":\\\"u_column_13\\\",\\\"htmlClassNames\\\":\\\"u_column\\\"},\\\"border\\\":{},\\\"padding\\\":\\\"0px\\\",\\\"backgroundColor\\\":\\\"\\\",\\\"deletable\\\":true}}],\\\"values\\\":{\\\"displayCondition\\\":null,\\\"columns\\\":false,\\\"_styleGuide\\\":null,\\\"backgroundColor\\\":\\\"\\\",\\\"columnsBackgroundColor\\\":\\\"#262c46\\\",\\\"backgroundImage\\\":{\\\"url\\\":\\\"\\\",\\\"fullWidth\\\":true,\\\"repeat\\\":\\\"no-repeat\\\",\\\"size\\\":\\\"custom\\\",\\\"position\\\":\\\"top-center\\\",\\\"customPosition\\\":[\\\"50%\\\",\\\"0%\\\"]},\\\"padding\\\":\\\"0px\\\",\\\"anchor\\\":\\\"\\\",\\\"hideDesktop\\\":false,\\\"_meta\\\":{\\\"htmlID\\\":\\\"u_row_9\\\",\\\"htmlClassNames\\\":\\\"u_row\\\"},\\\"selectable\\\":true,\\\"draggable\\\":true,\\\"duplicatable\\\":true,\\\"deletable\\\":true,\\\"hideable\\\":true,\\\"locked\\\":false,\\\"hideMobile\\\":false,\\\"noStackMobile\\\":false}},{\\\"id\\\":\\\"-eIptpWf32\\\",\\\"cells\\\":[1],\\\"columns\\\":[{\\\"id\\\":\\\"hDocK1PixH\\\",\\\"contents\\\":[{\\\"id\\\":\\\"uBlg6VN2LS\\\",\\\"type\\\":\\\"text\\\",\\\"values\\\":{\\\"containerPadding\\\":\\\"12px 10px\\\",\\\"anchor\\\":\\\"\\\",\\\"fontSize\\\":\\\"14px\\\",\\\"color\\\":\\\"#ffffff\\\",\\\"textAlign\\\":\\\"left\\\",\\\"lineHeight\\\":\\\"140%\\\",\\\"linkStyle\\\":{\\\"inherit\\\":true,\\\"linkColor\\\":\\\"#0000ee\\\",\\\"linkHoverColor\\\":\\\"#0000ee\\\",\\\"linkUnderline\\\":true,\\\"linkHoverUnderline\\\":true},\\\"hideDesktop\\\":false,\\\"displayCondition\\\":null,\\\"_styleGuide\\\":null,\\\"_meta\\\":{\\\"htmlID\\\":\\\"u_content_text_26\\\",\\\"htmlClassNames\\\":\\\"u_content_text\\\"},\\\"selectable\\\":true,\\\"draggable\\\":true,\\\"duplicatable\\\":true,\\\"deletable\\\":true,\\\"hideable\\\":true,\\\"locked\\\":false,\\\"text\\\":\\\"<p style=\\\\\\\"font-size: 14px; line-height: 140%; text-align: center;\\\\\\\">&copy; Branding Company. All Rights Reserved<\\/p>\\\",\\\"hideMobile\\\":false},\\\"hasDeprecatedFontControls\\\":true}],\\\"values\\\":{\\\"_meta\\\":{\\\"htmlID\\\":\\\"u_column_14\\\",\\\"htmlClassNames\\\":\\\"u_column\\\"},\\\"border\\\":{},\\\"padding\\\":\\\"0px\\\",\\\"backgroundColor\\\":\\\"\\\",\\\"deletable\\\":true}}],\\\"values\\\":{\\\"displayCondition\\\":null,\\\"columns\\\":false,\\\"_styleGuide\\\":null,\\\"backgroundColor\\\":\\\"\\\",\\\"columnsBackgroundColor\\\":\\\"#1d3361\\\",\\\"backgroundImage\\\":{\\\"url\\\":\\\"\\\",\\\"fullWidth\\\":true,\\\"repeat\\\":\\\"no-repeat\\\",\\\"size\\\":\\\"custom\\\",\\\"position\\\":\\\"top-center\\\",\\\"customPosition\\\":[\\\"50%\\\",\\\"0%\\\"]},\\\"padding\\\":\\\"0px\\\",\\\"anchor\\\":\\\"\\\",\\\"hideDesktop\\\":false,\\\"_meta\\\":{\\\"htmlID\\\":\\\"u_row_10\\\",\\\"htmlClassNames\\\":\\\"u_row\\\"},\\\"selectable\\\":true,\\\"draggable\\\":true,\\\"duplicatable\\\":true,\\\"deletable\\\":true,\\\"hideable\\\":true,\\\"locked\\\":false,\\\"hideMobile\\\":false,\\\"noStackMobile\\\":false}}],\\\"headers\\\":[],\\\"footers\\\":[],\\\"values\\\":{\\\"_styleGuide\\\":null,\\\"popupPosition\\\":\\\"center\\\",\\\"popupWidth\\\":\\\"600px\\\",\\\"popupHeight\\\":\\\"auto\\\",\\\"borderRadius\\\":\\\"10px\\\",\\\"contentAlign\\\":\\\"center\\\",\\\"contentVerticalAlign\\\":\\\"center\\\",\\\"contentWidth\\\":\\\"600px\\\",\\\"fontFamily\\\":{\\\"label\\\":\\\"Open Sans\\\",\\\"value\\\":\\\"\'Open Sans\',sans-serif\\\",\\\"url\\\":\\\"https:\\/\\/fonts.googleapis.com\\/css?family=Open+Sans:400,700\\\",\\\"defaultFont\\\":true},\\\"textColor\\\":\\\"#000000\\\",\\\"popupBackgroundColor\\\":\\\"#FFFFFF\\\",\\\"popupBackgroundImage\\\":{\\\"url\\\":\\\"\\\",\\\"fullWidth\\\":true,\\\"repeat\\\":\\\"no-repeat\\\",\\\"size\\\":\\\"cover\\\",\\\"position\\\":\\\"top-center\\\",\\\"customPosition\\\":[\\\"50%\\\",\\\"0%\\\"]},\\\"popupOverlay_backgroundColor\\\":\\\"rgba(0, 0, 0, 0.1)\\\",\\\"popupCloseButton_position\\\":\\\"top-right\\\",\\\"popupCloseButton_backgroundColor\\\":\\\"#DDDDDD\\\",\\\"popupCloseButton_iconColor\\\":\\\"#000000\\\",\\\"popupCloseButton_borderRadius\\\":\\\"0px\\\",\\\"popupCloseButton_margin\\\":\\\"0px\\\",\\\"popupCloseButton_action\\\":{\\\"name\\\":\\\"close_popup\\\",\\\"attrs\\\":{\\\"onClick\\\":\\\"document.querySelector(\'.u-popup-container\').style.display = \'none\';\\\"}},\\\"language\\\":{},\\\"backgroundColor\\\":\\\"#fbfbfb\\\",\\\"preheaderText\\\":\\\"\\\",\\\"linkStyle\\\":{\\\"body\\\":true,\\\"linkColor\\\":\\\"#5f5f8d\\\",\\\"linkHoverColor\\\":\\\"#0000ee\\\",\\\"linkUnderline\\\":false,\\\"linkHoverUnderline\\\":true,\\\"inherit\\\":false},\\\"backgroundImage\\\":{\\\"url\\\":\\\"\\\",\\\"fullWidth\\\":true,\\\"repeat\\\":\\\"no-repeat\\\",\\\"size\\\":\\\"custom\\\",\\\"position\\\":\\\"top-center\\\",\\\"customPosition\\\":[\\\"50%\\\",\\\"0%\\\"]},\\\"_meta\\\":{\\\"htmlID\\\":\\\"u_body\\\",\\\"htmlClassNames\\\":\\\"u_body\\\"}}},\\\"schemaVersion\\\":21}\"','\"<!DOCTYPE HTML PUBLIC \\\"-\\/\\/W3C\\/\\/DTD XHTML 1.0 Transitional \\/\\/EN\\\" \\\"http:\\/\\/www.w3.org\\/TR\\/xhtml1\\/DTD\\/xhtml1-transitional.dtd\\\">\\n<html xmlns=\\\"http:\\/\\/www.w3.org\\/1999\\/xhtml\\\" xmlns:v=\\\"urn:schemas-microsoft-com:vml\\\" xmlns:o=\\\"urn:schemas-microsoft-com:office:office\\\">\\n<head>\\n<!--[if gte mso 9]>\\n<xml>\\n  <o:OfficeDocumentSettings>\\n    <o:AllowPNG\\/>\\n    <o:PixelsPerInch>96<\\/o:PixelsPerInch>\\n  <\\/o:OfficeDocumentSettings>\\n<\\/xml>\\n<![endif]-->\\n  <meta http-equiv=\\\"Content-Type\\\" content=\\\"text\\/html; charset=UTF-8\\\">\\n  <meta name=\\\"viewport\\\" content=\\\"width=device-width, initial-scale=1.0\\\">\\n  <meta name=\\\"x-apple-disable-message-reformatting\\\">\\n  <!--[if !mso]><!--><meta http-equiv=\\\"X-UA-Compatible\\\" content=\\\"IE=edge\\\"><!--<![endif]-->\\n  <title><\\/title>\\n  \\n    <style type=\\\"text\\/css\\\">\\n      \\n      @media only screen and (min-width: 620px) {\\n        .u-row {\\n          width: 600px !important;\\n        }\\n\\n        .u-row .u-col {\\n          vertical-align: top;\\n        }\\n\\n        \\n            .u-row .u-col-33p33 {\\n              width: 199.98px !important;\\n            }\\n          \\n\\n            .u-row .u-col-100 {\\n              width: 600px !important;\\n            }\\n          \\n      }\\n\\n      @media only screen and (max-width: 620px) {\\n        .u-row-container {\\n          max-width: 100% !important;\\n          padding-left: 0px !important;\\n          padding-right: 0px !important;\\n        }\\n\\n        .u-row {\\n          width: 100% !important;\\n        }\\n\\n        .u-row .u-col {\\n          display: block !important;\\n          width: 100% !important;\\n          min-width: 320px !important;\\n          max-width: 100% !important;\\n        }\\n\\n        .u-row .u-col > div {\\n          margin: 0 auto;\\n        }\\n\\n\\n        .u-row .u-col img {\\n          max-width: 100% !important;\\n        }\\n\\n}\\n    \\nbody{margin:0;padding:0}table,td,tr{border-collapse:collapse;vertical-align:top}p{margin:0}.ie-container table,.mso-container table{table-layout:fixed}*{line-height:inherit}a[x-apple-data-detectors=true]{color:inherit!important;text-decoration:none!important}\\n\\n\\ntable, td { color: #000000; } #u_body a { color: #5f5f8d; text-decoration: none; }\\n    <\\/style>\\n  \\n  \\n\\n<!--[if !mso]><!--><link href=\\\"https:\\/\\/fonts.googleapis.com\\/css?family=Open+Sans:400,700\\\" rel=\\\"stylesheet\\\" type=\\\"text\\/css\\\"><link href=\\\"https:\\/\\/fonts.googleapis.com\\/css?family=Open+Sans:400,700\\\" rel=\\\"stylesheet\\\" type=\\\"text\\/css\\\"><!--<![endif]-->\\n\\n<\\/head>\\n\\n<body class=\\\"clean-body u_body\\\" style=\\\"margin: 0;padding: 0;-webkit-text-size-adjust: 100%;background-color: #fbfbfb;color: #000000\\\">\\n  <!--[if IE]><div class=\\\"ie-container\\\"><![endif]-->\\n  <!--[if mso]><div class=\\\"mso-container\\\"><![endif]-->\\n  <table role=\\\"presentation\\\" id=\\\"u_body\\\" style=\\\"border-collapse: collapse;table-layout: fixed;border-spacing: 0;mso-table-lspace: 0pt;mso-table-rspace: 0pt;vertical-align: top;min-width: 320px;Margin: 0 auto;background-color: #fbfbfb;width:100%\\\" cellpadding=\\\"0\\\" cellspacing=\\\"0\\\">\\n  <tbody>\\n  <tr style=\\\"vertical-align: top\\\">\\n    <td style=\\\"word-break: break-word;border-collapse: collapse !important;vertical-align: top\\\">\\n    <!--[if (mso)|(IE)]><table role=\\\"presentation\\\" width=\\\"100%\\\" cellpadding=\\\"0\\\" cellspacing=\\\"0\\\" border=\\\"0\\\"><tr><td align=\\\"center\\\" style=\\\"background-color: #fbfbfb;\\\"><![endif]-->\\n    \\n  \\n  \\n<div class=\\\"u-row-container\\\" style=\\\"padding: 0px;background-color: transparent\\\">\\n  <div class=\\\"u-row\\\" style=\\\"margin: 0 auto;min-width: 320px;max-width: 600px;overflow-wrap: break-word;word-wrap: break-word;word-break: break-word;background-color: #ffffff;\\\">\\n    <div style=\\\"border-collapse: collapse;display: table;width: 100%;height: 100%;background-color: transparent;\\\">\\n      <!--[if (mso)|(IE)]><table role=\\\"presentation\\\" width=\\\"100%\\\" cellpadding=\\\"0\\\" cellspacing=\\\"0\\\" border=\\\"0\\\"><tr><td style=\\\"padding: 0px;background-color: transparent;\\\" align=\\\"center\\\"><table role=\\\"presentation\\\" cellpadding=\\\"0\\\" cellspacing=\\\"0\\\" border=\\\"0\\\" style=\\\"width:600px;\\\"><tr style=\\\"background-color: #ffffff;\\\"><![endif]-->\\n      \\n<!--[if (mso)|(IE)]><td align=\\\"center\\\" width=\\\"600\\\" style=\\\"width: 600px;padding: 0px;border-top: 0px solid transparent;border-left: 0px solid transparent;border-right: 0px solid transparent;border-bottom: 0px solid transparent;\\\" valign=\\\"top\\\"><![endif]-->\\n<div class=\\\"u-col u-col-100\\\" style=\\\"max-width: 320px;min-width: 600px;display: table-cell;vertical-align: top;\\\">\\n  <div style=\\\"height: 100%;width: 100% !important;\\\">\\n  <!--[if (!mso)&(!IE)]><!--><div style=\\\"box-sizing: border-box; height: 100%; padding: 0px;border-top: 0px solid transparent;border-left: 0px solid transparent;border-right: 0px solid transparent;border-bottom: 0px solid transparent;\\\"><!--<![endif]-->\\n  \\n<table style=\\\"font-family:\'Open Sans\',sans-serif;\\\" role=\\\"presentation\\\" cellpadding=\\\"0\\\" cellspacing=\\\"0\\\" width=\\\"100%\\\" border=\\\"0\\\">\\n  <tbody>\\n    <tr>\\n      <td style=\\\"overflow-wrap:break-word;word-break:break-word;padding:22px 10px;font-family:\'Open Sans\',sans-serif;\\\" align=\\\"left\\\">\\n        \\n<table role=\\\"presentation\\\" width=\\\"100%\\\" cellpadding=\\\"0\\\" cellspacing=\\\"0\\\" border=\\\"0\\\">\\n  <tr>\\n    <td style=\\\"padding-right: 0px;padding-left: 0px;\\\" align=\\\"center\\\">\\n      <a href=\\\"https:\\/\\/www.goshippingcargo.com\\\" target=\\\"_blank\\\">\\n      <img align=\\\"center\\\" border=\\\"0\\\" src=\\\"https:\\/\\/assets.unlayer.com\\/projects\\/0\\/1746016949602-download.png\\\" alt=\\\"Image\\\" title=\\\"Image\\\" style=\\\"outline: none;text-decoration: none;-ms-interpolation-mode: bicubic;clear: both;display: inline-block !important;border: none;height: auto;float: none;width: 49%;max-width: 284.2px;\\\" width=\\\"284.2\\\"\\/>\\n      <\\/a>\\n    <\\/td>\\n  <\\/tr>\\n<\\/table>\\n\\n      <\\/td>\\n    <\\/tr>\\n  <\\/tbody>\\n<\\/table>\\n\\n  <!--[if (!mso)&(!IE)]><!--><\\/div><!--<![endif]-->\\n  <\\/div>\\n<\\/div>\\n<!--[if (mso)|(IE)]><\\/td><![endif]-->\\n      <!--[if (mso)|(IE)]><\\/tr><\\/table><\\/td><\\/tr><\\/table><![endif]-->\\n    <\\/div>\\n  <\\/div>\\n  <\\/div>\\n  \\n\\n\\n  \\n  \\n<div class=\\\"u-row-container\\\" style=\\\"padding: 0px;background-color: transparent\\\">\\n  <div class=\\\"u-row\\\" style=\\\"margin: 0 auto;min-width: 320px;max-width: 600px;overflow-wrap: break-word;word-wrap: break-word;word-break: break-word;background-color: #ffffff;\\\">\\n    <div style=\\\"border-collapse: collapse;display: table;width: 100%;height: 100%;background-color: transparent;\\\">\\n      <!--[if (mso)|(IE)]><table role=\\\"presentation\\\" width=\\\"100%\\\" cellpadding=\\\"0\\\" cellspacing=\\\"0\\\" border=\\\"0\\\"><tr><td style=\\\"padding: 0px;background-color: transparent;\\\" align=\\\"center\\\"><table role=\\\"presentation\\\" cellpadding=\\\"0\\\" cellspacing=\\\"0\\\" border=\\\"0\\\" style=\\\"width:600px;\\\"><tr style=\\\"background-color: #ffffff;\\\"><![endif]-->\\n      \\n<!--[if (mso)|(IE)]><td align=\\\"center\\\" width=\\\"600\\\" style=\\\"width: 600px;padding: 0px;border-top: 0px solid transparent;border-left: 0px solid transparent;border-right: 0px solid transparent;border-bottom: 0px solid transparent;\\\" valign=\\\"top\\\"><![endif]-->\\n<div class=\\\"u-col u-col-100\\\" style=\\\"max-width: 320px;min-width: 600px;display: table-cell;vertical-align: top;\\\">\\n  <div style=\\\"height: 100%;width: 100% !important;\\\">\\n  <!--[if (!mso)&(!IE)]><!--><div style=\\\"box-sizing: border-box; height: 100%; padding: 0px;border-top: 0px solid transparent;border-left: 0px solid transparent;border-right: 0px solid transparent;border-bottom: 0px solid transparent;\\\"><!--<![endif]-->\\n  \\n<table style=\\\"font-family:\'Open Sans\',sans-serif;\\\" role=\\\"presentation\\\" cellpadding=\\\"0\\\" cellspacing=\\\"0\\\" width=\\\"100%\\\" border=\\\"0\\\">\\n  <tbody>\\n    <tr>\\n      <td style=\\\"overflow-wrap:break-word;word-break:break-word;padding:10px;font-family:\'Open Sans\',sans-serif;\\\" align=\\\"left\\\">\\n        \\n<table role=\\\"presentation\\\" width=\\\"100%\\\" cellpadding=\\\"0\\\" cellspacing=\\\"0\\\" border=\\\"0\\\">\\n  <tr>\\n    <td style=\\\"padding-right: 0px;padding-left: 0px;\\\" align=\\\"center\\\">\\n      \\n      <img align=\\\"center\\\" border=\\\"0\\\" src=\\\"https:\\/\\/assets.unlayer.com\\/projects\\/0\\/1746016854290-posta-courier-process.png\\\" alt=\\\"\\\" title=\\\"\\\" style=\\\"outline: none;text-decoration: none;-ms-interpolation-mode: bicubic;clear: both;display: inline-block !important;border: none;height: auto;float: none;width: 100%;max-width: 580px;\\\" width=\\\"580\\\"\\/>\\n      \\n    <\\/td>\\n  <\\/tr>\\n<\\/table>\\n\\n      <\\/td>\\n    <\\/tr>\\n  <\\/tbody>\\n<\\/table>\\n\\n<table style=\\\"font-family:\'Open Sans\',sans-serif;\\\" role=\\\"presentation\\\" cellpadding=\\\"0\\\" cellspacing=\\\"0\\\" width=\\\"100%\\\" border=\\\"0\\\">\\n  <tbody>\\n    <tr>\\n      <td style=\\\"overflow-wrap:break-word;word-break:break-word;padding:35px 44px 10px;font-family:\'Open Sans\',sans-serif;\\\" align=\\\"left\\\">\\n        \\n  <div style=\\\"font-size: 14px; color: #34495e; line-height: 140%; text-align: left; word-wrap: break-word;\\\">\\n    <p style=\\\"font-size: 14px; line-height: 140%;\\\"><span style=\\\"font-size: 22px; line-height: 30.8px;\\\">Dear Name,<\\/span><\\/p>\\n  <\\/div>\\n\\n      <\\/td>\\n    <\\/tr>\\n  <\\/tbody>\\n<\\/table>\\n\\n<table style=\\\"font-family:\'Open Sans\',sans-serif;\\\" role=\\\"presentation\\\" cellpadding=\\\"0\\\" cellspacing=\\\"0\\\" width=\\\"100%\\\" border=\\\"0\\\">\\n  <tbody>\\n    <tr>\\n      <td style=\\\"overflow-wrap:break-word;word-break:break-word;padding:10px 44px 22px;font-family:\'Open Sans\',sans-serif;\\\" align=\\\"left\\\">\\n        \\n  <div style=\\\"font-size: 14px; line-height: 190%; text-align: left; word-wrap: break-word;\\\">\\n    <p style=\\\"font-size: 14px; line-height: 190%;\\\">At brandingcompany, we get asked a lot, &ldquo;What is branding?&rdquo;<\\/p>\\n<p style=\\\"font-size: 14px; line-height: 190%;\\\">Once you understand it, it&rsquo;s a simple idea, but it&rsquo;s powerful in its effects on your business. <\\/p>\\n<p style=\\\"font-size: 14px; line-height: 190%;\\\">&nbsp;<\\/p>\\n<p style=\\\"font-size: 14px; line-height: 190%;\\\">When you&rsquo;re building your brand, you need to approach it step-by-step.<\\/p>\\n<p style=\\\"font-size: 14px; line-height: 190%;\\\">At BrandSpecialist, we start with a six-step process that guides our work:&nbsp;<\\/p>\\n  <\\/div>\\n\\n      <\\/td>\\n    <\\/tr>\\n  <\\/tbody>\\n<\\/table>\\n\\n  <!--[if (!mso)&(!IE)]><!--><\\/div><!--<![endif]-->\\n  <\\/div>\\n<\\/div>\\n<!--[if (mso)|(IE)]><\\/td><![endif]-->\\n      <!--[if (mso)|(IE)]><\\/tr><\\/table><\\/td><\\/tr><\\/table><![endif]-->\\n    <\\/div>\\n  <\\/div>\\n  <\\/div>\\n  \\n\\n\\n  \\n  \\n<div class=\\\"u-row-container\\\" style=\\\"padding: 0px;background-color: transparent\\\">\\n  <div class=\\\"u-row\\\" style=\\\"margin: 0 auto;min-width: 320px;max-width: 600px;overflow-wrap: break-word;word-wrap: break-word;word-break: break-word;background-color: #f4f4f4;\\\">\\n    <div style=\\\"border-collapse: collapse;display: table;width: 100%;height: 100%;background-color: transparent;\\\">\\n      <!--[if (mso)|(IE)]><table role=\\\"presentation\\\" width=\\\"100%\\\" cellpadding=\\\"0\\\" cellspacing=\\\"0\\\" border=\\\"0\\\"><tr><td style=\\\"padding: 0px;background-color: transparent;\\\" align=\\\"center\\\"><table role=\\\"presentation\\\" cellpadding=\\\"0\\\" cellspacing=\\\"0\\\" border=\\\"0\\\" style=\\\"width:600px;\\\"><tr style=\\\"background-color: #f4f4f4;\\\"><![endif]-->\\n      \\n<!--[if (mso)|(IE)]><td align=\\\"center\\\" width=\\\"600\\\" style=\\\"width: 600px;padding: 0px;border-top: 0px solid transparent;border-left: 0px solid transparent;border-right: 0px solid transparent;border-bottom: 0px solid transparent;\\\" valign=\\\"top\\\"><![endif]-->\\n<div class=\\\"u-col u-col-100\\\" style=\\\"max-width: 320px;min-width: 600px;display: table-cell;vertical-align: top;\\\">\\n  <div style=\\\"height: 100%;width: 100% !important;\\\">\\n  <!--[if (!mso)&(!IE)]><!--><div style=\\\"box-sizing: border-box; height: 100%; padding: 0px;border-top: 0px solid transparent;border-left: 0px solid transparent;border-right: 0px solid transparent;border-bottom: 0px solid transparent;\\\"><!--<![endif]-->\\n  \\n<table style=\\\"font-family:\'Open Sans\',sans-serif;\\\" role=\\\"presentation\\\" cellpadding=\\\"0\\\" cellspacing=\\\"0\\\" width=\\\"100%\\\" border=\\\"0\\\">\\n  <tbody>\\n    <tr>\\n      <td style=\\\"overflow-wrap:break-word;word-break:break-word;padding:0px;font-family:\'Open Sans\',sans-serif;\\\" align=\\\"left\\\">\\n        \\n<table role=\\\"presentation\\\" width=\\\"100%\\\" cellpadding=\\\"0\\\" cellspacing=\\\"0\\\" border=\\\"0\\\">\\n  <tr>\\n    <td style=\\\"padding-right: 0px;padding-left: 0px;\\\" align=\\\"center\\\">\\n      \\n      <img align=\\\"center\\\" border=\\\"0\\\" src=\\\"https:\\/\\/cdn.templates.unlayer.com\\/assets\\/1596365970938-7G9GXVu.jpg\\\" alt=\\\"Image\\\" title=\\\"Image\\\" style=\\\"outline: none;text-decoration: none;-ms-interpolation-mode: bicubic;clear: both;display: inline-block !important;border: none;height: auto;float: none;width: 100%;max-width: 600px;\\\" width=\\\"600\\\"\\/>\\n      \\n    <\\/td>\\n  <\\/tr>\\n<\\/table>\\n\\n      <\\/td>\\n    <\\/tr>\\n  <\\/tbody>\\n<\\/table>\\n\\n<table style=\\\"font-family:\'Open Sans\',sans-serif;\\\" role=\\\"presentation\\\" cellpadding=\\\"0\\\" cellspacing=\\\"0\\\" width=\\\"100%\\\" border=\\\"0\\\">\\n  <tbody>\\n    <tr>\\n      <td style=\\\"overflow-wrap:break-word;word-break:break-word;padding:10px;font-family:\'Open Sans\',sans-serif;\\\" align=\\\"left\\\">\\n        \\n  <table role=\\\"presentation\\\" height=\\\"0px\\\" align=\\\"center\\\" border=\\\"0\\\" cellpadding=\\\"0\\\" cellspacing=\\\"0\\\" width=\\\"100%\\\" style=\\\"border-collapse: collapse;table-layout: fixed;border-spacing: 0;mso-table-lspace: 0pt;mso-table-rspace: 0pt;vertical-align: top;border-top: 1px solid #f4f4f4;-ms-text-size-adjust: 100%;-webkit-text-size-adjust: 100%\\\">\\n    <tbody>\\n      <tr style=\\\"vertical-align: top\\\">\\n        <td style=\\\"word-break: break-word;border-collapse: collapse !important;vertical-align: top;font-size: 0px;line-height: 0px;mso-line-height-rule: exactly;-ms-text-size-adjust: 100%;-webkit-text-size-adjust: 100%\\\">\\n          <span>&#160;<\\/span>\\n        <\\/td>\\n      <\\/tr>\\n    <\\/tbody>\\n  <\\/table>\\n\\n      <\\/td>\\n    <\\/tr>\\n  <\\/tbody>\\n<\\/table>\\n\\n  <!--[if (!mso)&(!IE)]><!--><\\/div><!--<![endif]-->\\n  <\\/div>\\n<\\/div>\\n<!--[if (mso)|(IE)]><\\/td><![endif]-->\\n      <!--[if (mso)|(IE)]><\\/tr><\\/table><\\/td><\\/tr><\\/table><![endif]-->\\n    <\\/div>\\n  <\\/div>\\n  <\\/div>\\n  \\n\\n\\n  \\n  \\n<div class=\\\"u-row-container\\\" style=\\\"padding: 0px;background-color: transparent\\\">\\n  <div class=\\\"u-row\\\" style=\\\"margin: 0 auto;min-width: 320px;max-width: 600px;overflow-wrap: break-word;word-wrap: break-word;word-break: break-word;background-color: #f4f4f4;\\\">\\n    <div style=\\\"border-collapse: collapse;display: table;width: 100%;height: 100%;background-color: transparent;\\\">\\n      <!--[if (mso)|(IE)]><table role=\\\"presentation\\\" width=\\\"100%\\\" cellpadding=\\\"0\\\" cellspacing=\\\"0\\\" border=\\\"0\\\"><tr><td style=\\\"padding: 0px;background-color: transparent;\\\" align=\\\"center\\\"><table role=\\\"presentation\\\" cellpadding=\\\"0\\\" cellspacing=\\\"0\\\" border=\\\"0\\\" style=\\\"width:600px;\\\"><tr style=\\\"background-color: #f4f4f4;\\\"><![endif]-->\\n      \\n<!--[if (mso)|(IE)]><td align=\\\"center\\\" width=\\\"200\\\" style=\\\"width: 200px;padding: 0px;border-top: 0px solid transparent;border-left: 0px solid transparent;border-right: 0px solid transparent;border-bottom: 0px solid transparent;\\\" valign=\\\"top\\\"><![endif]-->\\n<div class=\\\"u-col u-col-33p33\\\" style=\\\"max-width: 320px;min-width: 200px;display: table-cell;vertical-align: top;\\\">\\n  <div style=\\\"height: 100%;width: 100% !important;\\\">\\n  <!--[if (!mso)&(!IE)]><!--><div style=\\\"box-sizing: border-box; height: 100%; padding: 0px;border-top: 0px solid transparent;border-left: 0px solid transparent;border-right: 0px solid transparent;border-bottom: 0px solid transparent;\\\"><!--<![endif]-->\\n  \\n<table style=\\\"font-family:\'Open Sans\',sans-serif;\\\" role=\\\"presentation\\\" cellpadding=\\\"0\\\" cellspacing=\\\"0\\\" width=\\\"100%\\\" border=\\\"0\\\">\\n  <tbody>\\n    <tr>\\n      <td style=\\\"overflow-wrap:break-word;word-break:break-word;padding:10px 22px;font-family:\'Open Sans\',sans-serif;\\\" align=\\\"left\\\">\\n        \\n  <div style=\\\"font-size: 14px; line-height: 190%; text-align: center; word-wrap: break-word;\\\">\\n    <p style=\\\"font-size: 14px; line-height: 190%;\\\"><strong>Design<\\/strong><\\/p>\\n  <\\/div>\\n\\n      <\\/td>\\n    <\\/tr>\\n  <\\/tbody>\\n<\\/table>\\n\\n<table style=\\\"font-family:\'Open Sans\',sans-serif;\\\" role=\\\"presentation\\\" cellpadding=\\\"0\\\" cellspacing=\\\"0\\\" width=\\\"100%\\\" border=\\\"0\\\">\\n  <tbody>\\n    <tr>\\n      <td style=\\\"overflow-wrap:break-word;word-break:break-word;padding:0px 22px 22px;font-family:\'Open Sans\',sans-serif;\\\" align=\\\"left\\\">\\n        \\n  <div style=\\\"font-size: 14px; line-height: 190%; text-align: center; word-wrap: break-word;\\\">\\n    <p style=\\\"font-size: 14px; line-height: 190%;\\\">Lorem ipsum dolor sit amet, consectetuer adipiscing elit, sed diam nonummy nibh <\\/p>\\n  <\\/div>\\n\\n      <\\/td>\\n    <\\/tr>\\n  <\\/tbody>\\n<\\/table>\\n\\n  <!--[if (!mso)&(!IE)]><!--><\\/div><!--<![endif]-->\\n  <\\/div>\\n<\\/div>\\n<!--[if (mso)|(IE)]><\\/td><![endif]-->\\n<!--[if (mso)|(IE)]><td align=\\\"center\\\" width=\\\"200\\\" style=\\\"width: 200px;padding: 0px;border-top: 0px solid transparent;border-left: 0px solid transparent;border-right: 0px solid transparent;border-bottom: 0px solid transparent;\\\" valign=\\\"top\\\"><![endif]-->\\n<div class=\\\"u-col u-col-33p33\\\" style=\\\"max-width: 320px;min-width: 200px;display: table-cell;vertical-align: top;\\\">\\n  <div style=\\\"height: 100%;width: 100% !important;\\\">\\n  <!--[if (!mso)&(!IE)]><!--><div style=\\\"box-sizing: border-box; height: 100%; padding: 0px;border-top: 0px solid transparent;border-left: 0px solid transparent;border-right: 0px solid transparent;border-bottom: 0px solid transparent;\\\"><!--<![endif]-->\\n  \\n<table style=\\\"font-family:\'Open Sans\',sans-serif;\\\" role=\\\"presentation\\\" cellpadding=\\\"0\\\" cellspacing=\\\"0\\\" width=\\\"100%\\\" border=\\\"0\\\">\\n  <tbody>\\n    <tr>\\n      <td style=\\\"overflow-wrap:break-word;word-break:break-word;padding:10px;font-family:\'Open Sans\',sans-serif;\\\" align=\\\"left\\\">\\n        \\n<table role=\\\"presentation\\\" width=\\\"100%\\\" cellpadding=\\\"0\\\" cellspacing=\\\"0\\\" border=\\\"0\\\">\\n  <tr>\\n    <td style=\\\"padding-right: 0px;padding-left: 0px;\\\" align=\\\"center\\\">\\n      \\n      <img align=\\\"center\\\" border=\\\"0\\\" src=\\\"https:\\/\\/cdn.templates.unlayer.com\\/assets\\/1596366178543-4tOEyHZ.png?w=126px\\\" alt=\\\"Image\\\" title=\\\"Image\\\" style=\\\"outline: none;text-decoration: none;-ms-interpolation-mode: bicubic;clear: both;display: inline-block !important;border: none;height: auto;float: none;width: 35%;max-width: 63px;\\\" width=\\\"63\\\"\\/>\\n      \\n    <\\/td>\\n  <\\/tr>\\n<\\/table>\\n\\n      <\\/td>\\n    <\\/tr>\\n  <\\/tbody>\\n<\\/table>\\n\\n<table style=\\\"font-family:\'Open Sans\',sans-serif;\\\" role=\\\"presentation\\\" cellpadding=\\\"0\\\" cellspacing=\\\"0\\\" width=\\\"100%\\\" border=\\\"0\\\">\\n  <tbody>\\n    <tr>\\n      <td style=\\\"overflow-wrap:break-word;word-break:break-word;padding:10px 22px;font-family:\'Open Sans\',sans-serif;\\\" align=\\\"left\\\">\\n        \\n  <div style=\\\"font-size: 14px; line-height: 190%; text-align: center; word-wrap: break-word;\\\">\\n    <p style=\\\"font-size: 14px; line-height: 190%;\\\"><strong>Strategy<\\/strong><\\/p>\\n  <\\/div>\\n\\n      <\\/td>\\n    <\\/tr>\\n  <\\/tbody>\\n<\\/table>\\n\\n<table style=\\\"font-family:\'Open Sans\',sans-serif;\\\" role=\\\"presentation\\\" cellpadding=\\\"0\\\" cellspacing=\\\"0\\\" width=\\\"100%\\\" border=\\\"0\\\">\\n  <tbody>\\n    <tr>\\n      <td style=\\\"overflow-wrap:break-word;word-break:break-word;padding:0px 22px 22px;font-family:\'Open Sans\',sans-serif;\\\" align=\\\"left\\\">\\n        \\n  <div style=\\\"font-size: 14px; line-height: 190%; text-align: center; word-wrap: break-word;\\\">\\n    <p style=\\\"font-size: 14px; line-height: 190%;\\\">Lorem ipsum dolor sit amet, consectetuer adipiscing elit, sed diam nonummy nibh <\\/p>\\n  <\\/div>\\n\\n      <\\/td>\\n    <\\/tr>\\n  <\\/tbody>\\n<\\/table>\\n\\n  <!--[if (!mso)&(!IE)]><!--><\\/div><!--<![endif]-->\\n  <\\/div>\\n<\\/div>\\n<!--[if (mso)|(IE)]><\\/td><![endif]-->\\n<!--[if (mso)|(IE)]><td align=\\\"center\\\" width=\\\"200\\\" style=\\\"width: 200px;padding: 0px;border-top: 0px solid transparent;border-left: 0px solid transparent;border-right: 0px solid transparent;border-bottom: 0px solid transparent;\\\" valign=\\\"top\\\"><![endif]-->\\n<div class=\\\"u-col u-col-33p33\\\" style=\\\"max-width: 320px;min-width: 200px;display: table-cell;vertical-align: top;\\\">\\n  <div style=\\\"height: 100%;width: 100% !important;\\\">\\n  <!--[if (!mso)&(!IE)]><!--><div style=\\\"box-sizing: border-box; height: 100%; padding: 0px;border-top: 0px solid transparent;border-left: 0px solid transparent;border-right: 0px solid transparent;border-bottom: 0px solid transparent;\\\"><!--<![endif]-->\\n  \\n<table style=\\\"font-family:\'Open Sans\',sans-serif;\\\" role=\\\"presentation\\\" cellpadding=\\\"0\\\" cellspacing=\\\"0\\\" width=\\\"100%\\\" border=\\\"0\\\">\\n  <tbody>\\n    <tr>\\n      <td style=\\\"overflow-wrap:break-word;word-break:break-word;padding:10px;font-family:\'Open Sans\',sans-serif;\\\" align=\\\"left\\\">\\n        \\n<table role=\\\"presentation\\\" width=\\\"100%\\\" cellpadding=\\\"0\\\" cellspacing=\\\"0\\\" border=\\\"0\\\">\\n  <tr>\\n    <td style=\\\"padding-right: 0px;padding-left: 0px;\\\" align=\\\"center\\\">\\n      \\n      <img align=\\\"center\\\" border=\\\"0\\\" src=\\\"https:\\/\\/cdn.templates.unlayer.com\\/assets\\/1596366236596-vD7aGwk.png?w=126px\\\" alt=\\\"Image\\\" title=\\\"Image\\\" style=\\\"outline: none;text-decoration: none;-ms-interpolation-mode: bicubic;clear: both;display: inline-block !important;border: none;height: auto;float: none;width: 35%;max-width: 63px;\\\" width=\\\"63\\\"\\/>\\n      \\n    <\\/td>\\n  <\\/tr>\\n<\\/table>\\n\\n      <\\/td>\\n    <\\/tr>\\n  <\\/tbody>\\n<\\/table>\\n\\n<table style=\\\"font-family:\'Open Sans\',sans-serif;\\\" role=\\\"presentation\\\" cellpadding=\\\"0\\\" cellspacing=\\\"0\\\" width=\\\"100%\\\" border=\\\"0\\\">\\n  <tbody>\\n    <tr>\\n      <td style=\\\"overflow-wrap:break-word;word-break:break-word;padding:10px 22px;font-family:\'Open Sans\',sans-serif;\\\" align=\\\"left\\\">\\n        \\n  <div style=\\\"font-size: 14px; line-height: 190%; text-align: center; word-wrap: break-word;\\\">\\n    <p style=\\\"font-size: 14px; line-height: 190%;\\\"><strong>Marketing<\\/strong><\\/p>\\n  <\\/div>\\n\\n      <\\/td>\\n    <\\/tr>\\n  <\\/tbody>\\n<\\/table>\\n\\n<table style=\\\"font-family:\'Open Sans\',sans-serif;\\\" role=\\\"presentation\\\" cellpadding=\\\"0\\\" cellspacing=\\\"0\\\" width=\\\"100%\\\" border=\\\"0\\\">\\n  <tbody>\\n    <tr>\\n      <td style=\\\"overflow-wrap:break-word;word-break:break-word;padding:0px 22px 22px;font-family:\'Open Sans\',sans-serif;\\\" align=\\\"left\\\">\\n        \\n  <div style=\\\"font-size: 14px; line-height: 190%; text-align: center; word-wrap: break-word;\\\">\\n    <p style=\\\"font-size: 14px; line-height: 190%;\\\">Lorem ipsum dolor sit amet, consectetuer adipiscing elit, sed diam nonummy nibh <\\/p>\\n  <\\/div>\\n\\n      <\\/td>\\n    <\\/tr>\\n  <\\/tbody>\\n<\\/table>\\n\\n  <!--[if (!mso)&(!IE)]><!--><\\/div><!--<![endif]-->\\n  <\\/div>\\n<\\/div>\\n<!--[if (mso)|(IE)]><\\/td><![endif]-->\\n      <!--[if (mso)|(IE)]><\\/tr><\\/table><\\/td><\\/tr><\\/table><![endif]-->\\n    <\\/div>\\n  <\\/div>\\n  <\\/div>\\n  \\n\\n\\n  \\n  \\n<div class=\\\"u-row-container\\\" style=\\\"padding: 0px;background-color: transparent\\\">\\n  <div class=\\\"u-row\\\" style=\\\"margin: 0 auto;min-width: 320px;max-width: 600px;overflow-wrap: break-word;word-wrap: break-word;word-break: break-word;background-color: #f4f4f4;\\\">\\n    <div style=\\\"border-collapse: collapse;display: table;width: 100%;height: 100%;background-color: transparent;\\\">\\n      <!--[if (mso)|(IE)]><table role=\\\"presentation\\\" width=\\\"100%\\\" cellpadding=\\\"0\\\" cellspacing=\\\"0\\\" border=\\\"0\\\"><tr><td style=\\\"padding: 0px;background-color: transparent;\\\" align=\\\"center\\\"><table role=\\\"presentation\\\" cellpadding=\\\"0\\\" cellspacing=\\\"0\\\" border=\\\"0\\\" style=\\\"width:600px;\\\"><tr style=\\\"background-color: #f4f4f4;\\\"><![endif]-->\\n      \\n<!--[if (mso)|(IE)]><td align=\\\"center\\\" width=\\\"200\\\" style=\\\"width: 200px;padding: 0px;border-top: 0px solid transparent;border-left: 0px solid transparent;border-right: 0px solid transparent;border-bottom: 0px solid transparent;\\\" valign=\\\"top\\\"><![endif]-->\\n<div class=\\\"u-col u-col-33p33\\\" style=\\\"max-width: 320px;min-width: 200px;display: table-cell;vertical-align: top;\\\">\\n  <div style=\\\"height: 100%;width: 100% !important;\\\">\\n  <!--[if (!mso)&(!IE)]><!--><div style=\\\"box-sizing: border-box; height: 100%; padding: 0px;border-top: 0px solid transparent;border-left: 0px solid transparent;border-right: 0px solid transparent;border-bottom: 0px solid transparent;\\\"><!--<![endif]-->\\n  \\n<table style=\\\"font-family:\'Open Sans\',sans-serif;\\\" role=\\\"presentation\\\" cellpadding=\\\"0\\\" cellspacing=\\\"0\\\" width=\\\"100%\\\" border=\\\"0\\\">\\n  <tbody>\\n    <tr>\\n      <td style=\\\"overflow-wrap:break-word;word-break:break-word;padding:10px;font-family:\'Open Sans\',sans-serif;\\\" align=\\\"left\\\">\\n        \\n<table role=\\\"presentation\\\" width=\\\"100%\\\" cellpadding=\\\"0\\\" cellspacing=\\\"0\\\" border=\\\"0\\\">\\n  <tr>\\n    <td style=\\\"padding-right: 0px;padding-left: 0px;\\\" align=\\\"center\\\">\\n      \\n      <img align=\\\"center\\\" border=\\\"0\\\" src=\\\"https:\\/\\/cdn.templates.unlayer.com\\/assets\\/1596366368130-9kP2jpS.png?w=126px\\\" alt=\\\"Image\\\" title=\\\"Image\\\" style=\\\"outline: none;text-decoration: none;-ms-interpolation-mode: bicubic;clear: both;display: inline-block !important;border: none;height: auto;float: none;width: 35%;max-width: 63px;\\\" width=\\\"63\\\"\\/>\\n      \\n    <\\/td>\\n  <\\/tr>\\n<\\/table>\\n\\n      <\\/td>\\n    <\\/tr>\\n  <\\/tbody>\\n<\\/table>\\n\\n<table style=\\\"font-family:\'Open Sans\',sans-serif;\\\" role=\\\"presentation\\\" cellpadding=\\\"0\\\" cellspacing=\\\"0\\\" width=\\\"100%\\\" border=\\\"0\\\">\\n  <tbody>\\n    <tr>\\n      <td style=\\\"overflow-wrap:break-word;word-break:break-word;padding:10px 22px;font-family:\'Open Sans\',sans-serif;\\\" align=\\\"left\\\">\\n        \\n  <div style=\\\"font-size: 14px; line-height: 190%; text-align: center; word-wrap: break-word;\\\">\\n    <p style=\\\"font-size: 14px; line-height: 190%;\\\"><strong>Social Media<\\/strong><\\/p>\\n  <\\/div>\\n\\n      <\\/td>\\n    <\\/tr>\\n  <\\/tbody>\\n<\\/table>\\n\\n<table style=\\\"font-family:\'Open Sans\',sans-serif;\\\" role=\\\"presentation\\\" cellpadding=\\\"0\\\" cellspacing=\\\"0\\\" width=\\\"100%\\\" border=\\\"0\\\">\\n  <tbody>\\n    <tr>\\n      <td style=\\\"overflow-wrap:break-word;word-break:break-word;padding:0px 22px 22px;font-family:\'Open Sans\',sans-serif;\\\" align=\\\"left\\\">\\n        \\n  <div style=\\\"font-size: 14px; line-height: 190%; text-align: center; word-wrap: break-word;\\\">\\n    <p style=\\\"font-size: 14px; line-height: 190%;\\\">Lorem ipsum dolor sit amet, consectetuer adipiscing elit, sed diam nonummy nibh <\\/p>\\n  <\\/div>\\n\\n      <\\/td>\\n    <\\/tr>\\n  <\\/tbody>\\n<\\/table>\\n\\n  <!--[if (!mso)&(!IE)]><!--><\\/div><!--<![endif]-->\\n  <\\/div>\\n<\\/div>\\n<!--[if (mso)|(IE)]><\\/td><![endif]-->\\n<!--[if (mso)|(IE)]><td align=\\\"center\\\" width=\\\"200\\\" style=\\\"width: 200px;padding: 0px;border-top: 0px solid transparent;border-left: 0px solid transparent;border-right: 0px solid transparent;border-bottom: 0px solid transparent;\\\" valign=\\\"top\\\"><![endif]-->\\n<div class=\\\"u-col u-col-33p33\\\" style=\\\"max-width: 320px;min-width: 200px;display: table-cell;vertical-align: top;\\\">\\n  <div style=\\\"height: 100%;width: 100% !important;\\\">\\n  <!--[if (!mso)&(!IE)]><!--><div style=\\\"box-sizing: border-box; height: 100%; padding: 0px;border-top: 0px solid transparent;border-left: 0px solid transparent;border-right: 0px solid transparent;border-bottom: 0px solid transparent;\\\"><!--<![endif]-->\\n  \\n<table style=\\\"font-family:\'Open Sans\',sans-serif;\\\" role=\\\"presentation\\\" cellpadding=\\\"0\\\" cellspacing=\\\"0\\\" width=\\\"100%\\\" border=\\\"0\\\">\\n  <tbody>\\n    <tr>\\n      <td style=\\\"overflow-wrap:break-word;word-break:break-word;padding:10px;font-family:\'Open Sans\',sans-serif;\\\" align=\\\"left\\\">\\n        \\n<table role=\\\"presentation\\\" width=\\\"100%\\\" cellpadding=\\\"0\\\" cellspacing=\\\"0\\\" border=\\\"0\\\">\\n  <tr>\\n    <td style=\\\"padding-right: 0px;padding-left: 0px;\\\" align=\\\"center\\\">\\n      \\n      <img align=\\\"center\\\" border=\\\"0\\\" src=\\\"https:\\/\\/cdn.templates.unlayer.com\\/assets\\/1596366402742-jV0TkYE.png?w=126px\\\" alt=\\\"Image\\\" title=\\\"Image\\\" style=\\\"outline: none;text-decoration: none;-ms-interpolation-mode: bicubic;clear: both;display: inline-block !important;border: none;height: auto;float: none;width: 35%;max-width: 63px;\\\" width=\\\"63\\\"\\/>\\n      \\n    <\\/td>\\n  <\\/tr>\\n<\\/table>\\n\\n      <\\/td>\\n    <\\/tr>\\n  <\\/tbody>\\n<\\/table>\\n\\n<table style=\\\"font-family:\'Open Sans\',sans-serif;\\\" role=\\\"presentation\\\" cellpadding=\\\"0\\\" cellspacing=\\\"0\\\" width=\\\"100%\\\" border=\\\"0\\\">\\n  <tbody>\\n    <tr>\\n      <td style=\\\"overflow-wrap:break-word;word-break:break-word;padding:10px 22px;font-family:\'Open Sans\',sans-serif;\\\" align=\\\"left\\\">\\n        \\n  <div style=\\\"font-size: 14px; line-height: 190%; text-align: center; word-wrap: break-word;\\\">\\n    <p style=\\\"font-size: 14px; line-height: 190%;\\\"><strong>Brand Material<\\/strong><\\/p>\\n  <\\/div>\\n\\n      <\\/td>\\n    <\\/tr>\\n  <\\/tbody>\\n<\\/table>\\n\\n<table style=\\\"font-family:\'Open Sans\',sans-serif;\\\" role=\\\"presentation\\\" cellpadding=\\\"0\\\" cellspacing=\\\"0\\\" width=\\\"100%\\\" border=\\\"0\\\">\\n  <tbody>\\n    <tr>\\n      <td style=\\\"overflow-wrap:break-word;word-break:break-word;padding:0px 22px 22px;font-family:\'Open Sans\',sans-serif;\\\" align=\\\"left\\\">\\n        \\n  <div style=\\\"font-size: 14px; line-height: 190%; text-align: center; word-wrap: break-word;\\\">\\n    <p style=\\\"font-size: 14px; line-height: 190%;\\\">Lorem ipsum dolor sit amet, consectetuer adipiscing elit, sed diam nonummy nibh <\\/p>\\n  <\\/div>\\n\\n      <\\/td>\\n    <\\/tr>\\n  <\\/tbody>\\n<\\/table>\\n\\n  <!--[if (!mso)&(!IE)]><!--><\\/div><!--<![endif]-->\\n  <\\/div>\\n<\\/div>\\n<!--[if (mso)|(IE)]><\\/td><![endif]-->\\n<!--[if (mso)|(IE)]><td align=\\\"center\\\" width=\\\"200\\\" style=\\\"width: 200px;padding: 0px;border-top: 0px solid transparent;border-left: 0px solid transparent;border-right: 0px solid transparent;border-bottom: 0px solid transparent;\\\" valign=\\\"top\\\"><![endif]-->\\n<div class=\\\"u-col u-col-33p33\\\" style=\\\"max-width: 320px;min-width: 200px;display: table-cell;vertical-align: top;\\\">\\n  <div style=\\\"height: 100%;width: 100% !important;\\\">\\n  <!--[if (!mso)&(!IE)]><!--><div style=\\\"box-sizing: border-box; height: 100%; padding: 0px;border-top: 0px solid transparent;border-left: 0px solid transparent;border-right: 0px solid transparent;border-bottom: 0px solid transparent;\\\"><!--<![endif]-->\\n  \\n<table style=\\\"font-family:\'Open Sans\',sans-serif;\\\" role=\\\"presentation\\\" cellpadding=\\\"0\\\" cellspacing=\\\"0\\\" width=\\\"100%\\\" border=\\\"0\\\">\\n  <tbody>\\n    <tr>\\n      <td style=\\\"overflow-wrap:break-word;word-break:break-word;padding:10px;font-family:\'Open Sans\',sans-serif;\\\" align=\\\"left\\\">\\n        \\n<table role=\\\"presentation\\\" width=\\\"100%\\\" cellpadding=\\\"0\\\" cellspacing=\\\"0\\\" border=\\\"0\\\">\\n  <tr>\\n    <td style=\\\"padding-right: 0px;padding-left: 0px;\\\" align=\\\"center\\\">\\n      \\n      <img align=\\\"center\\\" border=\\\"0\\\" src=\\\"https:\\/\\/cdn.templates.unlayer.com\\/assets\\/1596366425358-2AnQ9PF.png?w=126px\\\" alt=\\\"Image\\\" title=\\\"Image\\\" style=\\\"outline: none;text-decoration: none;-ms-interpolation-mode: bicubic;clear: both;display: inline-block !important;border: none;height: auto;float: none;width: 35%;max-width: 63px;\\\" width=\\\"63\\\"\\/>\\n      \\n    <\\/td>\\n  <\\/tr>\\n<\\/table>\\n\\n      <\\/td>\\n    <\\/tr>\\n  <\\/tbody>\\n<\\/table>\\n\\n<table style=\\\"font-family:\'Open Sans\',sans-serif;\\\" role=\\\"presentation\\\" cellpadding=\\\"0\\\" cellspacing=\\\"0\\\" width=\\\"100%\\\" border=\\\"0\\\">\\n  <tbody>\\n    <tr>\\n      <td style=\\\"overflow-wrap:break-word;word-break:break-word;padding:10px 22px;font-family:\'Open Sans\',sans-serif;\\\" align=\\\"left\\\">\\n        \\n  <div style=\\\"font-size: 14px; line-height: 190%; text-align: center; word-wrap: break-word;\\\">\\n    <p style=\\\"font-size: 14px; line-height: 190%;\\\"><strong>Webste<\\/strong><\\/p>\\n  <\\/div>\\n\\n      <\\/td>\\n    <\\/tr>\\n  <\\/tbody>\\n<\\/table>\\n\\n<table style=\\\"font-family:\'Open Sans\',sans-serif;\\\" role=\\\"presentation\\\" cellpadding=\\\"0\\\" cellspacing=\\\"0\\\" width=\\\"100%\\\" border=\\\"0\\\">\\n  <tbody>\\n    <tr>\\n      <td style=\\\"overflow-wrap:break-word;word-break:break-word;padding:0px 22px 22px;font-family:\'Open Sans\',sans-serif;\\\" align=\\\"left\\\">\\n        \\n  <div style=\\\"font-size: 14px; line-height: 190%; text-align: center; word-wrap: break-word;\\\">\\n    <p style=\\\"font-size: 14px; line-height: 190%;\\\">Lorem ipsum dolor sit amet, consectetuer adipiscing elit, sed diam nonummy nibh <\\/p>\\n  <\\/div>\\n\\n      <\\/td>\\n    <\\/tr>\\n  <\\/tbody>\\n<\\/table>\\n\\n  <!--[if (!mso)&(!IE)]><!--><\\/div><!--<![endif]-->\\n  <\\/div>\\n<\\/div>\\n<!--[if (mso)|(IE)]><\\/td><![endif]-->\\n      <!--[if (mso)|(IE)]><\\/tr><\\/table><\\/td><\\/tr><\\/table><![endif]-->\\n    <\\/div>\\n  <\\/div>\\n  <\\/div>\\n  \\n\\n\\n  \\n  \\n<div class=\\\"u-row-container\\\" style=\\\"padding: 0px;background-color: transparent\\\">\\n  <div class=\\\"u-row\\\" style=\\\"margin: 0 auto;min-width: 320px;max-width: 600px;overflow-wrap: break-word;word-wrap: break-word;word-break: break-word;background-color: #f4f4f4;\\\">\\n    <div style=\\\"border-collapse: collapse;display: table;width: 100%;height: 100%;background-color: transparent;\\\">\\n      <!--[if (mso)|(IE)]><table role=\\\"presentation\\\" width=\\\"100%\\\" cellpadding=\\\"0\\\" cellspacing=\\\"0\\\" border=\\\"0\\\"><tr><td style=\\\"padding: 0px;background-color: transparent;\\\" align=\\\"center\\\"><table role=\\\"presentation\\\" cellpadding=\\\"0\\\" cellspacing=\\\"0\\\" border=\\\"0\\\" style=\\\"width:600px;\\\"><tr style=\\\"background-color: #f4f4f4;\\\"><![endif]-->\\n      \\n<!--[if (mso)|(IE)]><td align=\\\"center\\\" width=\\\"600\\\" style=\\\"width: 600px;padding: 0px;border-top: 0px solid transparent;border-left: 0px solid transparent;border-right: 0px solid transparent;border-bottom: 0px solid transparent;\\\" valign=\\\"top\\\"><![endif]-->\\n<div class=\\\"u-col u-col-100\\\" style=\\\"max-width: 320px;min-width: 600px;display: table-cell;vertical-align: top;\\\">\\n  <div style=\\\"height: 100%;width: 100% !important;\\\">\\n  <!--[if (!mso)&(!IE)]><!--><div style=\\\"box-sizing: border-box; height: 100%; padding: 0px;border-top: 0px solid transparent;border-left: 0px solid transparent;border-right: 0px solid transparent;border-bottom: 0px solid transparent;\\\"><!--<![endif]-->\\n  \\n<table style=\\\"font-family:\'Open Sans\',sans-serif;\\\" role=\\\"presentation\\\" cellpadding=\\\"0\\\" cellspacing=\\\"0\\\" width=\\\"100%\\\" border=\\\"0\\\">\\n  <tbody>\\n    <tr>\\n      <td style=\\\"overflow-wrap:break-word;word-break:break-word;padding:10px;font-family:\'Open Sans\',sans-serif;\\\" align=\\\"left\\\">\\n        \\n  <table role=\\\"presentation\\\" height=\\\"0px\\\" align=\\\"center\\\" border=\\\"0\\\" cellpadding=\\\"0\\\" cellspacing=\\\"0\\\" width=\\\"100%\\\" style=\\\"border-collapse: collapse;table-layout: fixed;border-spacing: 0;mso-table-lspace: 0pt;mso-table-rspace: 0pt;vertical-align: top;border-top: 1px solid #f4f4f4;-ms-text-size-adjust: 100%;-webkit-text-size-adjust: 100%\\\">\\n    <tbody>\\n      <tr style=\\\"vertical-align: top\\\">\\n        <td style=\\\"word-break: break-word;border-collapse: collapse !important;vertical-align: top;font-size: 0px;line-height: 0px;mso-line-height-rule: exactly;-ms-text-size-adjust: 100%;-webkit-text-size-adjust: 100%\\\">\\n          <span>&#160;<\\/span>\\n        <\\/td>\\n      <\\/tr>\\n    <\\/tbody>\\n  <\\/table>\\n\\n      <\\/td>\\n    <\\/tr>\\n  <\\/tbody>\\n<\\/table>\\n\\n<table style=\\\"font-family:\'Open Sans\',sans-serif;\\\" role=\\\"presentation\\\" cellpadding=\\\"0\\\" cellspacing=\\\"0\\\" width=\\\"100%\\\" border=\\\"0\\\">\\n  <tbody>\\n    <tr>\\n      <td style=\\\"overflow-wrap:break-word;word-break:break-word;padding:0px;font-family:\'Open Sans\',sans-serif;\\\" align=\\\"left\\\">\\n        \\n<table role=\\\"presentation\\\" width=\\\"100%\\\" cellpadding=\\\"0\\\" cellspacing=\\\"0\\\" border=\\\"0\\\">\\n  <tr>\\n    <td style=\\\"padding-right: 0px;padding-left: 0px;\\\" align=\\\"center\\\">\\n      \\n      <img align=\\\"center\\\" border=\\\"0\\\" src=\\\"https:\\/\\/cdn.templates.unlayer.com\\/assets\\/1596366476320-ddd.png\\\" alt=\\\"Image\\\" title=\\\"Image\\\" style=\\\"outline: none;text-decoration: none;-ms-interpolation-mode: bicubic;clear: both;display: inline-block !important;border: none;height: auto;float: none;width: 100%;max-width: 600px;\\\" width=\\\"600\\\"\\/>\\n      \\n    <\\/td>\\n  <\\/tr>\\n<\\/table>\\n\\n      <\\/td>\\n    <\\/tr>\\n  <\\/tbody>\\n<\\/table>\\n\\n  <!--[if (!mso)&(!IE)]><!--><\\/div><!--<![endif]-->\\n  <\\/div>\\n<\\/div>\\n<!--[if (mso)|(IE)]><\\/td><![endif]-->\\n      <!--[if (mso)|(IE)]><\\/tr><\\/table><\\/td><\\/tr><\\/table><![endif]-->\\n    <\\/div>\\n  <\\/div>\\n  <\\/div>\\n  \\n\\n\\n  \\n  \\n<div class=\\\"u-row-container\\\" style=\\\"padding: 0px;background-color: transparent\\\">\\n  <div class=\\\"u-row\\\" style=\\\"margin: 0 auto;min-width: 320px;max-width: 600px;overflow-wrap: break-word;word-wrap: break-word;word-break: break-word;background-color: #ffffff;\\\">\\n    <div style=\\\"border-collapse: collapse;display: table;width: 100%;height: 100%;background-color: transparent;\\\">\\n      <!--[if (mso)|(IE)]><table role=\\\"presentation\\\" width=\\\"100%\\\" cellpadding=\\\"0\\\" cellspacing=\\\"0\\\" border=\\\"0\\\"><tr><td style=\\\"padding: 0px;background-color: transparent;\\\" align=\\\"center\\\"><table role=\\\"presentation\\\" cellpadding=\\\"0\\\" cellspacing=\\\"0\\\" border=\\\"0\\\" style=\\\"width:600px;\\\"><tr style=\\\"background-color: #ffffff;\\\"><![endif]-->\\n      \\n<!--[if (mso)|(IE)]><td align=\\\"center\\\" width=\\\"600\\\" style=\\\"width: 600px;padding: 0px;border-top: 0px solid transparent;border-left: 0px solid transparent;border-right: 0px solid transparent;border-bottom: 0px solid transparent;\\\" valign=\\\"top\\\"><![endif]-->\\n<div class=\\\"u-col u-col-100\\\" style=\\\"max-width: 320px;min-width: 600px;display: table-cell;vertical-align: top;\\\">\\n  <div style=\\\"height: 100%;width: 100% !important;\\\">\\n  <!--[if (!mso)&(!IE)]><!--><div style=\\\"box-sizing: border-box; height: 100%; padding: 0px;border-top: 0px solid transparent;border-left: 0px solid transparent;border-right: 0px solid transparent;border-bottom: 0px solid transparent;\\\"><!--<![endif]-->\\n  \\n<table style=\\\"font-family:\'Open Sans\',sans-serif;\\\" role=\\\"presentation\\\" cellpadding=\\\"0\\\" cellspacing=\\\"0\\\" width=\\\"100%\\\" border=\\\"0\\\">\\n  <tbody>\\n    <tr>\\n      <td style=\\\"overflow-wrap:break-word;word-break:break-word;padding:25px 44px 22px;font-family:\'Open Sans\',sans-serif;\\\" align=\\\"left\\\">\\n        \\n  <div style=\\\"font-size: 14px; line-height: 190%; text-align: left; word-wrap: break-word;\\\">\\n    <p style=\\\"font-size: 14px; line-height: 190%; text-align: center;\\\">There are infinite steps in between, but these are the BIG steps that we use to make sure we&rsquo;re creating everything you need.<\\/p>\\n<p style=\\\"font-size: 14px; line-height: 190%; text-align: center;\\\">If you&rsquo;re ready, BraningCompany can help you put it all together. <\\/p>\\n  <\\/div>\\n\\n      <\\/td>\\n    <\\/tr>\\n  <\\/tbody>\\n<\\/table>\\n\\n<table style=\\\"font-family:\'Open Sans\',sans-serif;\\\" role=\\\"presentation\\\" cellpadding=\\\"0\\\" cellspacing=\\\"0\\\" width=\\\"100%\\\" border=\\\"0\\\">\\n  <tbody>\\n    <tr>\\n      <td style=\\\"overflow-wrap:break-word;word-break:break-word;padding:10px;font-family:\'Open Sans\',sans-serif;\\\" align=\\\"left\\\">\\n        \\n  <!--[if mso]><style>.v-button {background: transparent !important;}<\\/style><![endif]-->\\n<div align=\\\"center\\\">\\n  <!--[if mso]><v:roundrect xmlns:v=\\\"urn:schemas-microsoft-com:vml\\\" xmlns:w=\\\"urn:schemas-microsoft-com:office:word\\\" href=\\\"\\\" style=\\\"height:46px; v-text-anchor:middle; width:266px;\\\" arcsize=\\\"89%\\\"  stroke=\\\"f\\\" fillcolor=\\\"#54c5cd\\\"><w:anchorlock\\/><center style=\\\"color:#FFFFFF;\\\"><![endif]-->\\n    <a href=\\\"\\\" target=\\\"_blank\\\" class=\\\"v-button\\\" style=\\\"box-sizing: border-box;display: inline-block;text-decoration: none;-webkit-text-size-adjust: none;text-align: center;color: #FFFFFF; background-color: #54c5cd; border-radius: 41px;-webkit-border-radius: 41px; -moz-border-radius: 41px; width:auto; max-width:100%; overflow-wrap: break-word; word-break: break-word; word-wrap:break-word; mso-border-alt: none;font-size: 14px;\\\">\\n      <span style=\\\"display:block;padding:15px 33px;line-height:120%;\\\"><strong>Reach out to BrandCompany<\\/strong><\\/span>\\n    <\\/a>\\n    <!--[if mso]><\\/center><\\/v:roundrect><![endif]-->\\n<\\/div>\\n\\n      <\\/td>\\n    <\\/tr>\\n  <\\/tbody>\\n<\\/table>\\n\\n<table style=\\\"font-family:\'Open Sans\',sans-serif;\\\" role=\\\"presentation\\\" cellpadding=\\\"0\\\" cellspacing=\\\"0\\\" width=\\\"100%\\\" border=\\\"0\\\">\\n  <tbody>\\n    <tr>\\n      <td style=\\\"overflow-wrap:break-word;word-break:break-word;padding:13px 44px 22px;font-family:\'Open Sans\',sans-serif;\\\" align=\\\"left\\\">\\n        \\n  <div style=\\\"font-size: 14px; line-height: 190%; text-align: left; word-wrap: break-word;\\\">\\n    <p style=\\\"font-size: 14px; line-height: 190%; text-align: center;\\\"><span style=\\\"font-size: 18px; line-height: 34.2px;\\\">Talk to you soon.<\\/span><\\/p>\\n  <\\/div>\\n\\n      <\\/td>\\n    <\\/tr>\\n  <\\/tbody>\\n<\\/table>\\n\\n  <!--[if (!mso)&(!IE)]><!--><\\/div><!--<![endif]-->\\n  <\\/div>\\n<\\/div>\\n<!--[if (mso)|(IE)]><\\/td><![endif]-->\\n      <!--[if (mso)|(IE)]><\\/tr><\\/table><\\/td><\\/tr><\\/table><![endif]-->\\n    <\\/div>\\n  <\\/div>\\n  <\\/div>\\n  \\n\\n\\n  \\n  \\n<div class=\\\"u-row-container\\\" style=\\\"padding: 0px;background-color: transparent\\\">\\n  <div class=\\\"u-row\\\" style=\\\"margin: 0 auto;min-width: 320px;max-width: 600px;overflow-wrap: break-word;word-wrap: break-word;word-break: break-word;background-color: #262c46;\\\">\\n    <div style=\\\"border-collapse: collapse;display: table;width: 100%;height: 100%;background-color: transparent;\\\">\\n      <!--[if (mso)|(IE)]><table role=\\\"presentation\\\" width=\\\"100%\\\" cellpadding=\\\"0\\\" cellspacing=\\\"0\\\" border=\\\"0\\\"><tr><td style=\\\"padding: 0px;background-color: transparent;\\\" align=\\\"center\\\"><table role=\\\"presentation\\\" cellpadding=\\\"0\\\" cellspacing=\\\"0\\\" border=\\\"0\\\" style=\\\"width:600px;\\\"><tr style=\\\"background-color: #262c46;\\\"><![endif]-->\\n      \\n<!--[if (mso)|(IE)]><td align=\\\"center\\\" width=\\\"600\\\" style=\\\"width: 600px;padding: 0px;border-top: 0px solid transparent;border-left: 0px solid transparent;border-right: 0px solid transparent;border-bottom: 0px solid transparent;\\\" valign=\\\"top\\\"><![endif]-->\\n<div class=\\\"u-col u-col-100\\\" style=\\\"max-width: 320px;min-width: 600px;display: table-cell;vertical-align: top;\\\">\\n  <div style=\\\"height: 100%;width: 100% !important;\\\">\\n  <!--[if (!mso)&(!IE)]><!--><div style=\\\"box-sizing: border-box; height: 100%; padding: 0px;border-top: 0px solid transparent;border-left: 0px solid transparent;border-right: 0px solid transparent;border-bottom: 0px solid transparent;\\\"><!--<![endif]-->\\n  \\n<table style=\\\"font-family:\'Open Sans\',sans-serif;\\\" role=\\\"presentation\\\" cellpadding=\\\"0\\\" cellspacing=\\\"0\\\" width=\\\"100%\\\" border=\\\"0\\\">\\n  <tbody>\\n    <tr>\\n      <td style=\\\"overflow-wrap:break-word;word-break:break-word;padding:30px 10px 15px;font-family:\'Open Sans\',sans-serif;\\\" align=\\\"left\\\">\\n        \\n  <div style=\\\"font-size: 14px; color: #ffffff; line-height: 140%; text-align: left; word-wrap: break-word;\\\">\\n    <p style=\\\"font-size: 14px; line-height: 140%; text-align: center;\\\"><strong><span style=\\\"font-family: \'Open Sans\', sans-serif; font-size: 28px; line-height: 39.2px;\\\">Get In Touch<\\/span><\\/strong><\\/p>\\n  <\\/div>\\n\\n      <\\/td>\\n    <\\/tr>\\n  <\\/tbody>\\n<\\/table>\\n\\n<table style=\\\"font-family:\'Open Sans\',sans-serif;\\\" role=\\\"presentation\\\" cellpadding=\\\"0\\\" cellspacing=\\\"0\\\" width=\\\"100%\\\" border=\\\"0\\\">\\n  <tbody>\\n    <tr>\\n      <td style=\\\"overflow-wrap:break-word;word-break:break-word;padding:0px 10px 25px;font-family:\'Open Sans\',sans-serif;\\\" align=\\\"left\\\">\\n        \\n  <div style=\\\"font-size: 14px; color: #e4e4eb; line-height: 140%; text-align: center; word-wrap: break-word;\\\">\\n    <p style=\\\"font-size: 14px; line-height: 140%;\\\">Talk to us (111) 222-3333 or <br>Email us info@goshipping.co.ke<\\/p>\\n  <\\/div>\\n\\n      <\\/td>\\n    <\\/tr>\\n  <\\/tbody>\\n<\\/table>\\n\\n<table style=\\\"font-family:\'Open Sans\',sans-serif;\\\" role=\\\"presentation\\\" cellpadding=\\\"0\\\" cellspacing=\\\"0\\\" width=\\\"100%\\\" border=\\\"0\\\">\\n  <tbody>\\n    <tr>\\n      <td style=\\\"overflow-wrap:break-word;word-break:break-word;padding:10px 10px 30px;font-family:\'Open Sans\',sans-serif;\\\" align=\\\"left\\\">\\n        \\n<div align=\\\"center\\\" style=\\\"direction: ltr;\\\">\\n  <div style=\\\"display: table; max-width:259px;\\\">\\n  <!--[if (mso)|(IE)]><table role=\\\"presentation\\\" width=\\\"259\\\" cellpadding=\\\"0\\\" cellspacing=\\\"0\\\" border=\\\"0\\\"><tr><td style=\\\"border-collapse:collapse;\\\" align=\\\"center\\\"><table role=\\\"presentation\\\" width=\\\"100%\\\" cellpadding=\\\"0\\\" cellspacing=\\\"0\\\" border=\\\"0\\\" style=\\\"border-collapse:collapse; mso-table-lspace: 0pt;mso-table-rspace: 0pt; width:259px;\\\"><tr><![endif]-->\\n  \\n    \\n    <!--[if (mso)|(IE)]><td width=\\\"32\\\" style=\\\"width:32px; padding-right: 20px;\\\" valign=\\\"top\\\"><![endif]-->\\n    <table role=\\\"presentation\\\" border=\\\"0\\\" cellspacing=\\\"0\\\" cellpadding=\\\"0\\\" width=\\\"32\\\" height=\\\"32\\\" style=\\\"width: 32px !important;height: 32px !important;display: inline-block;border-collapse: collapse;table-layout: fixed;border-spacing: 0;mso-table-lspace: 0pt;mso-table-rspace: 0pt;vertical-align: top;margin-right: 20px\\\">\\n      <tbody><tr style=\\\"vertical-align: top\\\"><td valign=\\\"middle\\\" style=\\\"word-break: break-word;border-collapse: collapse !important;vertical-align: top\\\">\\n        <a href=\\\"https:\\/\\/facebook.com\\/\\\" title=\\\"Facebook\\\" target=\\\"_blank\\\">\\n          <img src=\\\"https:\\/\\/cdn.tools.unlayer.com\\/social\\/icons\\/circle-white\\/facebook.png\\\" alt=\\\"Facebook\\\" title=\\\"Facebook\\\" width=\\\"32\\\" style=\\\"outline: none;text-decoration: none;-ms-interpolation-mode: bicubic;clear: both;display: block !important;border: none;height: auto;float: none;max-width: 32px !important\\\">\\n        <\\/a>\\n      <\\/td><\\/tr>\\n    <\\/tbody><\\/table>\\n    <!--[if (mso)|(IE)]><\\/td><![endif]-->\\n    \\n    <!--[if (mso)|(IE)]><td width=\\\"32\\\" style=\\\"width:32px; padding-right: 20px;\\\" valign=\\\"top\\\"><![endif]-->\\n    <table role=\\\"presentation\\\" border=\\\"0\\\" cellspacing=\\\"0\\\" cellpadding=\\\"0\\\" width=\\\"32\\\" height=\\\"32\\\" style=\\\"width: 32px !important;height: 32px !important;display: inline-block;border-collapse: collapse;table-layout: fixed;border-spacing: 0;mso-table-lspace: 0pt;mso-table-rspace: 0pt;vertical-align: top;margin-right: 20px\\\">\\n      <tbody><tr style=\\\"vertical-align: top\\\"><td valign=\\\"middle\\\" style=\\\"word-break: break-word;border-collapse: collapse !important;vertical-align: top\\\">\\n        <a href=\\\"https:\\/\\/twitter.com\\/\\\" title=\\\"Twitter\\\" target=\\\"_blank\\\">\\n          <img src=\\\"https:\\/\\/cdn.tools.unlayer.com\\/social\\/icons\\/circle-white\\/twitter.png\\\" alt=\\\"Twitter\\\" title=\\\"Twitter\\\" width=\\\"32\\\" style=\\\"outline: none;text-decoration: none;-ms-interpolation-mode: bicubic;clear: both;display: block !important;border: none;height: auto;float: none;max-width: 32px !important\\\">\\n        <\\/a>\\n      <\\/td><\\/tr>\\n    <\\/tbody><\\/table>\\n    <!--[if (mso)|(IE)]><\\/td><![endif]-->\\n    \\n    <!--[if (mso)|(IE)]><td width=\\\"32\\\" style=\\\"width:32px; padding-right: 20px;\\\" valign=\\\"top\\\"><![endif]-->\\n    <table role=\\\"presentation\\\" border=\\\"0\\\" cellspacing=\\\"0\\\" cellpadding=\\\"0\\\" width=\\\"32\\\" height=\\\"32\\\" style=\\\"width: 32px !important;height: 32px !important;display: inline-block;border-collapse: collapse;table-layout: fixed;border-spacing: 0;mso-table-lspace: 0pt;mso-table-rspace: 0pt;vertical-align: top;margin-right: 20px\\\">\\n      <tbody><tr style=\\\"vertical-align: top\\\"><td valign=\\\"middle\\\" style=\\\"word-break: break-word;border-collapse: collapse !important;vertical-align: top\\\">\\n        <a href=\\\"https:\\/\\/whatsapp.com\\/\\\" title=\\\"WhatsApp\\\" target=\\\"_blank\\\">\\n          <img src=\\\"https:\\/\\/cdn.tools.unlayer.com\\/social\\/icons\\/circle-white\\/whatsapp.png\\\" alt=\\\"WhatsApp\\\" title=\\\"WhatsApp\\\" width=\\\"32\\\" style=\\\"outline: none;text-decoration: none;-ms-interpolation-mode: bicubic;clear: both;display: block !important;border: none;height: auto;float: none;max-width: 32px !important\\\">\\n        <\\/a>\\n      <\\/td><\\/tr>\\n    <\\/tbody><\\/table>\\n    <!--[if (mso)|(IE)]><\\/td><![endif]-->\\n    \\n    <!--[if (mso)|(IE)]><td width=\\\"32\\\" style=\\\"width:32px; padding-right: 20px;\\\" valign=\\\"top\\\"><![endif]-->\\n    <table role=\\\"presentation\\\" border=\\\"0\\\" cellspacing=\\\"0\\\" cellpadding=\\\"0\\\" width=\\\"32\\\" height=\\\"32\\\" style=\\\"width: 32px !important;height: 32px !important;display: inline-block;border-collapse: collapse;table-layout: fixed;border-spacing: 0;mso-table-lspace: 0pt;mso-table-rspace: 0pt;vertical-align: top;margin-right: 20px\\\">\\n      <tbody><tr style=\\\"vertical-align: top\\\"><td valign=\\\"middle\\\" style=\\\"word-break: break-word;border-collapse: collapse !important;vertical-align: top\\\">\\n        <a href=\\\"https:\\/\\/pinterest.com\\/\\\" title=\\\"Pinterest\\\" target=\\\"_blank\\\">\\n          <img src=\\\"https:\\/\\/cdn.tools.unlayer.com\\/social\\/icons\\/circle-white\\/pinterest.png\\\" alt=\\\"Pinterest\\\" title=\\\"Pinterest\\\" width=\\\"32\\\" style=\\\"outline: none;text-decoration: none;-ms-interpolation-mode: bicubic;clear: both;display: block !important;border: none;height: auto;float: none;max-width: 32px !important\\\">\\n        <\\/a>\\n      <\\/td><\\/tr>\\n    <\\/tbody><\\/table>\\n    <!--[if (mso)|(IE)]><\\/td><![endif]-->\\n    \\n    <!--[if (mso)|(IE)]><td width=\\\"32\\\" style=\\\"width:32px; padding-right: 0px;\\\" valign=\\\"top\\\"><![endif]-->\\n    <table role=\\\"presentation\\\" border=\\\"0\\\" cellspacing=\\\"0\\\" cellpadding=\\\"0\\\" width=\\\"32\\\" height=\\\"32\\\" style=\\\"width: 32px !important;height: 32px !important;display: inline-block;border-collapse: collapse;table-layout: fixed;border-spacing: 0;mso-table-lspace: 0pt;mso-table-rspace: 0pt;vertical-align: top;margin-right: 0px\\\">\\n      <tbody><tr style=\\\"vertical-align: top\\\"><td valign=\\\"middle\\\" style=\\\"word-break: break-word;border-collapse: collapse !important;vertical-align: top\\\">\\n        <a href=\\\"https:\\/\\/youtube.com\\/\\\" title=\\\"YouTube\\\" target=\\\"_blank\\\">\\n          <img src=\\\"https:\\/\\/cdn.tools.unlayer.com\\/social\\/icons\\/circle-white\\/youtube.png\\\" alt=\\\"YouTube\\\" title=\\\"YouTube\\\" width=\\\"32\\\" style=\\\"outline: none;text-decoration: none;-ms-interpolation-mode: bicubic;clear: both;display: block !important;border: none;height: auto;float: none;max-width: 32px !important\\\">\\n        <\\/a>\\n      <\\/td><\\/tr>\\n    <\\/tbody><\\/table>\\n    <!--[if (mso)|(IE)]><\\/td><![endif]-->\\n    \\n    \\n    <!--[if (mso)|(IE)]><\\/tr><\\/table><\\/td><\\/tr><\\/table><![endif]-->\\n  <\\/div>\\n<\\/div>\\n\\n      <\\/td>\\n    <\\/tr>\\n  <\\/tbody>\\n<\\/table>\\n\\n  <!--[if (!mso)&(!IE)]><!--><\\/div><!--<![endif]-->\\n  <\\/div>\\n<\\/div>\\n<!--[if (mso)|(IE)]><\\/td><![endif]-->\\n      <!--[if (mso)|(IE)]><\\/tr><\\/table><\\/td><\\/tr><\\/table><![endif]-->\\n    <\\/div>\\n  <\\/div>\\n  <\\/div>\\n  \\n\\n\\n  \\n  \\n<div class=\\\"u-row-container\\\" style=\\\"padding: 0px;background-color: transparent\\\">\\n  <div class=\\\"u-row\\\" style=\\\"margin: 0 auto;min-width: 320px;max-width: 600px;overflow-wrap: break-word;word-wrap: break-word;word-break: break-word;background-color: #1d3361;\\\">\\n    <div style=\\\"border-collapse: collapse;display: table;width: 100%;height: 100%;background-color: transparent;\\\">\\n      <!--[if (mso)|(IE)]><table role=\\\"presentation\\\" width=\\\"100%\\\" cellpadding=\\\"0\\\" cellspacing=\\\"0\\\" border=\\\"0\\\"><tr><td style=\\\"padding: 0px;background-color: transparent;\\\" align=\\\"center\\\"><table role=\\\"presentation\\\" cellpadding=\\\"0\\\" cellspacing=\\\"0\\\" border=\\\"0\\\" style=\\\"width:600px;\\\"><tr style=\\\"background-color: #1d3361;\\\"><![endif]-->\\n      \\n<!--[if (mso)|(IE)]><td align=\\\"center\\\" width=\\\"600\\\" style=\\\"width: 600px;padding: 0px;border-top: 0px solid transparent;border-left: 0px solid transparent;border-right: 0px solid transparent;border-bottom: 0px solid transparent;\\\" valign=\\\"top\\\"><![endif]-->\\n<div class=\\\"u-col u-col-100\\\" style=\\\"max-width: 320px;min-width: 600px;display: table-cell;vertical-align: top;\\\">\\n  <div style=\\\"height: 100%;width: 100% !important;\\\">\\n  <!--[if (!mso)&(!IE)]><!--><div style=\\\"box-sizing: border-box; height: 100%; padding: 0px;border-top: 0px solid transparent;border-left: 0px solid transparent;border-right: 0px solid transparent;border-bottom: 0px solid transparent;\\\"><!--<![endif]-->\\n  \\n<table style=\\\"font-family:\'Open Sans\',sans-serif;\\\" role=\\\"presentation\\\" cellpadding=\\\"0\\\" cellspacing=\\\"0\\\" width=\\\"100%\\\" border=\\\"0\\\">\\n  <tbody>\\n    <tr>\\n      <td style=\\\"overflow-wrap:break-word;word-break:break-word;padding:12px 10px;font-family:\'Open Sans\',sans-serif;\\\" align=\\\"left\\\">\\n        \\n  <div style=\\\"font-size: 14px; color: #ffffff; line-height: 140%; text-align: left; word-wrap: break-word;\\\">\\n    <p style=\\\"font-size: 14px; line-height: 140%; text-align: center;\\\">&copy; Branding Company. All Rights Reserved<\\/p>\\n  <\\/div>\\n\\n      <\\/td>\\n    <\\/tr>\\n  <\\/tbody>\\n<\\/table>\\n\\n  <!--[if (!mso)&(!IE)]><!--><\\/div><!--<![endif]-->\\n  <\\/div>\\n<\\/div>\\n<!--[if (mso)|(IE)]><\\/td><![endif]-->\\n      <!--[if (mso)|(IE)]><\\/tr><\\/table><\\/td><\\/tr><\\/table><![endif]-->\\n    <\\/div>\\n  <\\/div>\\n  <\\/div>\\n  \\n\\n\\n    <!--[if (mso)|(IE)]><\\/td><\\/tr><\\/table><![endif]-->\\n    <\\/td>\\n  <\\/tr>\\n  <\\/tbody>\\n  <\\/table>\\n  <!--[if mso]><\\/div><![endif]-->\\n  <!--[if IE]><\\/div><![endif]-->\\n<\\/body>\\n\\n<\\/html>\\n\"',NULL);

--
